{"id":966,"date":"2015-12-21T06:07:10","date_gmt":"2015-12-21T06:07:10","guid":{"rendered":"http:\/\/wp.pop-verlag.com\/?page_id=966"},"modified":"2015-12-21T06:07:10","modified_gmt":"2015-12-21T06:07:10","slug":"olivia-spiridon","status":"publish","type":"page","link":"https:\/\/wp.pop-verlag.com\/?page_id=966","title":{"rendered":"OLIVIA SPIRIDON"},"content":{"rendered":"<p><strong>OLIVIA SPIRIDON<\/strong>, wurde in Hermannstadt\/Sibiu in Rum\u00e4nien geboren. Sie studierte Germanistik, Rum\u00e4nistik, Psychologie und Geschichte in Hermannstadt, Passau und Heidelberg. Sie wurde 2002 in Passau promoviert. Ver\u00f6ffentlichungen: \u201eUntersuchungen zur rum\u00e4niendeutschen Erz\u00e4hlliteratur der Nachkriegszeit\u201c (Dissertation), Oldenburg und Hamburg 2002, 2009 und 2010; \u201eGed\u00e4chtnis der Literatur. Erinnerungskulturen in den s\u00fcdosteurop\u00e4ischen L\u00e4ndern nach 1989\u201c (hrg. zusammen mit Edda Binder-Iijima, Romani\u0163a Constantinescu und Edgar Radtke), Pop Verlag, Ludwigsburg; \u201eDeutsche Erz\u00e4hler aus Rum\u00e4nien nach 1945. Eine Prosa-Anthologie\u201c, (Herausgeberin) Verlag Curtea Veche 2012, Bukarest; \u201eScriitori germani din Rom\u00e2nia de dup\u0103 1945. O antologie de proz\u0103\u201c, (Herausgeberin, Ausgabe in rum\u00e4nischer Sprache) Verlag Curte Veche 2012, Bukarest, sowie Beitr\u00e4ge zur deutschen Literatur aus Rum\u00e4nien. Sie ist wissenschaftliche Mitarbeiterin am Institut f\u00fcr donauschw\u00e4bische Geschichte und Landeskunde (T\u00fcbingen) und Lehrbeauftragte am Deutschen Seminar der Universit\u00e4t T\u00fcbingen.<\/p>\n","protected":false},"excerpt":{"rendered":"<p>OLIVIA SPIRIDON, wurde in Hermannstadt\/Sibiu in Rum\u00e4nien geboren. Sie studierte Germanistik, Rum\u00e4nistik, Psychologie und Geschichte in Hermannstadt, Passau und Heidelberg. Sie wurde 2002 in Passau promoviert. Ver\u00f6ffentlichungen: \u201eUntersuchungen zur rum\u00e4niendeutschen Erz\u00e4hlliteratur der Nachkriegszeit\u201c (Dissertation), Oldenburg und Hamburg 2002, 2009 und &hellip; <a class=\"more-link\" href=\"https:\/\/wp.pop-verlag.com\/?page_id=966\">Weiterlesen <span class=\"meta-nav\">&rarr;<\/span><\/a><\/p>\n","protected":false},"author":2,"featured_media":0,"parent":712,"menu_order":5,"comment_status":"closed","ping_status":"closed","template":"","meta":{"footnotes":""},"class_list":["post-966","page","type-page","status-publish","hentry"],"jetpack_sharing_enabled":true,"_links":{"self":[{"href":"https:\/\/wp.pop-verlag.com\/index.php?rest_route=\/wp\/v2\/pages\/966","targetHints":{"allow":["GET"]}}],"collection":[{"href":"https:\/\/wp.pop-verlag.com\/index.php?rest_route=\/wp\/v2\/pages"}],"about":[{"href":"https:\/\/wp.pop-verlag.com\/index.php?rest_route=\/wp\/v2\/types\/page"}],"author":[{"embeddable":true,"href":"https:\/\/wp.pop-verlag.com\/index.php?rest_route=\/wp\/v2\/users\/2"}],"replies":[{"embeddable":true,"href":"https:\/\/wp.pop-verlag.com\/index.php?rest_route=%2Fwp%2Fv2%2Fcomments&post=966"}],"version-history":[{"count":1,"href":"https:\/\/wp.pop-verlag.com\/index.php?rest_route=\/wp\/v2\/pages\/966\/revisions"}],"predecessor-version":[{"id":967,"href":"https:\/\/wp.pop-verlag.com\/index.php?rest_route=\/wp\/v2\/pages\/966\/revisions\/967"}],"up":[{"embeddable":true,"href":"https:\/\/wp.pop-verlag.com\/index.php?rest_route=\/wp\/v2\/pages\/712"}],"wp:attachment":[{"href":"https:\/\/wp.pop-verlag.com\/index.php?rest_route=%2Fwp%2Fv2%2Fmedia&parent=966"}],"curies":[{"name":"wp","href":"https:\/\/api.w.org\/{rel}","templated":true}]}}

<p><strong>OLIVIA SPIRIDON</strong>, wurde in Hermannstadt/Sibiu in Rumänien geboren. Sie studierte Germanistik, Rumänistik, Psychologie und Geschichte in Hermannstadt, Passau und Heidelberg. Sie wurde 2002 in Passau promoviert. Veröffentlichungen: „Untersuchungen zur rumäniendeutschen Erzählliteratur der Nachkriegszeit“ (Dissertation), Oldenburg und Hamburg 2002, 2009 und 2010; „Gedächtnis der Literatur. Erinnerungskulturen in den südosteuropäischen Ländern nach 1989“ (hrg. zusammen mit Edda Binder-Iijima, Romaniţa Constantinescu und Edgar Radtke), Pop Verlag, Ludwigsburg; „Deutsche Erzähler aus Rumänien nach 1945. Eine Prosa-Anthologie“, (Herausgeberin) Verlag Curtea Veche 2012, Bukarest; „Scriitori germani din România de după 1945. O antologie de proză“, (Herausgeberin, Ausgabe in rumänischer Sprache) Verlag Curte Veche 2012, Bukarest, sowie Beiträge zur deutschen Literatur aus Rumänien. Sie ist wissenschaftliche Mitarbeiterin am Institut für donauschwäbische Geschichte und Landeskunde (Tübingen) und Lehrbeauftragte am Deutschen Seminar der Universität Tübingen.</p>

<p>OLIVIA SPIRIDON, wurde in Hermannstadt/Sibiu in Rumänien geboren. Sie studierte Germanistik, Rumänistik, Psychologie und Geschichte in Hermannstadt, Passau und Heidelberg. Sie wurde 2002 in Passau promoviert. Veröffentlichungen: „Untersuchungen zur rumäniendeutschen Erzählliteratur der Nachkriegszeit“ (Dissertation), Oldenburg und Hamburg 2002, 2009 und &hellip; <a class="more-link" href="https://wp.pop-verlag.com/?page_id=966">Weiterlesen <span class="meta-nav">&rarr;</span></a></p>
