{"id":962,"date":"2015-12-21T06:05:48","date_gmt":"2015-12-21T06:05:48","guid":{"rendered":"http:\/\/wp.pop-verlag.com\/?page_id=962"},"modified":"2020-09-11T13:43:45","modified_gmt":"2020-09-11T13:43:45","slug":"frieder-schuller","status":"publish","type":"page","link":"https:\/\/wp.pop-verlag.com\/?page_id=962","title":{"rendered":"FRIEDER SCHULLER"},"content":{"rendered":"<p><strong><img loading=\"lazy\" decoding=\"async\" class=\"alignleft size-medium wp-image-5315\" src=\"https:\/\/wp.pop-verlag.com\/wp-content\/uploads\/2020\/07\/Frieder-Schuller-leipziuger-Buchmesse-2017-244x300.jpg\" alt=\"\" width=\"244\" height=\"300\" srcset=\"https:\/\/wp.pop-verlag.com\/wp-content\/uploads\/2020\/07\/Frieder-Schuller-leipziuger-Buchmesse-2017-244x300.jpg 244w, https:\/\/wp.pop-verlag.com\/wp-content\/uploads\/2020\/07\/Frieder-Schuller-leipziuger-Buchmesse-2017-768x943.jpg 768w, https:\/\/wp.pop-verlag.com\/wp-content\/uploads\/2020\/07\/Frieder-Schuller-leipziuger-Buchmesse-2017-834x1024.jpg 834w, https:\/\/wp.pop-verlag.com\/wp-content\/uploads\/2020\/07\/Frieder-Schuller-leipziuger-Buchmesse-2017.jpg 1554w\" sizes=\"auto, (max-width: 244px) 100vw, 244px\" \/><a href=\"https:\/\/wp.pop-verlag.com\/?page_id=962\">FRIEDER SCHULLER<\/a><\/strong>, geboren am 13. Juli 1942 in Katzendorf \/Ca\u0163a, in Siebenb\u00fcrgen\/Rum\u00e4nien als Sohn des dortigen evangelischen Ortspfarrers. Besuch des Gymnasiums in Kronstadt, Studium der Theologie und Germanistik in Hermannstadt. 1968 Redakteur der Zeitschrift \u201eKarpatenrundschau\u201c in Kronstadt. Danach bis 1978 Kulturredakteur und Theaterdramaturg. Gedichte in deutscher Sprache, u. a. \u201eKreise ums Unvollendete\u201c, Gedichte, 1969, Jugendverlag, Bukarest; \u201eAusgespielt\u201c, Gedichte, Dacia Verlag, Klausenburg. Ein letzter Band \u2013 \u201eMit rotem Wein viel lieber\u201c (Albatros Verlag, Bukarest) sowie Theaterst\u00fccke (Umzug) \u2013unterlagen der Zensur. G\u00fcnter Grass erm\u00f6glichte ihm die Ausreise in die Bundesrepublik Deutschland. Hier ver\u00f6ffentlichte er Drehb\u00fccher und Gedichte, u.a. \u201ePa\u00df f\u00fcr Transsilvanien\u201c, Urheber Verlag, Bonn; \u201eEinladung zu einer Sch\u00fcssel Palukes\u201c, Edition Parna\u00df, Bonn. 1986 erhielt er den Andreas-Gryphius-Preis. Dokumentar- und Spielfilme, u. a. \u201eIm S\u00fcden meiner Seele \u2013 Paul Celans Bukarester Jahre\u201c. Zweimal Filmpr\u00e4mie des Bundes-innenministeriums. 2005 deutsch-rum\u00e4nischer Gedichtband \u201eAbschiedsger\u00fcchte\u201c, Albatros Verlag, Bukarest. 2006 \u201eMein Vaterland ging auf den roten Strich\u201c, unver\u00f6ffentlichte Gedichte aus dem Kommunismus, Hora Verlag, Hermannstadt. Weitere Drehb\u00fccher und Prosa. Nach 1990 Inszenierung des mehr-sprachigen Kulturtreffens von Katzendorf, in Siebenb\u00fcrgen. Seit 2011vergibt er den Dorfschreiberpreis von Katzendorf\/Sieben-b\u00fcrgen. 2012 fand am Staatstheater in Hermannstadt\/Sibiu die Urauff\u00fchrung \u201eOssis Stein oder Der werfe das erste Buch\u201c statt. 2012 drehte er den Dokumentarfilm \u201eEin Dorf erwacht\u201c f\u00fcr ARTE.<\/p>\n<p>Lieferbare Titel von <a href=\"https:\/\/wp.pop-verlag.com\/?page_id=962\"><strong>Frieder Schuller<\/strong><\/a><strong>: <\/strong><\/p>\n<p>&#8211; <strong>\u201e<a href=\"http:\/\/wp.pop-verlag.com\/?p=941\" target=\"_blank\" rel=\"noopener\">Heimat \u2013 gerettete Zunge. Visionen und Fiktionen deutschsprachiger Autoren aus Rum\u00e4nien<\/a>\u201c, 2013,\u00a0Eine literarische Begegnung. Mit einem Vorwort von Prof. Dr. Wolfgang Schlott. <a href=\"http:\/\/wp.pop-verlag.com\/?page_id=734\">Horst Samson<\/a> (Hrsg.), <span class=\"readonlyText\">Ingmar Brantsch,<\/span><span class=\"readonlyText\">Hans Bergel, Walter <\/span><span class=\"readonlyText\">Engel,Ilse <\/span><span class=\"readonlyText\">Hehn, Franz <\/span><span class=\"readonlyText\">Heinz, Klaus <\/span><span class=\"readonlyText\">Hensel, Franz <\/span><span class=\"readonlyText\">Hodjak, Johann <\/span><span class=\"readonlyText\">Lippet, <\/span><label class=\"control-label\"><\/label><span class=\"readonlyText\">Dieter Schlesak, Olivia <\/span><span class=\"readonlyText\">Spiridon, <\/span><span class=\"readonlyText\">Horst Samson, <\/span><span class=\"readonlyText\">Peter Motzan, <\/span><span class=\"readonlyText\">Gerhard Ortinau,\u00a0<\/span><span class=\"readonlyText\">Friedrich Schuller, <\/span><span class=\"readonlyText\">Hellmut Seiler, Balthasar <\/span><span class=\"readonlyText\">Waitz<\/span><\/strong>:<strong>\u00a0<\/strong> Heimat \u2013 gerettete Zunge. Visionen und Fiktionen deutschsprachiger Autoren aus Rum\u00e4nien.\u00a0 (UNIVERSITAS Sammlung) 373 S. ISBN:\u00a0 978-3-86356-051-5, \u20ac [D] 25,\u2013 \u20ac [AT] 25,\u2013 SFr [CH] 35,-<\/p>\n<p>&#8211; <a href=\"https:\/\/wp.pop-verlag.com\/?p=5313\"><strong>Ossis Stein. Zwei Theaterst\u00fccke<\/strong><\/a>. Reihe Theater Bd. 3; ISBN: 978-3-86356-305-9; 177 Seiten, \u20ac[D]16,50<\/p>\n","protected":false},"excerpt":{"rendered":"<p>FRIEDER SCHULLER, geboren am 13. Juli 1942 in Katzendorf \/Ca\u0163a, in Siebenb\u00fcrgen\/Rum\u00e4nien als Sohn des dortigen evangelischen Ortspfarrers. Besuch des Gymnasiums in Kronstadt, Studium der Theologie und Germanistik in Hermannstadt. 1968 Redakteur der Zeitschrift \u201eKarpatenrundschau\u201c in Kronstadt. Danach bis 1978 &hellip; <a class=\"more-link\" href=\"https:\/\/wp.pop-verlag.com\/?page_id=962\">Weiterlesen <span class=\"meta-nav\">&rarr;<\/span><\/a><\/p>\n","protected":false},"author":2,"featured_media":0,"parent":712,"menu_order":2,"comment_status":"closed","ping_status":"closed","template":"","meta":{"footnotes":""},"class_list":["post-962","page","type-page","status-publish","hentry"],"jetpack_sharing_enabled":true,"_links":{"self":[{"href":"https:\/\/wp.pop-verlag.com\/index.php?rest_route=\/wp\/v2\/pages\/962","targetHints":{"allow":["GET"]}}],"collection":[{"href":"https:\/\/wp.pop-verlag.com\/index.php?rest_route=\/wp\/v2\/pages"}],"about":[{"href":"https:\/\/wp.pop-verlag.com\/index.php?rest_route=\/wp\/v2\/types\/page"}],"author":[{"embeddable":true,"href":"https:\/\/wp.pop-verlag.com\/index.php?rest_route=\/wp\/v2\/users\/2"}],"replies":[{"embeddable":true,"href":"https:\/\/wp.pop-verlag.com\/index.php?rest_route=%2Fwp%2Fv2%2Fcomments&post=962"}],"version-history":[{"count":5,"href":"https:\/\/wp.pop-verlag.com\/index.php?rest_route=\/wp\/v2\/pages\/962\/revisions"}],"predecessor-version":[{"id":5400,"href":"https:\/\/wp.pop-verlag.com\/index.php?rest_route=\/wp\/v2\/pages\/962\/revisions\/5400"}],"up":[{"embeddable":true,"href":"https:\/\/wp.pop-verlag.com\/index.php?rest_route=\/wp\/v2\/pages\/712"}],"wp:attachment":[{"href":"https:\/\/wp.pop-verlag.com\/index.php?rest_route=%2Fwp%2Fv2%2Fmedia&parent=962"}],"curies":[{"name":"wp","href":"https:\/\/api.w.org\/{rel}","templated":true}]}}

<p><strong><img loading="lazy" decoding="async" class="alignleft size-medium wp-image-5315" src="https://wp.pop-verlag.com/wp-content/uploads/2020/07/Frieder-Schuller-leipziuger-Buchmesse-2017-244x300.jpg" alt="" width="244" height="300" srcset="https://wp.pop-verlag.com/wp-content/uploads/2020/07/Frieder-Schuller-leipziuger-Buchmesse-2017-244x300.jpg 244w, https://wp.pop-verlag.com/wp-content/uploads/2020/07/Frieder-Schuller-leipziuger-Buchmesse-2017-768x943.jpg 768w, https://wp.pop-verlag.com/wp-content/uploads/2020/07/Frieder-Schuller-leipziuger-Buchmesse-2017-834x1024.jpg 834w, https://wp.pop-verlag.com/wp-content/uploads/2020/07/Frieder-Schuller-leipziuger-Buchmesse-2017.jpg 1554w" sizes="auto, (max-width: 244px) 100vw, 244px" /><a href="https://wp.pop-verlag.com/?page_id=962">FRIEDER SCHULLER</a></strong>, geboren am 13. Juli 1942 in Katzendorf /Caţa, in Siebenbürgen/Rumänien als Sohn des dortigen evangelischen Ortspfarrers. Besuch des Gymnasiums in Kronstadt, Studium der Theologie und Germanistik in Hermannstadt. 1968 Redakteur der Zeitschrift „Karpatenrundschau“ in Kronstadt. Danach bis 1978 Kulturredakteur und Theaterdramaturg. Gedichte in deutscher Sprache, u. a. „Kreise ums Unvollendete“, Gedichte, 1969, Jugendverlag, Bukarest; „Ausgespielt“, Gedichte, Dacia Verlag, Klausenburg. Ein letzter Band – „Mit rotem Wein viel lieber“ (Albatros Verlag, Bukarest) sowie Theaterstücke (Umzug) –unterlagen der Zensur. Günter Grass ermöglichte ihm die Ausreise in die Bundesrepublik Deutschland. Hier veröffentlichte er Drehbücher und Gedichte, u.a. „Paß für Transsilvanien“, Urheber Verlag, Bonn; „Einladung zu einer Schüssel Palukes“, Edition Parnaß, Bonn. 1986 erhielt er den Andreas-Gryphius-Preis. Dokumentar- und Spielfilme, u. a. „Im Süden meiner Seele – Paul Celans Bukarester Jahre“. Zweimal Filmprämie des Bundes-innenministeriums. 2005 deutsch-rumänischer Gedichtband „Abschiedsgerüchte“, Albatros Verlag, Bukarest. 2006 „Mein Vaterland ging auf den roten Strich“, unveröffentlichte Gedichte aus dem Kommunismus, Hora Verlag, Hermannstadt. Weitere Drehbücher und Prosa. Nach 1990 Inszenierung des mehr-sprachigen Kulturtreffens von Katzendorf, in Siebenbürgen. Seit 2011vergibt er den Dorfschreiberpreis von Katzendorf/Sieben-bürgen. 2012 fand am Staatstheater in Hermannstadt/Sibiu die Uraufführung „Ossis Stein oder Der werfe das erste Buch“ statt. 2012 drehte er den Dokumentarfilm „Ein Dorf erwacht“ für ARTE.</p>
<p>Lieferbare Titel von <a href="https://wp.pop-verlag.com/?page_id=962"><strong>Frieder Schuller</strong></a><strong>: </strong></p>
<p>&#8211; <strong>„<a href="http://wp.pop-verlag.com/?p=941" target="_blank" rel="noopener">Heimat – gerettete Zunge. Visionen und Fiktionen deutschsprachiger Autoren aus Rumänien</a>“, 2013, Eine literarische Begegnung. Mit einem Vorwort von Prof. Dr. Wolfgang Schlott. <a href="http://wp.pop-verlag.com/?page_id=734">Horst Samson</a> (Hrsg.), <span class="readonlyText">Ingmar Brantsch,</span><span class="readonlyText">Hans Bergel, Walter </span><span class="readonlyText">Engel,Ilse </span><span class="readonlyText">Hehn, Franz </span><span class="readonlyText">Heinz, Klaus </span><span class="readonlyText">Hensel, Franz </span><span class="readonlyText">Hodjak, Johann </span><span class="readonlyText">Lippet, </span><label class="control-label"></label><span class="readonlyText">Dieter Schlesak, Olivia </span><span class="readonlyText">Spiridon, </span><span class="readonlyText">Horst Samson, </span><span class="readonlyText">Peter Motzan, </span><span class="readonlyText">Gerhard Ortinau, </span><span class="readonlyText">Friedrich Schuller, </span><span class="readonlyText">Hellmut Seiler, Balthasar </span><span class="readonlyText">Waitz</span></strong>:<strong> </strong> Heimat – gerettete Zunge. Visionen und Fiktionen deutschsprachiger Autoren aus Rumänien.  (UNIVERSITAS Sammlung) 373 S. ISBN:  978-3-86356-051-5, € [D] 25,– € [AT] 25,– SFr [CH] 35,-</p>
<p>&#8211; <a href="https://wp.pop-verlag.com/?p=5313"><strong>Ossis Stein. Zwei Theaterstücke</strong></a>. Reihe Theater Bd. 3; ISBN: 978-3-86356-305-9; 177 Seiten, €[D]16,50</p>

<p>FRIEDER SCHULLER, geboren am 13. Juli 1942 in Katzendorf /Caţa, in Siebenbürgen/Rumänien als Sohn des dortigen evangelischen Ortspfarrers. Besuch des Gymnasiums in Kronstadt, Studium der Theologie und Germanistik in Hermannstadt. 1968 Redakteur der Zeitschrift „Karpatenrundschau“ in Kronstadt. Danach bis 1978 &hellip; <a class="more-link" href="https://wp.pop-verlag.com/?page_id=962">Weiterlesen <span class="meta-nav">&rarr;</span></a></p>
