{"id":956,"date":"2015-12-21T06:03:23","date_gmt":"2015-12-21T06:03:23","guid":{"rendered":"http:\/\/wp.pop-verlag.com\/?page_id=956"},"modified":"2020-09-07T05:56:47","modified_gmt":"2020-09-07T05:56:47","slug":"franz-heinz","status":"publish","type":"page","link":"https:\/\/wp.pop-verlag.com\/?page_id=956","title":{"rendered":"Franz Heinz"},"content":{"rendered":"<p><strong><img loading=\"lazy\" decoding=\"async\" class=\"alignleft size-medium wp-image-5391\" src=\"https:\/\/wp.pop-verlag.com\/wp-content\/uploads\/2020\/09\/Franz-Heinz-1_Foto_Franziska-Heinz-234x300.jpeg\" alt=\"\" width=\"234\" height=\"300\" srcset=\"https:\/\/wp.pop-verlag.com\/wp-content\/uploads\/2020\/09\/Franz-Heinz-1_Foto_Franziska-Heinz-234x300.jpeg 234w, https:\/\/wp.pop-verlag.com\/wp-content\/uploads\/2020\/09\/Franz-Heinz-1_Foto_Franziska-Heinz-768x986.jpeg 768w, https:\/\/wp.pop-verlag.com\/wp-content\/uploads\/2020\/09\/Franz-Heinz-1_Foto_Franziska-Heinz-797x1024.jpeg 797w, https:\/\/wp.pop-verlag.com\/wp-content\/uploads\/2020\/09\/Franz-Heinz-1_Foto_Franziska-Heinz.jpeg 1772w\" sizes=\"auto, (max-width: 234px) 100vw, 234px\" \/><\/strong><a href=\"https:\/\/wp.pop-verlag.com\/?page_id=956\"><strong>Franz Heinz<\/strong><\/a>, geboren am 21. November 1929 in Perjamosch, im Banat\/Rum\u00e4nien. 1944 mit Eltern und Bruder nach \u00d6sterreich evakuiert. Heimkehr ins Banat 1945. Der enteigneten Familie wurden die staatsb\u00fcrgerlichen Rechte aberkannt. Als Landarbeiter und B\u00e4cker t\u00e4tig, dreij\u00e4hrige Zwangsarbeit in milit\u00e4rischen Arbeitslagern. Abitur und Studium (Geschichte, Geografie) in Bukarest. Von 1960 bis 1974 Kulturredakteur (Abteilungsleiter) der Bukarester deutschsprachigen Tageszeitung \u201eNeuer Weg\u201c. Autor mehrerer Prosab\u00e4nde und Herausgeber von B\u00fcchern aus dem rum\u00e4niendeutschen Kulturerbe. Beitr\u00e4ge f\u00fcr den Rundfunk und das deutschsprachige Fernsehen. 1974 Berufsverbot. 1976 Ausreise mit der Familie in die Bundesrepublik Deutschland. 1977-90 Redakteur des in Bonn erscheinenden Pressedienstes \u201eKulturpolitische Korrespondenz\u201c \u2013 verantwortlich f\u00fcr das Ressort \u201eLiteratur und Kunst\u201c. Chefredakteur der Zeitschrift des Ostdeutschen Kulturrats \u201eDer gemeinsame Weg\u201c. 1990-95 Verantwortlicher Redakteur der im Auftrag des Innerdeutschen Ministeriums herausgegebenen Hefte \u201eKulturspiegel\u201c. 1995-2012 Chefredakteur der von der Stiftung Mitteldeutscher Kulturrat herausgegebenen Vierteljahresschrift \u201eKultur-Report\u201c. Buchver\u00f6ffentlichungen und H\u00f6rspiele. Langj\u00e4hrige Mitarbeit beim Westdeutschen Rundfunk. Freier Publizist in D\u00fcsseldorf. Wichtigste Ver\u00f6ffentlichungen: \u201e\u00c4rger wie die Hund. Aufzeichnungen eines Knechts\u201c, Erz\u00e4hlung; \u201eAcht unter einem Dach\u201c, Novelle; \u201eLieb Heimatland, ade!\u201c Zwei Erz\u00e4hlungen; \u201eVormittags\u201c, Kurzroman; \u201eFranz Ferch und seine Banater Welt\u201c, eine K\u00fcnstlermonografie; \u201eDas Tagebuch des Uscha Wies\u201c, H\u00f6rspiel; \u201eBruder Hund\u201c, H\u00f6rspiel. Herausgeber des \u201eBelgrader Tagebuchs. Feuilletons aus dem besetzten Serbien 1916-18\u201c und der \u201eTier- und Jagdgeschichten von Otto Alscher\u201c. \u201eKriegerdenkmal\u201c, Roman; \u201eBonn am Meer. 15 Ratschl\u00e4ge f\u00fcr einen registrierten F\u00f6tus. Notizen \u00fcber das Fremdsein\u201c. H\u00f6rspiel.<\/p>\n","protected":false},"excerpt":{"rendered":"<p>Franz Heinz, geboren am 21. November 1929 in Perjamosch, im Banat\/Rum\u00e4nien. 1944 mit Eltern und Bruder nach \u00d6sterreich evakuiert. Heimkehr ins Banat 1945. Der enteigneten Familie wurden die staatsb\u00fcrgerlichen Rechte aberkannt. Als Landarbeiter und B\u00e4cker t\u00e4tig, dreij\u00e4hrige Zwangsarbeit in milit\u00e4rischen &hellip; <a class=\"more-link\" href=\"https:\/\/wp.pop-verlag.com\/?page_id=956\">Weiterlesen <span class=\"meta-nav\">&rarr;<\/span><\/a><\/p>\n","protected":false},"author":2,"featured_media":0,"parent":674,"menu_order":4,"comment_status":"closed","ping_status":"closed","template":"","meta":{"footnotes":""},"class_list":["post-956","page","type-page","status-publish","hentry"],"jetpack_sharing_enabled":true,"_links":{"self":[{"href":"https:\/\/wp.pop-verlag.com\/index.php?rest_route=\/wp\/v2\/pages\/956","targetHints":{"allow":["GET"]}}],"collection":[{"href":"https:\/\/wp.pop-verlag.com\/index.php?rest_route=\/wp\/v2\/pages"}],"about":[{"href":"https:\/\/wp.pop-verlag.com\/index.php?rest_route=\/wp\/v2\/types\/page"}],"author":[{"embeddable":true,"href":"https:\/\/wp.pop-verlag.com\/index.php?rest_route=\/wp\/v2\/users\/2"}],"replies":[{"embeddable":true,"href":"https:\/\/wp.pop-verlag.com\/index.php?rest_route=%2Fwp%2Fv2%2Fcomments&post=956"}],"version-history":[{"count":4,"href":"https:\/\/wp.pop-verlag.com\/index.php?rest_route=\/wp\/v2\/pages\/956\/revisions"}],"predecessor-version":[{"id":5394,"href":"https:\/\/wp.pop-verlag.com\/index.php?rest_route=\/wp\/v2\/pages\/956\/revisions\/5394"}],"up":[{"embeddable":true,"href":"https:\/\/wp.pop-verlag.com\/index.php?rest_route=\/wp\/v2\/pages\/674"}],"wp:attachment":[{"href":"https:\/\/wp.pop-verlag.com\/index.php?rest_route=%2Fwp%2Fv2%2Fmedia&parent=956"}],"curies":[{"name":"wp","href":"https:\/\/api.w.org\/{rel}","templated":true}]}}

<p><strong><img loading="lazy" decoding="async" class="alignleft size-medium wp-image-5391" src="https://wp.pop-verlag.com/wp-content/uploads/2020/09/Franz-Heinz-1_Foto_Franziska-Heinz-234x300.jpeg" alt="" width="234" height="300" srcset="https://wp.pop-verlag.com/wp-content/uploads/2020/09/Franz-Heinz-1_Foto_Franziska-Heinz-234x300.jpeg 234w, https://wp.pop-verlag.com/wp-content/uploads/2020/09/Franz-Heinz-1_Foto_Franziska-Heinz-768x986.jpeg 768w, https://wp.pop-verlag.com/wp-content/uploads/2020/09/Franz-Heinz-1_Foto_Franziska-Heinz-797x1024.jpeg 797w, https://wp.pop-verlag.com/wp-content/uploads/2020/09/Franz-Heinz-1_Foto_Franziska-Heinz.jpeg 1772w" sizes="auto, (max-width: 234px) 100vw, 234px" /></strong><a href="https://wp.pop-verlag.com/?page_id=956"><strong>Franz Heinz</strong></a>, geboren am 21. November 1929 in Perjamosch, im Banat/Rumänien. 1944 mit Eltern und Bruder nach Österreich evakuiert. Heimkehr ins Banat 1945. Der enteigneten Familie wurden die staatsbürgerlichen Rechte aberkannt. Als Landarbeiter und Bäcker tätig, dreijährige Zwangsarbeit in militärischen Arbeitslagern. Abitur und Studium (Geschichte, Geografie) in Bukarest. Von 1960 bis 1974 Kulturredakteur (Abteilungsleiter) der Bukarester deutschsprachigen Tageszeitung „Neuer Weg“. Autor mehrerer Prosabände und Herausgeber von Büchern aus dem rumäniendeutschen Kulturerbe. Beiträge für den Rundfunk und das deutschsprachige Fernsehen. 1974 Berufsverbot. 1976 Ausreise mit der Familie in die Bundesrepublik Deutschland. 1977-90 Redakteur des in Bonn erscheinenden Pressedienstes „Kulturpolitische Korrespondenz“ – verantwortlich für das Ressort „Literatur und Kunst“. Chefredakteur der Zeitschrift des Ostdeutschen Kulturrats „Der gemeinsame Weg“. 1990-95 Verantwortlicher Redakteur der im Auftrag des Innerdeutschen Ministeriums herausgegebenen Hefte „Kulturspiegel“. 1995-2012 Chefredakteur der von der Stiftung Mitteldeutscher Kulturrat herausgegebenen Vierteljahresschrift „Kultur-Report“. Buchveröffentlichungen und Hörspiele. Langjährige Mitarbeit beim Westdeutschen Rundfunk. Freier Publizist in Düsseldorf. Wichtigste Veröffentlichungen: „Ärger wie die Hund. Aufzeichnungen eines Knechts“, Erzählung; „Acht unter einem Dach“, Novelle; „Lieb Heimatland, ade!“ Zwei Erzählungen; „Vormittags“, Kurzroman; „Franz Ferch und seine Banater Welt“, eine Künstlermonografie; „Das Tagebuch des Uscha Wies“, Hörspiel; „Bruder Hund“, Hörspiel. Herausgeber des „Belgrader Tagebuchs. Feuilletons aus dem besetzten Serbien 1916-18“ und der „Tier- und Jagdgeschichten von Otto Alscher“. „Kriegerdenkmal“, Roman; „Bonn am Meer. 15 Ratschläge für einen registrierten Fötus. Notizen über das Fremdsein“. Hörspiel.</p>

<p>Franz Heinz, geboren am 21. November 1929 in Perjamosch, im Banat/Rumänien. 1944 mit Eltern und Bruder nach Österreich evakuiert. Heimkehr ins Banat 1945. Der enteigneten Familie wurden die staatsbürgerlichen Rechte aberkannt. Als Landarbeiter und Bäcker tätig, dreijährige Zwangsarbeit in militärischen &hellip; <a class="more-link" href="https://wp.pop-verlag.com/?page_id=956">Weiterlesen <span class="meta-nav">&rarr;</span></a></p>
