{"id":954,"date":"2015-12-21T06:01:56","date_gmt":"2015-12-21T06:01:56","guid":{"rendered":"http:\/\/wp.pop-verlag.com\/?page_id=954"},"modified":"2022-09-10T07:04:06","modified_gmt":"2022-09-10T07:04:06","slug":"klaus-hensel","status":"publish","type":"page","link":"https:\/\/wp.pop-verlag.com\/?page_id=954","title":{"rendered":"Klaus Hensel"},"content":{"rendered":"<p><strong><img loading=\"lazy\" decoding=\"async\" class=\"alignleft size-medium wp-image-6364\" src=\"https:\/\/wp.pop-verlag.com\/wp-content\/uploads\/2022\/09\/Klaus-Hensel-300x300.jpg\" alt=\"\" width=\"300\" height=\"300\" srcset=\"https:\/\/wp.pop-verlag.com\/wp-content\/uploads\/2022\/09\/Klaus-Hensel-300x300.jpg 300w, https:\/\/wp.pop-verlag.com\/wp-content\/uploads\/2022\/09\/Klaus-Hensel-150x150.jpg 150w, https:\/\/wp.pop-verlag.com\/wp-content\/uploads\/2022\/09\/Klaus-Hensel.jpg 484w\" sizes=\"auto, (max-width: 300px) 100vw, 300px\" \/>\u00a0<\/strong>KLAUS HENSEL<br \/>\nGeb. am 15. Mai 1954 in Kronstadt\/Bra\u015fov, Studium der Germanistik und Anglistik in Bukarest (1973\u20131977), Verlagslektor ebd. 1981 reiste er in die Bundesrepublik Deutschland aus. Er lebt als Fernsehjournalist in Frankfurt am Main.<br \/>\nVer\u00f6ffentlichungen: Das letzte Fr\u00fchst\u00fcck mit Gertrude. Gedichte. Cluj-Napoca: Dacia 1980, Oktober, Lichtspiel. Gedichte. Frankfurt am Main: Frankfurter Verlagsanstalt 1988, Stradivaris Geigenstein. Gedichte. Dreieich: Schierlingspresse 1989, Summen im Falsett. Gedichte und Bilanzen aus dem Stracciafoglio Romano. Rom: Deutsche Akademie Villa Massimo 1995, Humboldtstra\u00dfe, r\u00f6misches Rot. Liebesgedichte. Frankfurt am Main: Sch\u00f6ffling 2001.<br \/>\nArbeitsstipendium des Leonce-und-Lena-Preises (1983), F\u00f6rderpreis des Marburger Literaturpreises (1984), F\u00f6rderpreis des Friedrich-H\u00f6lderlin-Preises (1986) und Kranichsteiner Literaturpreis (1988). Deutscher Sprachpreis, gemeinsam mit Herta M\u00fcller, Gerhardt Csejka, Helmuth Frauendorfer, Johann Lippet, Werner S\u00f6llner, William Totok, Richard Wagner (1989), Rom-Preis der Deutschen Akademie Villa-Massimo-Arbeitsstipendium (1992), Frankfurter Poetikvorlesungen 1993 gemeinsam mit Franz Hodjak und Werner S\u00f6llner, Stipendium der Deutschen Akademie Villa Massimo in Rom (1994)<\/p>\n","protected":false},"excerpt":{"rendered":"<p>\u00a0KLAUS HENSEL Geb. am 15. Mai 1954 in Kronstadt\/Bra\u015fov, Studium der Germanistik und Anglistik in Bukarest (1973\u20131977), Verlagslektor ebd. 1981 reiste er in die Bundesrepublik Deutschland aus. Er lebt als Fernsehjournalist in Frankfurt am Main. Ver\u00f6ffentlichungen: Das letzte Fr\u00fchst\u00fcck mit &hellip; <a class=\"more-link\" href=\"https:\/\/wp.pop-verlag.com\/?page_id=954\">Weiterlesen <span class=\"meta-nav\">&rarr;<\/span><\/a><\/p>\n","protected":false},"author":2,"featured_media":0,"parent":674,"menu_order":4,"comment_status":"closed","ping_status":"closed","template":"","meta":{"footnotes":""},"class_list":["post-954","page","type-page","status-publish","hentry"],"jetpack_sharing_enabled":true,"_links":{"self":[{"href":"https:\/\/wp.pop-verlag.com\/index.php?rest_route=\/wp\/v2\/pages\/954","targetHints":{"allow":["GET"]}}],"collection":[{"href":"https:\/\/wp.pop-verlag.com\/index.php?rest_route=\/wp\/v2\/pages"}],"about":[{"href":"https:\/\/wp.pop-verlag.com\/index.php?rest_route=\/wp\/v2\/types\/page"}],"author":[{"embeddable":true,"href":"https:\/\/wp.pop-verlag.com\/index.php?rest_route=\/wp\/v2\/users\/2"}],"replies":[{"embeddable":true,"href":"https:\/\/wp.pop-verlag.com\/index.php?rest_route=%2Fwp%2Fv2%2Fcomments&post=954"}],"version-history":[{"count":2,"href":"https:\/\/wp.pop-verlag.com\/index.php?rest_route=\/wp\/v2\/pages\/954\/revisions"}],"predecessor-version":[{"id":6373,"href":"https:\/\/wp.pop-verlag.com\/index.php?rest_route=\/wp\/v2\/pages\/954\/revisions\/6373"}],"up":[{"embeddable":true,"href":"https:\/\/wp.pop-verlag.com\/index.php?rest_route=\/wp\/v2\/pages\/674"}],"wp:attachment":[{"href":"https:\/\/wp.pop-verlag.com\/index.php?rest_route=%2Fwp%2Fv2%2Fmedia&parent=954"}],"curies":[{"name":"wp","href":"https:\/\/api.w.org\/{rel}","templated":true}]}}

<p><strong><img loading="lazy" decoding="async" class="alignleft size-medium wp-image-6364" src="https://wp.pop-verlag.com/wp-content/uploads/2022/09/Klaus-Hensel-300x300.jpg" alt="" width="300" height="300" srcset="https://wp.pop-verlag.com/wp-content/uploads/2022/09/Klaus-Hensel-300x300.jpg 300w, https://wp.pop-verlag.com/wp-content/uploads/2022/09/Klaus-Hensel-150x150.jpg 150w, https://wp.pop-verlag.com/wp-content/uploads/2022/09/Klaus-Hensel.jpg 484w" sizes="auto, (max-width: 300px) 100vw, 300px" /> </strong>KLAUS HENSEL<br />
Geb. am 15. Mai 1954 in Kronstadt/Braşov, Studium der Germanistik und Anglistik in Bukarest (1973–1977), Verlagslektor ebd. 1981 reiste er in die Bundesrepublik Deutschland aus. Er lebt als Fernsehjournalist in Frankfurt am Main.<br />
Veröffentlichungen: Das letzte Frühstück mit Gertrude. Gedichte. Cluj-Napoca: Dacia 1980, Oktober, Lichtspiel. Gedichte. Frankfurt am Main: Frankfurter Verlagsanstalt 1988, Stradivaris Geigenstein. Gedichte. Dreieich: Schierlingspresse 1989, Summen im Falsett. Gedichte und Bilanzen aus dem Stracciafoglio Romano. Rom: Deutsche Akademie Villa Massimo 1995, Humboldtstraße, römisches Rot. Liebesgedichte. Frankfurt am Main: Schöffling 2001.<br />
Arbeitsstipendium des Leonce-und-Lena-Preises (1983), Förderpreis des Marburger Literaturpreises (1984), Förderpreis des Friedrich-Hölderlin-Preises (1986) und Kranichsteiner Literaturpreis (1988). Deutscher Sprachpreis, gemeinsam mit Herta Müller, Gerhardt Csejka, Helmuth Frauendorfer, Johann Lippet, Werner Söllner, William Totok, Richard Wagner (1989), Rom-Preis der Deutschen Akademie Villa-Massimo-Arbeitsstipendium (1992), Frankfurter Poetikvorlesungen 1993 gemeinsam mit Franz Hodjak und Werner Söllner, Stipendium der Deutschen Akademie Villa Massimo in Rom (1994)</p>

<p> KLAUS HENSEL Geb. am 15. Mai 1954 in Kronstadt/Braşov, Studium der Germanistik und Anglistik in Bukarest (1973–1977), Verlagslektor ebd. 1981 reiste er in die Bundesrepublik Deutschland aus. Er lebt als Fernsehjournalist in Frankfurt am Main. Veröffentlichungen: Das letzte Frühstück mit &hellip; <a class="more-link" href="https://wp.pop-verlag.com/?page_id=954">Weiterlesen <span class="meta-nav">&rarr;</span></a></p>
