{"id":952,"date":"2015-12-21T06:00:52","date_gmt":"2015-12-21T06:00:52","guid":{"rendered":"http:\/\/wp.pop-verlag.com\/?page_id=952"},"modified":"2015-12-21T06:00:52","modified_gmt":"2015-12-21T06:00:52","slug":"walter-engel","status":"publish","type":"page","link":"https:\/\/wp.pop-verlag.com\/?page_id=952","title":{"rendered":"WALTER ENGEL"},"content":{"rendered":"<p><strong>WALTER ENGEL<\/strong>, geboren am 13. November 1942 in Deutschsanktmichael, im Banat\/Rum\u00e4nien. Besuch des Lyzeums in Hatzfeld\/Jimbolia, Studium der Germanistik und Rum\u00e4nistik an der Universit\u00e4t Temeswar (1960-1965). 1966-1968 Deutschlehrer am Gymnasium in Heltau\/Cisn\u0103die (Siebenb\u00fcrgen), anschlie\u00dfend Kulturredakteur der \u201eHermannst\u00e4dter Zeitung\u201c (1968-1972). Danach \u2013 bis zur Ausreise in die Bundesrepublik Deutschland im Jahre1980 \u2013 wissenschaftlicher Assistent und Dozent f\u00fcr Neuere deutsche Literatur an der Universit\u00e4t Temeswar; 1981 Promotion zum Dr. phil. an der Universit\u00e4t Heidelberg im Hauptfach \u201eNeuere deutsche Literatur\u201c; wissenschaftlicher Mitarbeiter der Universit\u00e4tsbibliothek Heidelberg und Ausbildung f\u00fcr den H\u00f6heren Dienst an wissenschaftlichen Bibliotheken, Staatsexamen 1984 in Frankfurt am Main; wissenschaftlicher Mitarbeiter an der Stadt- und Universit\u00e4tsbibliothek Frankfurt am Main; Abteilungsleiter beim Amt f\u00fcr Wissenschaft und Kunst der Stadt Frankfurt am Main (1987-1988); von 1988 bis 2006 Direktor der NRW-Stiftung Haus des Deutschen Ostens (ab 1992 Gerhart-Hauptmann-Haus D\u00fcsseldorf); dort Gr\u00fcnder und Chefredakteur der Vierteljahresschrift \u201eWest-Ost-Journal\u201c (1995-2006). Buchpublikationen als Autor und Herausgeber (Auswahl): \u201eVon der Heide. Anthologie einer Zeitschrift\u201c, Kriterion Verlag, Bukarest 1978; \u201eRom\u00e4nische Revue. Studiu monografic \u015fi antologic. Monographischer Abriss und Anthologie\u201c, Facla Verlag, Temeswar, 1978; \u201eDeutsche Literatur im Banat (1840-1939). Der Beitrag der Kulturzeitschriften zum banat-schw\u00e4bischen Geistesleben\u201c (Diss.), Heidelberg, Julius Groos 1982; \u201eLudwig B\u00f6rne (1786-1837)\u201c, Frankfurt am Main, Buchh\u00e4ndler-Vereinigung 1986 (gemeinsam mit Alfred Estermann, Martin Herrchen u.a.); \u201eWeltgeschick und Lebenszeit. Andreas Gryphius, ein schlesischer Barockdichter aus deutscher und polnischer Sicht\u201c, D\u00fcsseldorf, Droste Verlag 1993 (gemeinsam mit Herbert Anton); \u201eZeitgeschehen und Lebensansicht. Die Aktualit\u00e4t der Literatur Gerhart Hauptmanns\u201c, Berlin, E. Schmidt 1997 (gemeinsam mit Jost Bomers); \u201eKulturraum Schlesien. Ein europ\u00e4isches Ph\u00e4nomen\u201c, Breslau\/Wroclaw, ATUT 2001 (gemeinsam mit Norbert Honsza); \u201eKulturraum Banat. Deutsche Kultur in einer europ\u00e4ischen Vielv\u00f6lkerregion\u201c, Essen, Klartext 2007. Zahlreiche Beitr\u00e4ge zur deutschen und rum\u00e4niendeutschen Literatur in Sammelb\u00e4nden und Periodika (in Rum\u00e4nien, Deutschland, \u00d6sterreich und der Schweiz).<\/p>\n","protected":false},"excerpt":{"rendered":"<p>WALTER ENGEL, geboren am 13. November 1942 in Deutschsanktmichael, im Banat\/Rum\u00e4nien. Besuch des Lyzeums in Hatzfeld\/Jimbolia, Studium der Germanistik und Rum\u00e4nistik an der Universit\u00e4t Temeswar (1960-1965). 1966-1968 Deutschlehrer am Gymnasium in Heltau\/Cisn\u0103die (Siebenb\u00fcrgen), anschlie\u00dfend Kulturredakteur der \u201eHermannst\u00e4dter Zeitung\u201c (1968-1972). Danach &hellip; <a class=\"more-link\" href=\"https:\/\/wp.pop-verlag.com\/?page_id=952\">Weiterlesen <span class=\"meta-nav\">&rarr;<\/span><\/a><\/p>\n","protected":false},"author":2,"featured_media":0,"parent":666,"menu_order":1,"comment_status":"closed","ping_status":"closed","template":"","meta":{"footnotes":""},"class_list":["post-952","page","type-page","status-publish","hentry"],"jetpack_sharing_enabled":true,"_links":{"self":[{"href":"https:\/\/wp.pop-verlag.com\/index.php?rest_route=\/wp\/v2\/pages\/952","targetHints":{"allow":["GET"]}}],"collection":[{"href":"https:\/\/wp.pop-verlag.com\/index.php?rest_route=\/wp\/v2\/pages"}],"about":[{"href":"https:\/\/wp.pop-verlag.com\/index.php?rest_route=\/wp\/v2\/types\/page"}],"author":[{"embeddable":true,"href":"https:\/\/wp.pop-verlag.com\/index.php?rest_route=\/wp\/v2\/users\/2"}],"replies":[{"embeddable":true,"href":"https:\/\/wp.pop-verlag.com\/index.php?rest_route=%2Fwp%2Fv2%2Fcomments&post=952"}],"version-history":[{"count":1,"href":"https:\/\/wp.pop-verlag.com\/index.php?rest_route=\/wp\/v2\/pages\/952\/revisions"}],"predecessor-version":[{"id":953,"href":"https:\/\/wp.pop-verlag.com\/index.php?rest_route=\/wp\/v2\/pages\/952\/revisions\/953"}],"up":[{"embeddable":true,"href":"https:\/\/wp.pop-verlag.com\/index.php?rest_route=\/wp\/v2\/pages\/666"}],"wp:attachment":[{"href":"https:\/\/wp.pop-verlag.com\/index.php?rest_route=%2Fwp%2Fv2%2Fmedia&parent=952"}],"curies":[{"name":"wp","href":"https:\/\/api.w.org\/{rel}","templated":true}]}}

<p><strong>WALTER ENGEL</strong>, geboren am 13. November 1942 in Deutschsanktmichael, im Banat/Rumänien. Besuch des Lyzeums in Hatzfeld/Jimbolia, Studium der Germanistik und Rumänistik an der Universität Temeswar (1960-1965). 1966-1968 Deutschlehrer am Gymnasium in Heltau/Cisnădie (Siebenbürgen), anschließend Kulturredakteur der „Hermannstädter Zeitung“ (1968-1972). Danach – bis zur Ausreise in die Bundesrepublik Deutschland im Jahre1980 – wissenschaftlicher Assistent und Dozent für Neuere deutsche Literatur an der Universität Temeswar; 1981 Promotion zum Dr. phil. an der Universität Heidelberg im Hauptfach „Neuere deutsche Literatur“; wissenschaftlicher Mitarbeiter der Universitätsbibliothek Heidelberg und Ausbildung für den Höheren Dienst an wissenschaftlichen Bibliotheken, Staatsexamen 1984 in Frankfurt am Main; wissenschaftlicher Mitarbeiter an der Stadt- und Universitätsbibliothek Frankfurt am Main; Abteilungsleiter beim Amt für Wissenschaft und Kunst der Stadt Frankfurt am Main (1987-1988); von 1988 bis 2006 Direktor der NRW-Stiftung Haus des Deutschen Ostens (ab 1992 Gerhart-Hauptmann-Haus Düsseldorf); dort Gründer und Chefredakteur der Vierteljahresschrift „West-Ost-Journal“ (1995-2006). Buchpublikationen als Autor und Herausgeber (Auswahl): „Von der Heide. Anthologie einer Zeitschrift“, Kriterion Verlag, Bukarest 1978; „Romänische Revue. Studiu monografic şi antologic. Monographischer Abriss und Anthologie“, Facla Verlag, Temeswar, 1978; „Deutsche Literatur im Banat (1840-1939). Der Beitrag der Kulturzeitschriften zum banat-schwäbischen Geistesleben“ (Diss.), Heidelberg, Julius Groos 1982; „Ludwig Börne (1786-1837)“, Frankfurt am Main, Buchhändler-Vereinigung 1986 (gemeinsam mit Alfred Estermann, Martin Herrchen u.a.); „Weltgeschick und Lebenszeit. Andreas Gryphius, ein schlesischer Barockdichter aus deutscher und polnischer Sicht“, Düsseldorf, Droste Verlag 1993 (gemeinsam mit Herbert Anton); „Zeitgeschehen und Lebensansicht. Die Aktualität der Literatur Gerhart Hauptmanns“, Berlin, E. Schmidt 1997 (gemeinsam mit Jost Bomers); „Kulturraum Schlesien. Ein europäisches Phänomen“, Breslau/Wroclaw, ATUT 2001 (gemeinsam mit Norbert Honsza); „Kulturraum Banat. Deutsche Kultur in einer europäischen Vielvölkerregion“, Essen, Klartext 2007. Zahlreiche Beiträge zur deutschen und rumäniendeutschen Literatur in Sammelbänden und Periodika (in Rumänien, Deutschland, Österreich und der Schweiz).</p>

<p>WALTER ENGEL, geboren am 13. November 1942 in Deutschsanktmichael, im Banat/Rumänien. Besuch des Lyzeums in Hatzfeld/Jimbolia, Studium der Germanistik und Rumänistik an der Universität Temeswar (1960-1965). 1966-1968 Deutschlehrer am Gymnasium in Heltau/Cisnădie (Siebenbürgen), anschließend Kulturredakteur der „Hermannstädter Zeitung“ (1968-1972). Danach &hellip; <a class="more-link" href="https://wp.pop-verlag.com/?page_id=952">Weiterlesen <span class="meta-nav">&rarr;</span></a></p>
