{"id":817,"date":"2015-11-11T13:46:19","date_gmt":"2015-11-11T13:46:19","guid":{"rendered":"http:\/\/wp.pop-verlag.com\/?page_id=817"},"modified":"2024-12-05T07:10:08","modified_gmt":"2024-12-05T07:10:08","slug":"ines-hagemeyer","status":"publish","type":"page","link":"https:\/\/wp.pop-verlag.com\/?page_id=817","title":{"rendered":"Ines Hagemeyer"},"content":{"rendered":"<p><a href=\"http:\/\/wp.pop-verlag.com\/wp-content\/uploads\/2015\/11\/ines.jpg\"><img loading=\"lazy\" decoding=\"async\" class=\"alignleft wp-image-821 size-medium\" src=\"http:\/\/wp.pop-verlag.com\/wp-content\/uploads\/2015\/11\/ines-241x300.jpg\" alt=\"ines hagemeyer\" width=\"241\" height=\"300\" srcset=\"https:\/\/wp.pop-verlag.com\/wp-content\/uploads\/2015\/11\/ines-241x300.jpg 241w, https:\/\/wp.pop-verlag.com\/wp-content\/uploads\/2015\/11\/ines-821x1024.jpg 821w, https:\/\/wp.pop-verlag.com\/wp-content\/uploads\/2015\/11\/ines.jpg 947w\" sizes=\"auto, (max-width: 241px) 100vw, 241px\" \/><\/a><strong>Ines Hagemeyer<\/strong>, *Berlin 1938. Im gleichen Jahr Emigration nach Montevideo (Uruguay). Erste R\u00fcckkehr 1963-1965 M\u00fcnchen. Zweite R\u00fcckkehr und Heirat 1969 (Bonn). Zwei Kinder. Weitere Stationen: Quito, Buenos Aires, Madrid. Seit 1990 in Bonn. Fremdsprachenlehrerin. Theater- und Rundfunkerfahrung. \u00dcbersetzert\u00e4tigkeit. Lyrikerin. Sprache ist f\u00fcr sie Heimat. Dem \u201eDichtungsring &#8211; Zeitschrift f\u00fcr Literatur\u201c seit den Anf\u00e4ngen verbunden. Redaktionsmitglied und Mitherausgeberin. Im POP-Verlag: Bewohnte Stille, Gedichte, 2007 und aus dem Gef\u00e4hrt das dir Tr\u00e4ume aufl\u00e4dt, Gedichte, 2011.<\/p>\n<p><span class=\"readonlyText multiple\">Lieferbare Titel von <strong><a href=\"https:\/\/wp.pop-verlag.com\/?page_id=817\">Ines Hagemeyer<\/a><\/strong>:<br \/>\n<\/span><\/p>\n<p>\u2022 <strong>Bewohnte Stille<\/strong>. Mit einem Nachwort von Alfons Knauth und Tusche-Zeichnungen von <strong><a href=\"https:\/\/wp.pop-verlag.com\/?page_id=1158\">PAPI<\/a>. <\/strong>Reihe Lyrik Bd. 13, 119 Seiten, ISBN 978-3-937139-31-3, \u20ac[D]14,20<\/p>\n<p>\u2022 <strong>aus dem Gef\u00e4hrt das dir Tr\u00e4ume aufl\u00e4dt. <\/strong>Gedichte. Mit 14 TuscheZeich nungen von <strong><a href=\"https:\/\/wp.pop-verlag.com\/?page_id=1158\">PAPI<\/a>, <\/strong>86 Seiten, Reihe Lyrik Bd. 41, ISBN 978-3-86356-003-4, \u20ac[D]14,00<\/p>\n<p>\u2022 <a href=\"https:\/\/wp.pop-verlag.com\/?p=809\"><strong>handverlesen<\/strong><\/a>. Gedichte. Mit 15 Tuschezeichnungen von <strong><a href=\"https:\/\/wp.pop-verlag.com\/?page_id=1158\">PAPI<\/a><\/strong>, 92 Seiten, ISBN 978-3-86356-113-0, \u20ac[D]15,00<\/p>\n<p>\u2013 <a href=\"https:\/\/wp.pop-verlag.com\/?p=5846\"><strong>Fragen im Schlepptau<\/strong><\/a>. Gedichte. Mit 10 Grafiken von <strong>W\u0142adys\u0142aw Ga\u0142czy\u0144ski<\/strong>. Reihe Lyrik Band 16, 168 Seiten, ISBN 978-3-86356-292-2; \u20ac[D]16,50<\/p>\n","protected":false},"excerpt":{"rendered":"<p>Ines Hagemeyer, *Berlin 1938. Im gleichen Jahr Emigration nach Montevideo (Uruguay). Erste R\u00fcckkehr 1963-1965 M\u00fcnchen. Zweite R\u00fcckkehr und Heirat 1969 (Bonn). Zwei Kinder. Weitere Stationen: Quito, Buenos Aires, Madrid. Seit 1990 in Bonn. Fremdsprachenlehrerin. Theater- und Rundfunkerfahrung. \u00dcbersetzert\u00e4tigkeit. Lyrikerin. Sprache &hellip; <a class=\"more-link\" href=\"https:\/\/wp.pop-verlag.com\/?page_id=817\">Weiterlesen <span class=\"meta-nav\">&rarr;<\/span><\/a><\/p>\n","protected":false},"author":2,"featured_media":0,"parent":674,"menu_order":1,"comment_status":"closed","ping_status":"closed","template":"","meta":{"footnotes":""},"class_list":["post-817","page","type-page","status-publish","hentry"],"jetpack_sharing_enabled":true,"_links":{"self":[{"href":"https:\/\/wp.pop-verlag.com\/index.php?rest_route=\/wp\/v2\/pages\/817","targetHints":{"allow":["GET"]}}],"collection":[{"href":"https:\/\/wp.pop-verlag.com\/index.php?rest_route=\/wp\/v2\/pages"}],"about":[{"href":"https:\/\/wp.pop-verlag.com\/index.php?rest_route=\/wp\/v2\/types\/page"}],"author":[{"embeddable":true,"href":"https:\/\/wp.pop-verlag.com\/index.php?rest_route=\/wp\/v2\/users\/2"}],"replies":[{"embeddable":true,"href":"https:\/\/wp.pop-verlag.com\/index.php?rest_route=%2Fwp%2Fv2%2Fcomments&post=817"}],"version-history":[{"count":4,"href":"https:\/\/wp.pop-verlag.com\/index.php?rest_route=\/wp\/v2\/pages\/817\/revisions"}],"predecessor-version":[{"id":7049,"href":"https:\/\/wp.pop-verlag.com\/index.php?rest_route=\/wp\/v2\/pages\/817\/revisions\/7049"}],"up":[{"embeddable":true,"href":"https:\/\/wp.pop-verlag.com\/index.php?rest_route=\/wp\/v2\/pages\/674"}],"wp:attachment":[{"href":"https:\/\/wp.pop-verlag.com\/index.php?rest_route=%2Fwp%2Fv2%2Fmedia&parent=817"}],"curies":[{"name":"wp","href":"https:\/\/api.w.org\/{rel}","templated":true}]}}

<p><a href="http://wp.pop-verlag.com/wp-content/uploads/2015/11/ines.jpg"><img loading="lazy" decoding="async" class="alignleft wp-image-821 size-medium" src="http://wp.pop-verlag.com/wp-content/uploads/2015/11/ines-241x300.jpg" alt="ines hagemeyer" width="241" height="300" srcset="https://wp.pop-verlag.com/wp-content/uploads/2015/11/ines-241x300.jpg 241w, https://wp.pop-verlag.com/wp-content/uploads/2015/11/ines-821x1024.jpg 821w, https://wp.pop-verlag.com/wp-content/uploads/2015/11/ines.jpg 947w" sizes="auto, (max-width: 241px) 100vw, 241px" /></a><strong>Ines Hagemeyer</strong>, *Berlin 1938. Im gleichen Jahr Emigration nach Montevideo (Uruguay). Erste Rückkehr 1963-1965 München. Zweite Rückkehr und Heirat 1969 (Bonn). Zwei Kinder. Weitere Stationen: Quito, Buenos Aires, Madrid. Seit 1990 in Bonn. Fremdsprachenlehrerin. Theater- und Rundfunkerfahrung. Übersetzertätigkeit. Lyrikerin. Sprache ist für sie Heimat. Dem „Dichtungsring &#8211; Zeitschrift für Literatur“ seit den Anfängen verbunden. Redaktionsmitglied und Mitherausgeberin. Im POP-Verlag: Bewohnte Stille, Gedichte, 2007 und aus dem Gefährt das dir Träume auflädt, Gedichte, 2011.</p>
<p><span class="readonlyText multiple">Lieferbare Titel von <strong><a href="https://wp.pop-verlag.com/?page_id=817">Ines Hagemeyer</a></strong>:<br />
</span></p>
<p>• <strong>Bewohnte Stille</strong>. Mit einem Nachwort von Alfons Knauth und Tusche-Zeichnungen von <strong><a href="https://wp.pop-verlag.com/?page_id=1158">PAPI</a>. </strong>Reihe Lyrik Bd. 13, 119 Seiten, ISBN 978-3-937139-31-3, €[D]14,20</p>
<p>• <strong>aus dem Gefährt das dir Träume auflädt. </strong>Gedichte. Mit 14 TuscheZeich nungen von <strong><a href="https://wp.pop-verlag.com/?page_id=1158">PAPI</a>, </strong>86 Seiten, Reihe Lyrik Bd. 41, ISBN 978-3-86356-003-4, €[D]14,00</p>
<p>• <a href="https://wp.pop-verlag.com/?p=809"><strong>handverlesen</strong></a>. Gedichte. Mit 15 Tuschezeichnungen von <strong><a href="https://wp.pop-verlag.com/?page_id=1158">PAPI</a></strong>, 92 Seiten, ISBN 978-3-86356-113-0, €[D]15,00</p>
<p>– <a href="https://wp.pop-verlag.com/?p=5846"><strong>Fragen im Schlepptau</strong></a>. Gedichte. Mit 10 Grafiken von <strong>Władysław Gałczyński</strong>. Reihe Lyrik Band 16, 168 Seiten, ISBN 978-3-86356-292-2; €[D]16,50</p>

<p>Ines Hagemeyer, *Berlin 1938. Im gleichen Jahr Emigration nach Montevideo (Uruguay). Erste Rückkehr 1963-1965 München. Zweite Rückkehr und Heirat 1969 (Bonn). Zwei Kinder. Weitere Stationen: Quito, Buenos Aires, Madrid. Seit 1990 in Bonn. Fremdsprachenlehrerin. Theater- und Rundfunkerfahrung. Übersetzertätigkeit. Lyrikerin. Sprache &hellip; <a class="more-link" href="https://wp.pop-verlag.com/?page_id=817">Weiterlesen <span class="meta-nav">&rarr;</span></a></p>
