{"id":7470,"date":"2026-03-07T14:13:42","date_gmt":"2026-03-07T14:13:42","guid":{"rendered":"https:\/\/wp.pop-verlag.com\/?page_id=7470"},"modified":"2026-03-07T14:18:48","modified_gmt":"2026-03-07T14:18:48","slug":"levan-beridze","status":"publish","type":"page","link":"https:\/\/wp.pop-verlag.com\/?page_id=7470","title":{"rendered":"Levan Beridze"},"content":{"rendered":"<p><img loading=\"lazy\" decoding=\"async\" class=\"alignleft size-medium wp-image-7472\" src=\"https:\/\/wp.pop-verlag.com\/wp-content\/uploads\/2026\/03\/Levan-Beridze_Foto_Ilze-Venaga-242x300.jpg\" alt=\"\" width=\"242\" height=\"300\" srcset=\"https:\/\/wp.pop-verlag.com\/wp-content\/uploads\/2026\/03\/Levan-Beridze_Foto_Ilze-Venaga-242x300.jpg 242w, https:\/\/wp.pop-verlag.com\/wp-content\/uploads\/2026\/03\/Levan-Beridze_Foto_Ilze-Venaga-827x1024.jpg 827w, https:\/\/wp.pop-verlag.com\/wp-content\/uploads\/2026\/03\/Levan-Beridze_Foto_Ilze-Venaga-768x950.jpg 768w, https:\/\/wp.pop-verlag.com\/wp-content\/uploads\/2026\/03\/Levan-Beridze_Foto_Ilze-Venaga-1241x1536.jpg 1241w, https:\/\/wp.pop-verlag.com\/wp-content\/uploads\/2026\/03\/Levan-Beridze_Foto_Ilze-Venaga-1655x2048.jpg 1655w, https:\/\/wp.pop-verlag.com\/wp-content\/uploads\/2026\/03\/Levan-Beridze_Foto_Ilze-Venaga.jpg 1772w\" sizes=\"auto, (max-width: 242px) 100vw, 242px\" \/> <a href=\"https:\/\/wp.pop-verlag.com\/?page_id=7470\">Levan Beridze<\/a> wurde 1963 in Tiflis geboren. Der georgisch-deutsche Schriftsteller studierte Germanistik an der Staatlichen Universit\u00e4t Tiflis (Fakult\u00e4t f\u00fcr Westeurop\u00e4ische Literatur und Sprache) und verbrachte anschlie\u00dfend 15 Jahre in Berlin. Dort studierte er an der FU Berlin und arbeitete an einer Dissertation \u00fcber die Lyrik Rainer Maria Rilkes. Nach zwei Jahren gab er diese Arbeit auf und widmete sich fortan dem freien Schreiben in deutscher Sprache. 1996 ver\u00f6ffentlichte Beridze die Prosab\u00fccher Zwei Erz\u00e4hlungen und Die Dritte, das mit dem Herbert-Burda-Preis ausgezeichnet wurde. In seiner Laudatio betont Peter Handke: Der Rhythmus von Beridzes Erz\u00e4hlungen ist zutiefst poetisch; sie sind keine gedanklichen Konstrukte, keine Produkte, sondern geben der deutschen Sprache neue Konturen. Nach Jahren als freier Autor in Berlin kehrte Beridze nach Georgien zur\u00fcck, wo er an dem Roman Fora arbeitet, einem vielschichtigen Prosawerk \u00fcber Behinderungen im individuellen Leben und in der Geschichte sowie die Kluft zwischen westlicher und \u00f6stlicher Welt. Beridze erhielt Stipendien vom Baltic Centre for Writers and Translators in Visby\/Schweden und vom International Writers\u2019 House in Ventspils\/Lettland. Seit 2009 hat er an Lesungen in Lettland, Schweden, Norwegen und Washington D. C. teilgenommen. Der Roman Wie du sagst (Originalsprache Georgisch) wurde als bester Roman des Jahres mit dem Literaturpreis Muse ausgezeichnet. (Foto: Ilze-Venaga)<\/p>\n<p>Lieferbare Titel von <a href=\"https:\/\/wp.pop-verlag.com\/?page_id=7470\">Levan Beridze<\/a>:<\/p>\n<p>&#8211;<\/p>\n","protected":false},"excerpt":{"rendered":"<p>Levan Beridze wurde 1963 in Tiflis geboren. Der georgisch-deutsche Schriftsteller studierte Germanistik an der Staatlichen Universit\u00e4t Tiflis (Fakult\u00e4t f\u00fcr Westeurop\u00e4ische Literatur und Sprache) und verbrachte anschlie\u00dfend 15 Jahre in Berlin. Dort studierte er an der FU Berlin und arbeitete an &hellip; <a class=\"more-link\" href=\"https:\/\/wp.pop-verlag.com\/?page_id=7470\">Weiterlesen <span class=\"meta-nav\">&rarr;<\/span><\/a><\/p>\n","protected":false},"author":2,"featured_media":0,"parent":660,"menu_order":11,"comment_status":"closed","ping_status":"closed","template":"","meta":{"footnotes":""},"class_list":["post-7470","page","type-page","status-publish","hentry"],"jetpack_sharing_enabled":true,"_links":{"self":[{"href":"https:\/\/wp.pop-verlag.com\/index.php?rest_route=\/wp\/v2\/pages\/7470","targetHints":{"allow":["GET"]}}],"collection":[{"href":"https:\/\/wp.pop-verlag.com\/index.php?rest_route=\/wp\/v2\/pages"}],"about":[{"href":"https:\/\/wp.pop-verlag.com\/index.php?rest_route=\/wp\/v2\/types\/page"}],"author":[{"embeddable":true,"href":"https:\/\/wp.pop-verlag.com\/index.php?rest_route=\/wp\/v2\/users\/2"}],"replies":[{"embeddable":true,"href":"https:\/\/wp.pop-verlag.com\/index.php?rest_route=%2Fwp%2Fv2%2Fcomments&post=7470"}],"version-history":[{"count":4,"href":"https:\/\/wp.pop-verlag.com\/index.php?rest_route=\/wp\/v2\/pages\/7470\/revisions"}],"predecessor-version":[{"id":7475,"href":"https:\/\/wp.pop-verlag.com\/index.php?rest_route=\/wp\/v2\/pages\/7470\/revisions\/7475"}],"up":[{"embeddable":true,"href":"https:\/\/wp.pop-verlag.com\/index.php?rest_route=\/wp\/v2\/pages\/660"}],"wp:attachment":[{"href":"https:\/\/wp.pop-verlag.com\/index.php?rest_route=%2Fwp%2Fv2%2Fmedia&parent=7470"}],"curies":[{"name":"wp","href":"https:\/\/api.w.org\/{rel}","templated":true}]}}