{"id":742,"date":"2015-10-10T18:37:17","date_gmt":"2015-10-10T18:37:17","guid":{"rendered":"http:\/\/wp.pop-verlag.com\/?page_id=742"},"modified":"2022-09-10T07:12:04","modified_gmt":"2022-09-10T07:12:04","slug":"johann-lippet","status":"publish","type":"page","link":"https:\/\/wp.pop-verlag.com\/?page_id=742","title":{"rendered":"Johann Lippet"},"content":{"rendered":"<p><strong><a href=\"http:\/\/wp.pop-verlag.com\/wp-content\/uploads\/2015\/10\/EXIL_2012-32.jpg\"><img loading=\"lazy\" decoding=\"async\" class=\"alignleft wp-image-743 size-medium\" src=\"http:\/\/wp.pop-verlag.com\/wp-content\/uploads\/2015\/10\/EXIL_2012-32-225x300.jpg\" alt=\"Johann Lippet\" width=\"225\" height=\"300\" srcset=\"https:\/\/wp.pop-verlag.com\/wp-content\/uploads\/2015\/10\/EXIL_2012-32-225x300.jpg 225w, https:\/\/wp.pop-verlag.com\/wp-content\/uploads\/2015\/10\/EXIL_2012-32-768x1024.jpg 768w\" sizes=\"auto, (max-width: 225px) 100vw, 225px\" \/><\/a><a href=\"http:\/\/wp.pop-verlag.com\/?page_id=742\">Johann Lippet<\/a><\/strong> wurde 1951 in Wels\/ \u00d6sterreich geboren, wohin es seine Eltern in den Wirrnissen mit Ende des II. Weltkrieges verschlagen hatte. 1956 kehrte die Familie in das Geburtsdorf des Vaters im Banat, Rum\u00e4nien, zur\u00fcck. Nach dem Studium der Germanistik\/Rum\u00e4nistik in Temeswar war Johann Lippet mehrere Jahre als Deutschlehrer t\u00e4tig, von 1978-1987 als Dramaturg am Deutschen Staatstheater Temeswar. Nach seiner Ausreise 1987 Aus\u00fcbung verschiedener T\u00e4tigkeiten u.a. f\u00fcr das Nationaltheater Mannheim, sowie f\u00fcr die Akademie f\u00fcr \u00c4ltere und die Stadtb\u00fccherei Heidelberg. Johann Lippet wurden mehrere Preise und Stipendien verliehen, seit 1998 lebt er in Sandhausen bei Heidelberg als freischaffender Schriftsteller.<\/p>\n<p>Buchver\u00f6ffentlichungen: <em>biographie. ein muster. <\/em>Poem. Bukarest: Kriterion Verlag, 1980, <em>so wars im mai so ist es. <\/em>Gedichte. Bukarest: Kriterion Verlag, 1984; <em>Protokoll eines Abschieds und einer Einreise oder Die Angst vor dem Schwinden der Einzelheiten. <\/em>Roman. Heidelberg: Verlag Das Wunderhorn, 1990; <em>Die Falten im Gesicht. <\/em>Zwei Erz\u00e4hlungen. Heidelberg: Verlag Das Wunderhorn, 1991; <em>Abschied, Laut und Wahrnehmung. <\/em>Gedichte. Heidelberg: Verlag Das Wunderhorn, 1994;<em>Der Totengr\u00e4ber. <\/em>Eine Erz\u00e4hlung. Heidelberg: Verlag Das Wunderhorn, 1997;<em>Die T\u00fcr zu hinteren K\u00fcche. <\/em>Roman. Heidelberg: Verlag Das Wunderhorn, 2000;<em>Banater Alphabet. <\/em>Gedichte. Heidelberg: Verlag Das Wunderhorn, 2001; <em>Anrufung der Kindheit. <\/em>Poem. Lyrikedition 2000, M\u00fcnchen 2003; <em>Kapana, im Labyrinth.<\/em> Reiseaufzeichnungen aus Bulgarien. Heidelberg: Verlag Das Wunderhorn, 2004; <em>Das Feld r\u00e4umen.(II. Band \u201eDie T\u00fcr zur hinteren K\u00fcche) <\/em>Roman. Heidelberg: Verlag Das Wunderhorn, 2005; <em>Vom H\u00f6ren vom Sehen vom Finden der Sprache. <\/em>Gedichte. Lyrikedition 2000, M\u00fcnchen, 2006, <em>Migrant auf Lebzeiten<\/em>. Roman. Ludwigsburg: Pop 2008, <em>Im Garten von Edenkoben<\/em>. Gedichte. M\u00fcnchen: Lyrikedition 2000 2009, <em>Das Leben einer Akte. Chronologie einer Bespitzelung<\/em>. Heidelberg: Wunderhorn 2009, <em>Dorfchronik<\/em>, ein Roman. Roman. Ludwigsburg: Pop 2010, <em>Der Altenpfleger<\/em>. Zwei Erz\u00e4hlungen. Ludwigsburg: Pop 2011, <em>Tuchf\u00fchlung im Papierkorb<\/em>. Ein Gedichtbuch. Ludwigsburg: Pop 2012,<em> Bruchst\u00fccke aus erster und zweiter Hand<\/em>. Roman. Ludwigsburg: Pop 2012,<em> Die Quelle informiert. Ein Bericht.<\/em> Ludwigsburg: Pop 2014, <em>Amei und Mari oder Nacherz\u00e4hltes Leben. Ein Heimatroman.<\/em> Ludwigsburg: Pop 2015, <em>Kopfzeile, Fu\u00dfzeile. Gedichte &amp; Variationen<\/em>. Ludwigsburg: Pop 2016, <em>Wegkreuze. Beobachtete, geh\u00f6rte, gelesene und andere Geschichten<\/em>. Ludwigsburg: Pop 2017,<em> Franz, Franzi, Francisc. Romanfragment. (Nebst Arbeitsnotizen und Annotationen).<\/em> Ludwigsburg: Pop 2019, <em>Beziehungsweise(n). Gedichte&amp;Geschichten.<\/em> Ludwigsburg: Pop 2021.<\/p>\n<p>\u00dcbersetzungen: <em> Petre Stoica: Aus der Chronik des Alten, <\/em>Gedichte. <em>Ausgew\u00e4hlt und aus dem Rum\u00e4nischen \u00fcbersetzt von Johann Lippet. <\/em>Heidelberg: Verlag Das Wunderhorn, 2004<\/p>\n<p>Deb\u00fctpreis des rum\u00e4nischen Schriftstellerverbandes (1980), Adam M\u00fcller-Guttenbrunn-F\u00f6rderpreis f\u00fcr Prosa (Temeswar) (1980), Adam-M\u00fcller-Guttenbrunn-Literaturpreis f\u00fcr Lyrik (Temeswar) (1983), Deutscher Sprachpreis (Mit Gerhardt Csejka, Helmuth Frauendorfer, Klaus Hensel, Herta M\u00fcller, Werner S\u00f6llner, William Totok und Richard Wagner (1989), Arbeitsstipendien des F\u00f6rderkreises deutscher Schriftsteller in Baden-W\u00fcrttemberg (1991\/1995\/1999), Preis des Landes Baden-W\u00fcrttemberg f\u00fcr Der Totengr\u00e4ber (Autor und Verlag) (1997), Stipendiat des K\u00fcnstlerhauses Edenkoben (1998), Stipendium der Konrad-Adenauer-Stiftung (2001), Literaturstipendium der Kunststiftung Baden-W\u00fcrttemberg (2003), Preis des Landes Baden-W\u00fcrttemberg (1998), Stipendium der Konrad-Adenauer-Stiftung (2001).<\/p>\n<p>.<\/p>\n<p>Lieferbare Titel von <strong><a href=\"http:\/\/wp.pop-verlag.com\/?page_id=742\">Johann Lippet<\/a> <\/strong><\/p>\n<ul>\n<li><strong><em><a href=\"http:\/\/wp.pop-verlag.com\/?p=833\">Migrant auf Lebzeiten<\/a>,<\/em> <\/strong>Roman (EPIK- Sammlung) 226 Seiten,\u00a0ISBN:\u00a0 <strong>978-3-937139-<\/strong>56-2 \u20ac[D]15,90<\/li>\n<li><strong><em><a href=\"http:\/\/wp.pop-verlag.com\/?p=830\">Dorfchronik, ein Roman,<\/a><\/em> <\/strong> (EPIK- Sammlung) 789 Seiten,\u00a0ISBN:\u00a0 978-3-937139-99-9 \u20ac[D]25,90<\/li>\n<li><strong><em><a href=\"http:\/\/traian.pop-verlag.com\/der_altenpfleger,_zwei_erz%C3%A4hlungen_.htm\">Der Altenpfleger,<\/a><\/em><em><a href=\"http:\/\/traian.pop-verlag.com\/der_altenpfleger,_zwei_erz%C3%A4hlungen_.htm\"> Zwei Erz\u00e4hlungen.<\/a><\/em> <\/strong> (EPIK- Sammlung) 259 Seiten,\u00a0ISBN:\u00a0 978-3-86356-012-6 \u20ac[D] 13,20,<\/li>\n<li><strong><em><a href=\"http:\/\/wp.pop-verlag.com\/?p=910\">Tuchf\u00fchlung im Papierkorb. <\/a> <\/em><\/strong>Ein Gedichtbuch. (Lyrik- Sammlung) 168 Seiten,\u00a0ISBN:\u00a0 978-3-86356-034-8 \u20ac[D] 17,20<\/li>\n<li><strong><a href=\"http:\/\/traian.pop-verlag.com\/edition-matrix\/index.htm\">BAW\u00dcLON<\/a> \u2013 S\u00fcddeutsche MATRIX f\u00fcr Literatur und Kunst, Nr. 4\/2011 (4). <\/strong>114\u00a0Seiten, ISSN: 2192-3809;\u00a0<a href=\"http:\/\/wp.pop-verlag.com\/?page_id=742\">\u20ac[D] <\/a>7,00 <strong>\u2022<\/strong> <strong>Johann Lippet <\/strong><strong>60 <\/strong><strong>\u2022<\/strong> <strong>Johann Fischart \u2022 Renarius Flabellarius (Fischart-Fan, id est Rainer Wedler) \u2022 Hellmut Seiler \u2022 Johann Lippet *\u201eWir werden wie im M\u00e4rchen sterben\u201c, Aktionsgruppe Banat * Dieter Scherr \u2022 Safiye Can \u2022 Norbert Sternmut \u2022 \u00a0 \u00a0 Ferdinand Wedler \u2022 Carsten Piper \u2022 Uli Rothfuss \u2022 Rainer Wedler \u2022 Henning Sch\u00f6nenberger \u2022 Barbara Zeizinger u.a.<\/strong><\/li>\n<li><strong><a href=\"http:\/\/wp.pop-verlag.com\/?p=250\">Bruchst\u00fccke aus erster und zweiter Hand.<\/a><\/strong> Roman. (Epik- Sammlung) 251 S. ISBN:\u00a0 978-3-86356-050-8 \u20ac[D] 15,00<\/li>\n<li><strong><a href=\"http:\/\/wp.pop-verlag.com\/?page_id=734\">Horst Samson<\/a> <\/strong>(Hrsg.):<strong>\u00a0 <a href=\"http:\/\/wp.pop-verlag.com\/?p=255\">Heimat \u2013 gerettete Zunge.<\/a><\/strong> Visionen und Fiktionen deutschsprachiger Autoren aus Rum\u00e4nien.\u00a0Eine literarische Begegnung. Mit einem Vorwort von Prof. Dr. Wolfgang Schlott. (UNIVERSITAS Sammlung) 373 S. ISBN:\u00a0 978-3-86356-051-5, \u20ac [D] 25.00<\/li>\n<li><strong><a href=\"http:\/\/wp.pop-verlag.com\/?p=1509\">Kopfzeile, Fu\u00dfzeile.Gedichte&amp;Variationen<\/a><\/strong>. Pop Lyrik. 70 Seiten, ISBN 978-3-86356-<span class=\"readonlyText\">140-6<\/span>, 13,80\u20ac<\/li>\n<li><strong><a href=\"http:\/\/wp.pop-verlag.com\/?p=2319\"> Wegkreuze<\/a><\/strong>. Beobachtete, geh\u00f6rte, gelesene und andere Geschichten. ISBN: 978-3-86356-180-2, 102 Seiten, 13,80\u20ac<\/li>\n<li><a href=\"https:\/\/wp.pop-verlag.com\/?p=4132\" target=\"_blank\" rel=\"noopener\"><strong>Franz, Franzi, Francisc<\/strong><\/a>. Romanfragment. (Nebst Arbeitsnotizen und Annotationen). Die POP-Verlag-Epikreihe, Bd. 100, 176 Seiten, ISBN: 978-3-86356-246-5; \u20ac [D]16,90<\/li>\n<li><strong><a href=\"https:\/\/wp.pop-verlag.com\/?p=5639\" target=\"_blank\" rel=\"noopener\">Beziehungsweise(n). Gedichte &amp; Geschichten.\u00a0<\/a><\/strong>Reihe Epik Bd. 115, 185 Seiten, ISBN: 978-3-86356-307-3; \u20ac [D]18,50<\/li>\n<\/ul>\n","protected":false},"excerpt":{"rendered":"<p>Johann Lippet wurde 1951 in Wels\/ \u00d6sterreich geboren, wohin es seine Eltern in den Wirrnissen mit Ende des II. Weltkrieges verschlagen hatte. 1956 kehrte die Familie in das Geburtsdorf des Vaters im Banat, Rum\u00e4nien, zur\u00fcck. Nach dem Studium der Germanistik\/Rum\u00e4nistik &hellip; <a class=\"more-link\" href=\"https:\/\/wp.pop-verlag.com\/?page_id=742\">Weiterlesen <span class=\"meta-nav\">&rarr;<\/span><\/a><\/p>\n","protected":false},"author":2,"featured_media":0,"parent":697,"menu_order":0,"comment_status":"closed","ping_status":"closed","template":"","meta":{"footnotes":""},"class_list":["post-742","page","type-page","status-publish","hentry"],"jetpack_sharing_enabled":true,"_links":{"self":[{"href":"https:\/\/wp.pop-verlag.com\/index.php?rest_route=\/wp\/v2\/pages\/742","targetHints":{"allow":["GET"]}}],"collection":[{"href":"https:\/\/wp.pop-verlag.com\/index.php?rest_route=\/wp\/v2\/pages"}],"about":[{"href":"https:\/\/wp.pop-verlag.com\/index.php?rest_route=\/wp\/v2\/types\/page"}],"author":[{"embeddable":true,"href":"https:\/\/wp.pop-verlag.com\/index.php?rest_route=\/wp\/v2\/users\/2"}],"replies":[{"embeddable":true,"href":"https:\/\/wp.pop-verlag.com\/index.php?rest_route=%2Fwp%2Fv2%2Fcomments&post=742"}],"version-history":[{"count":13,"href":"https:\/\/wp.pop-verlag.com\/index.php?rest_route=\/wp\/v2\/pages\/742\/revisions"}],"predecessor-version":[{"id":6376,"href":"https:\/\/wp.pop-verlag.com\/index.php?rest_route=\/wp\/v2\/pages\/742\/revisions\/6376"}],"up":[{"embeddable":true,"href":"https:\/\/wp.pop-verlag.com\/index.php?rest_route=\/wp\/v2\/pages\/697"}],"wp:attachment":[{"href":"https:\/\/wp.pop-verlag.com\/index.php?rest_route=%2Fwp%2Fv2%2Fmedia&parent=742"}],"curies":[{"name":"wp","href":"https:\/\/api.w.org\/{rel}","templated":true}]}}

<p><strong><a href="http://wp.pop-verlag.com/wp-content/uploads/2015/10/EXIL_2012-32.jpg"><img loading="lazy" decoding="async" class="alignleft wp-image-743 size-medium" src="http://wp.pop-verlag.com/wp-content/uploads/2015/10/EXIL_2012-32-225x300.jpg" alt="Johann Lippet" width="225" height="300" srcset="https://wp.pop-verlag.com/wp-content/uploads/2015/10/EXIL_2012-32-225x300.jpg 225w, https://wp.pop-verlag.com/wp-content/uploads/2015/10/EXIL_2012-32-768x1024.jpg 768w" sizes="auto, (max-width: 225px) 100vw, 225px" /></a><a href="http://wp.pop-verlag.com/?page_id=742">Johann Lippet</a></strong> wurde 1951 in Wels/ Österreich geboren, wohin es seine Eltern in den Wirrnissen mit Ende des II. Weltkrieges verschlagen hatte. 1956 kehrte die Familie in das Geburtsdorf des Vaters im Banat, Rumänien, zurück. Nach dem Studium der Germanistik/Rumänistik in Temeswar war Johann Lippet mehrere Jahre als Deutschlehrer tätig, von 1978-1987 als Dramaturg am Deutschen Staatstheater Temeswar. Nach seiner Ausreise 1987 Ausübung verschiedener Tätigkeiten u.a. für das Nationaltheater Mannheim, sowie für die Akademie für Ältere und die Stadtbücherei Heidelberg. Johann Lippet wurden mehrere Preise und Stipendien verliehen, seit 1998 lebt er in Sandhausen bei Heidelberg als freischaffender Schriftsteller.</p>
<p>Buchveröffentlichungen: <em>biographie. ein muster. </em>Poem. Bukarest: Kriterion Verlag, 1980, <em>so wars im mai so ist es. </em>Gedichte. Bukarest: Kriterion Verlag, 1984; <em>Protokoll eines Abschieds und einer Einreise oder Die Angst vor dem Schwinden der Einzelheiten. </em>Roman. Heidelberg: Verlag Das Wunderhorn, 1990; <em>Die Falten im Gesicht. </em>Zwei Erzählungen. Heidelberg: Verlag Das Wunderhorn, 1991; <em>Abschied, Laut und Wahrnehmung. </em>Gedichte. Heidelberg: Verlag Das Wunderhorn, 1994;<em>Der Totengräber. </em>Eine Erzählung. Heidelberg: Verlag Das Wunderhorn, 1997;<em>Die Tür zu hinteren Küche. </em>Roman. Heidelberg: Verlag Das Wunderhorn, 2000;<em>Banater Alphabet. </em>Gedichte. Heidelberg: Verlag Das Wunderhorn, 2001; <em>Anrufung der Kindheit. </em>Poem. Lyrikedition 2000, München 2003; <em>Kapana, im Labyrinth.</em> Reiseaufzeichnungen aus Bulgarien. Heidelberg: Verlag Das Wunderhorn, 2004; <em>Das Feld räumen.(II. Band „Die Tür zur hinteren Küche) </em>Roman. Heidelberg: Verlag Das Wunderhorn, 2005; <em>Vom Hören vom Sehen vom Finden der Sprache. </em>Gedichte. Lyrikedition 2000, München, 2006, <em>Migrant auf Lebzeiten</em>. Roman. Ludwigsburg: Pop 2008, <em>Im Garten von Edenkoben</em>. Gedichte. München: Lyrikedition 2000 2009, <em>Das Leben einer Akte. Chronologie einer Bespitzelung</em>. Heidelberg: Wunderhorn 2009, <em>Dorfchronik</em>, ein Roman. Roman. Ludwigsburg: Pop 2010, <em>Der Altenpfleger</em>. Zwei Erzählungen. Ludwigsburg: Pop 2011, <em>Tuchfühlung im Papierkorb</em>. Ein Gedichtbuch. Ludwigsburg: Pop 2012,<em> Bruchstücke aus erster und zweiter Hand</em>. Roman. Ludwigsburg: Pop 2012,<em> Die Quelle informiert. Ein Bericht.</em> Ludwigsburg: Pop 2014, <em>Amei und Mari oder Nacherzähltes Leben. Ein Heimatroman.</em> Ludwigsburg: Pop 2015, <em>Kopfzeile, Fußzeile. Gedichte &amp; Variationen</em>. Ludwigsburg: Pop 2016, <em>Wegkreuze. Beobachtete, gehörte, gelesene und andere Geschichten</em>. Ludwigsburg: Pop 2017,<em> Franz, Franzi, Francisc. Romanfragment. (Nebst Arbeitsnotizen und Annotationen).</em> Ludwigsburg: Pop 2019, <em>Beziehungsweise(n). Gedichte&amp;Geschichten.</em> Ludwigsburg: Pop 2021.</p>
<p>Übersetzungen: <em> Petre Stoica: Aus der Chronik des Alten, </em>Gedichte. <em>Ausgewählt und aus dem Rumänischen übersetzt von Johann Lippet. </em>Heidelberg: Verlag Das Wunderhorn, 2004</p>
<p>Debütpreis des rumänischen Schriftstellerverbandes (1980), Adam Müller-Guttenbrunn-Förderpreis für Prosa (Temeswar) (1980), Adam-Müller-Guttenbrunn-Literaturpreis für Lyrik (Temeswar) (1983), Deutscher Sprachpreis (Mit Gerhardt Csejka, Helmuth Frauendorfer, Klaus Hensel, Herta Müller, Werner Söllner, William Totok und Richard Wagner (1989), Arbeitsstipendien des Förderkreises deutscher Schriftsteller in Baden-Württemberg (1991/1995/1999), Preis des Landes Baden-Württemberg für Der Totengräber (Autor und Verlag) (1997), Stipendiat des Künstlerhauses Edenkoben (1998), Stipendium der Konrad-Adenauer-Stiftung (2001), Literaturstipendium der Kunststiftung Baden-Württemberg (2003), Preis des Landes Baden-Württemberg (1998), Stipendium der Konrad-Adenauer-Stiftung (2001).</p>
<p>.</p>
<p>Lieferbare Titel von <strong><a href="http://wp.pop-verlag.com/?page_id=742">Johann Lippet</a> </strong></p>
<ul>
<li><strong><em><a href="http://wp.pop-verlag.com/?p=833">Migrant auf Lebzeiten</a>,</em> </strong>Roman (EPIK- Sammlung) 226 Seiten, ISBN:  <strong>978-3-937139-</strong>56-2 €[D]15,90</li>
<li><strong><em><a href="http://wp.pop-verlag.com/?p=830">Dorfchronik, ein Roman,</a></em> </strong> (EPIK- Sammlung) 789 Seiten, ISBN:  978-3-937139-99-9 €[D]25,90</li>
<li><strong><em><a href="http://traian.pop-verlag.com/der_altenpfleger,_zwei_erz%C3%A4hlungen_.htm">Der Altenpfleger,</a></em><em><a href="http://traian.pop-verlag.com/der_altenpfleger,_zwei_erz%C3%A4hlungen_.htm"> Zwei Erzählungen.</a></em> </strong> (EPIK- Sammlung) 259 Seiten, ISBN:  978-3-86356-012-6 €[D] 13,20,</li>
<li><strong><em><a href="http://wp.pop-verlag.com/?p=910">Tuchfühlung im Papierkorb. </a> </em></strong>Ein Gedichtbuch. (Lyrik- Sammlung) 168 Seiten, ISBN:  978-3-86356-034-8 €[D] 17,20</li>
<li><strong><a href="http://traian.pop-verlag.com/edition-matrix/index.htm">BAWÜLON</a> – Süddeutsche MATRIX für Literatur und Kunst, Nr. 4/2011 (4). </strong>114 Seiten, ISSN: 2192-3809; <a href="http://wp.pop-verlag.com/?page_id=742">€[D] </a>7,00 <strong>•</strong> <strong>Johann Lippet </strong><strong>60 </strong><strong>•</strong> <strong>Johann Fischart • Renarius Flabellarius (Fischart-Fan, id est Rainer Wedler) • Hellmut Seiler • Johann Lippet *„Wir werden wie im Märchen sterben“, Aktionsgruppe Banat * Dieter Scherr • Safiye Can • Norbert Sternmut •     Ferdinand Wedler • Carsten Piper • Uli Rothfuss • Rainer Wedler • Henning Schönenberger • Barbara Zeizinger u.a.</strong></li>
<li><strong><a href="http://wp.pop-verlag.com/?p=250">Bruchstücke aus erster und zweiter Hand.</a></strong> Roman. (Epik- Sammlung) 251 S. ISBN:  978-3-86356-050-8 €[D] 15,00</li>
<li><strong><a href="http://wp.pop-verlag.com/?page_id=734">Horst Samson</a> </strong>(Hrsg.):<strong>  <a href="http://wp.pop-verlag.com/?p=255">Heimat – gerettete Zunge.</a></strong> Visionen und Fiktionen deutschsprachiger Autoren aus Rumänien. Eine literarische Begegnung. Mit einem Vorwort von Prof. Dr. Wolfgang Schlott. (UNIVERSITAS Sammlung) 373 S. ISBN:  978-3-86356-051-5, € [D] 25.00</li>
<li><strong><a href="http://wp.pop-verlag.com/?p=1509">Kopfzeile, Fußzeile.Gedichte&amp;Variationen</a></strong>. Pop Lyrik. 70 Seiten, ISBN 978-3-86356-<span class="readonlyText">140-6</span>, 13,80€</li>
<li><strong><a href="http://wp.pop-verlag.com/?p=2319"> Wegkreuze</a></strong>. Beobachtete, gehörte, gelesene und andere Geschichten. ISBN: 978-3-86356-180-2, 102 Seiten, 13,80€</li>
<li><a href="https://wp.pop-verlag.com/?p=4132" target="_blank" rel="noopener"><strong>Franz, Franzi, Francisc</strong></a>. Romanfragment. (Nebst Arbeitsnotizen und Annotationen). Die POP-Verlag-Epikreihe, Bd. 100, 176 Seiten, ISBN: 978-3-86356-246-5; € [D]16,90</li>
<li><strong><a href="https://wp.pop-verlag.com/?p=5639" target="_blank" rel="noopener">Beziehungsweise(n). Gedichte &amp; Geschichten. </a></strong>Reihe Epik Bd. 115, 185 Seiten, ISBN: 978-3-86356-307-3; € [D]18,50</li>
</ul>

<p>Johann Lippet wurde 1951 in Wels/ Österreich geboren, wohin es seine Eltern in den Wirrnissen mit Ende des II. Weltkrieges verschlagen hatte. 1956 kehrte die Familie in das Geburtsdorf des Vaters im Banat, Rumänien, zurück. Nach dem Studium der Germanistik/Rumänistik &hellip; <a class="more-link" href="https://wp.pop-verlag.com/?page_id=742">Weiterlesen <span class="meta-nav">&rarr;</span></a></p>
