{"id":734,"date":"2015-10-10T18:18:43","date_gmt":"2015-10-10T18:18:43","guid":{"rendered":"http:\/\/wp.pop-verlag.com\/?page_id=734"},"modified":"2022-09-10T07:15:53","modified_gmt":"2022-09-10T07:15:53","slug":"horst-samson","status":"publish","type":"page","link":"https:\/\/wp.pop-verlag.com\/?page_id=734","title":{"rendered":"Horst Samson"},"content":{"rendered":"<p><strong>HORST SAMSON<\/strong>, Geb. am 4. Juni 1954, im Weiler Salcimi (B\u0103r\u0103gan\/Rum\u00e4nien), Lehrer, Journalist. Er emigrierte am 6. M\u00e4rz 1987 in die Bundesrepublik Deutschland, lebt heute als freier Autor in Neuberg bei Frankfurt am Main.<br \/>\nVer\u00f6ffentlichungen: <em>Der blaue Wasserjunge<\/em>. Gedichte. Timi\u0219oara: Facla 1978, <em>Tiefflug<\/em>. Gedichte. Cluj-Napoca: Dacia 1981,<em> Reibfl\u00e4che.<\/em> Gedichte. Bukarest: Kriterion 1982, <em>Lebraum<\/em>. Gedichte. Cluj-Napoda: Dacia 1985, <em>Wer springt schon aus der Schiene.<\/em> Gedichte. Privatdruck. Neuberg: Nosmas 1991, <em>Was noch blieb von Edom.<\/em> Gedichte. Neuberg: Nosmas 1994, <em>La Victoire. Poem<\/em>. M\u00fcnchen: Lyrikedition 2000 2003, <em>Und wenn du willst, vergiss<\/em>. Gedichte. Pop Verlag, Ludwigsburg: Pop 2010, <em>Kein Schweigen bleibt ungeh\u00f6rt<\/em>. Gedichte. Ludwigsburg: Pop 2013, <em>Das Imagin\u00e4re und unsere Anwesenheit darin<\/em>. Gedichte. Ludwigsburg: Pop 2014, <em>Heimat als Versuchung \u2013 Das nackte Leben. Literarisches Lesebuch<\/em>. Ludwigsburg: Pop 2018, <em>Das Meer im Rausch<\/em>. Gedichte. Ludwigsburg: Pop 2019, <em>In der Sprache brennt noch Licht<\/em>. Gedichte. Ludwigsburg: Pop 2021, <em>Der Tod ist noch am Leben<\/em>. Gedichte. Mit 23 Zeichnungen von Gert Fabritius. Ludwigsburg: Pop 2022. Herausgeber: Zus. mit. Hans Magnus Enzensberger, G\u00fcnter Grass, G\u00fcnter Wallraff und anderen: Salman Rushdie:<em> Die Satanischen Verse<\/em>. Hamburg: Artikel 19 1988, Zus. mit Nikolaus Berwanger und Eduard Schneider: <em>Pflastersteine<\/em>.<em> Literarisches Jahrbuch des Adam M\u00fcller-Guttenbrunn-Literaturkreises<\/em>. Temeswar 1982,<em> Heimat \u2013 gerettete Zunge. Visionen und Fiktionen deutschsprachiger Autoren aus Rum\u00e4nien<\/em>. Ludwigsburg: Pop 2013, Zus. mit Anton Sterbling:<em> Die Sprache, die auf das Nichts folgt, die kennen wir nicht. S\u00e4tze und Texte f\u00fcr Richard Wagner<\/em>\u201c. Ludwigsburg: Pop 2018.<br \/>\nLyrikpreis des Rum\u00e4nischen Schriftstellerverbandes (1981); Preis des Literaturkreises \u201eAdam M\u00fcller-Guttenbrunn\u201c der Schriftstellervereinigung Temeswar (1982); Stipendiat des Deutschen Literaturfonds Darmstadt (1988\/89); Nordhessischer Lyrikpreis (1992) der Europa-Akademie Eschwege, der Stadt Eschwege und des Werra-Mei\u00dfner-Kreises; F\u00f6rderpreis des Lyrikpreises Meran\/Italien (1998); 2007 ausgezeichnet f\u00fcr \u201eDas sch\u00f6nste deutsche Delfingedicht\u201c von der Gesellschaft zum Schutz der Delfine, der Zeitschrift \u201eDas Gedicht\u201c (M\u00fcnchen) und Rewe-Touristik; Stefan-J\u00e4ger-Ehrenmedaille des Demokratischen Forums der Deutschen in Temeswar (2014); zuletzt Gerhard-Beier-Preis der Literaturgesellschaft Hessen (2014). Mitglied im Internationalen P.E.N. (2006\u20132014 Generalsekret\u00e4r des \u201eInternationalen EXIL-P.E.N.\u00a0\u2013Sektion Deutschsprachige L\u00e4nder\u201c), Mitglied im bundesdeutschen VS und im Rum\u00e4nischen Schriftstellerverband.<\/p>\n<p>Lniks: Horst Samson:<\/p>\n<div class=\"\" dir=\"auto\">\n<div id=\"jsc_c_5\" class=\"ecm0bbzt hv4rvrfc ihqw7lf3 dati1w0a\" data-ad-comet-preview=\"message\" data-ad-preview=\"message\">\n<div class=\"j83agx80 cbu4d94t ew0dbk1b irj2b8pg\">\n<div class=\"qzhwtbm6 knvmm38d\">\n<div class=\"kvgmc6g5 cxmmr5t8 oygrvhab hcukyx3x c1et5uql ii04i59q\">\n<div dir=\"auto\"><a href=\"https:\/\/www.youtube.com\/watch?v=euPdHHhFQUE&amp;t=215s\">Nachdenken \u00fcber Ostern im Durchgangslager f\u00fcr Aussiedler im M\u00e4rz 1987 in Heidelberg\/Kirchheim. Das n\u00e4chste Osterfest kommt bestimmt. Hier ein literarischer R\u00fcckblick auf jene Zeit und eine Lesung aus meiner Corona-Lese-Serie des Jahres 2020!<\/a><\/div>\n<\/div>\n<\/div>\n<\/div>\n<\/div>\n<\/div>\n<p><span class=\"readonlyText multiple\">Lieferbare Titel von<\/span> <strong><a href=\"http:\/\/wp.pop-verlag.com\/?page_id=734\">Horst Samson<\/a><\/strong>:<\/p>\n<ul>\n<li><strong>\u201e<a href=\"http:\/\/wp.pop-verlag.com\/?p=134\" target=\"_blank\" rel=\"noopener\">Und wenn du willst, vergiss<\/a>\u201c<\/strong> , 2010, Gedichte. Pop Lyrik. 126 Seiten, 14,90 \u20ac<br \/>\nISBN 978-3-937139-92-0<\/li>\n<li><strong>\u201e<a href=\"http:\/\/wp.pop-verlag.com\/?p=164\" target=\"_blank\" rel=\"noopener\">Kein Schweigen bleibt ungeh\u00f6rt<\/a>\u201c<\/strong>, 2013, Gedichte. Pop Lyrik. 161 Seiten, 14,99 \u20ac<br \/>\nISBN 978-3-86356-055-3<\/li>\n<li>\u201e<a href=\"http:\/\/wp.pop-verlag.com\/?p=941\" target=\"_blank\" rel=\"noopener\">Heimat \u2013 gerettete Zunge. Visionen und Fiktionen deutschsprachiger Autoren aus Rum\u00e4nien<\/a>\u201c, 2013,\u00a0Eine literarische Begegnung. Mit einem Vorwort von Prof. Dr. Wolfgang Schlott. <strong><a href=\"http:\/\/wp.pop-verlag.com\/?page_id=734\">Horst Samson<\/a> (Hrsg.), <span class=\"readonlyText\">Ingmar Brantsch,<\/span><span class=\"readonlyText\">Hans Bergel, Walter <\/span><span class=\"readonlyText\">Engel,Ilse <\/span><span class=\"readonlyText\">Hehn, Franz <\/span><span class=\"readonlyText\">Heinz, Klaus <\/span><span class=\"readonlyText\">Hensel, Franz <\/span><span class=\"readonlyText\">Hodjak, Johann <\/span><span class=\"readonlyText\">Lippet, <\/span><label class=\"control-label\"><\/label><span class=\"readonlyText\">Dieter Schlesak, Olivia <\/span><span class=\"readonlyText\">Spiridon, <\/span><span class=\"readonlyText\">Horst Samson, <\/span><span class=\"readonlyText\">Peter Motzan, <\/span><span class=\"readonlyText\">Gerhard Ortinau,\u00a0<\/span><span class=\"readonlyText\">Friedrich Schuller, <\/span><span class=\"readonlyText\">Hellmut Seiler, Balthasar <\/span><span class=\"readonlyText\">Waitz<\/span><\/strong>:<strong>\u00a0<\/strong> Heimat \u2013 gerettete Zunge. Visionen und Fiktionen deutschsprachiger Autoren aus Rum\u00e4nien.\u00a0 (UNIVERSITAS Sammlung) 373 S. ISBN:\u00a0 978-3-86356-051-5, \u20ac [D] 25,\u2013 \u20ac [AT] 25,\u2013 SFr [CH] 35,-<\/li>\n<li><strong>\u201e<a href=\"http:\/\/wp.pop-verlag.com\/?p=564\" target=\"_blank\" rel=\"noopener\">Das Imagin\u00e4re und unsere Anwesenheit darin<\/a>\u201c<\/strong>. Gedichte. Pop Lyrik. 179 Seiten, 17,80 \u20ac<br \/>\nISBN 978-3-86356-097-3<\/li>\n<li><strong>Horst Samson<\/strong> <strong>&amp; <a href=\"http:\/\/wp.pop-verlag.com\/?page_id=2593\">Anton Sterbling<\/a><\/strong> (Hrsg.):<a href=\"http:\/\/wp.pop-verlag.com\/?p=2670\"><strong> &#8222;Die Sprache, die auf das Nichts folgt, die kennen wir nicht. S\u00e4tze und Texte f\u00fcr Richard Wagner.&#8220;<\/strong> <\/a>Mit Grafiken und Malereien von Walter Andreas Kirchner. Fragmentarium Reihe. 320 Seiten,\u00a0ISBN: 978-3-86356-174-1,\u00a0 \u20ac[D] 23,00<\/li>\n<li><a href=\"https:\/\/wp.pop-verlag.com\/?page_id=734\"><strong>Horst Samson<\/strong><\/a>: <a href=\"https:\/\/wp.pop-verlag.com\/?p=3580\"><strong>Heimat als Versuchung \u2013 Das nackte Leben<\/strong>.<\/a> Literarisches Lesebuch \u2013<br \/>\nGedichte, Prosa, Literaturkritiken, Interviews. Reihe Lesezeichen Band 4. ISBN: 978-3-86356-196-3, 486 Seiten, 24,50\u20ac<\/li>\n<li><a href=\"http:\/\/wp.pop-verlag.com\/?page_id=2593\"><strong>\u00a0Anton Strebling<\/strong><\/a>:<strong><a href=\"https:\/\/wp.pop-verlag.com\/?p=4009\">\u00dcber deutsche Dichter, Schriftsteller und Intellektuelle aus Rum\u00e4nien<\/a>. <\/strong>Autorenportraits, Essays und Rezensionen.<a href=\"https:\/\/wp.pop-verlag.com\/?p=2670\">Richard Wagner<\/a>, Herta M\u00fcller, Paul Schuster, <a href=\"https:\/\/wp.pop-verlag.com\/?page_id=742\">Johann Lippet<\/a>, <a href=\"https:\/\/wp.pop-verlag.com\/?page_id=964\">Hellmut Seiler<\/a>, <a href=\"https:\/\/wp.pop-verlag.com\/?page_id=734\">Horst Samson<\/a>, Ilse Hehn,\u00a0Werner Kremm.Pop Universitas, Bd. 14, ISBN 978-3-86356-251-9, 216 Seiten, \u20ac[D]16,50<\/li>\n<li><strong><a href=\"https:\/\/wp.pop-verlag.com\/?page_id=734\">Horst Samson<\/a><\/strong>: <a href=\"https:\/\/wp.pop-verlag.com\/?p=4143\"><strong>Heimat als Versuchung \u2013 Das nackte Leben<\/strong>.<\/a> 2. erweiterte Auflage. Literarisches Lesebuch \u2013 Gedichte, Prosa, Literaturkritiken, Interviews. Reihe Lesezeichen Band 4. ISBN: 978-3-86356-263-2, 532 Seiten, 25,90\u20ac<\/li>\n<li><a href=\"https:\/\/wp.pop-verlag.com\/?p=4596\"><strong>Das Meer im Rausch.<\/strong> <\/a>Gedichte und Bilder. Lyrikreihe Bd. 140; ISBN 978-3-86356-285-4; 175 Seiten, \u20ac[D]19,90<\/li>\n<li><strong><a href=\"https:\/\/wp.pop-verlag.com\/?p=5884\">In der Sprache brennt noch Licht<\/a>.<\/strong> Gedichter. Lyrikreihe Bd. 165; ISBN 978-3-86356-337-0; 195 Seiten, \u20ac[D]19,90<\/li>\n<\/ul>\n<p>&nbsp;<\/p>\n","protected":false},"excerpt":{"rendered":"<p>HORST SAMSON, Geb. am 4. Juni 1954, im Weiler Salcimi (B\u0103r\u0103gan\/Rum\u00e4nien), Lehrer, Journalist. Er emigrierte am 6. M\u00e4rz 1987 in die Bundesrepublik Deutschland, lebt heute als freier Autor in Neuberg bei Frankfurt am Main. Ver\u00f6ffentlichungen: Der blaue Wasserjunge. Gedichte. Timi\u0219oara: &hellip; <a class=\"more-link\" href=\"https:\/\/wp.pop-verlag.com\/?page_id=734\">Weiterlesen <span class=\"meta-nav\">&rarr;<\/span><\/a><\/p>\n","protected":false},"author":2,"featured_media":0,"parent":712,"menu_order":0,"comment_status":"closed","ping_status":"closed","template":"","meta":{"footnotes":""},"class_list":["post-734","page","type-page","status-publish","hentry"],"jetpack_sharing_enabled":true,"_links":{"self":[{"href":"https:\/\/wp.pop-verlag.com\/index.php?rest_route=\/wp\/v2\/pages\/734","targetHints":{"allow":["GET"]}}],"collection":[{"href":"https:\/\/wp.pop-verlag.com\/index.php?rest_route=\/wp\/v2\/pages"}],"about":[{"href":"https:\/\/wp.pop-verlag.com\/index.php?rest_route=\/wp\/v2\/types\/page"}],"author":[{"embeddable":true,"href":"https:\/\/wp.pop-verlag.com\/index.php?rest_route=\/wp\/v2\/users\/2"}],"replies":[{"embeddable":true,"href":"https:\/\/wp.pop-verlag.com\/index.php?rest_route=%2Fwp%2Fv2%2Fcomments&post=734"}],"version-history":[{"count":13,"href":"https:\/\/wp.pop-verlag.com\/index.php?rest_route=\/wp\/v2\/pages\/734\/revisions"}],"predecessor-version":[{"id":6377,"href":"https:\/\/wp.pop-verlag.com\/index.php?rest_route=\/wp\/v2\/pages\/734\/revisions\/6377"}],"up":[{"embeddable":true,"href":"https:\/\/wp.pop-verlag.com\/index.php?rest_route=\/wp\/v2\/pages\/712"}],"wp:attachment":[{"href":"https:\/\/wp.pop-verlag.com\/index.php?rest_route=%2Fwp%2Fv2%2Fmedia&parent=734"}],"curies":[{"name":"wp","href":"https:\/\/api.w.org\/{rel}","templated":true}]}}