{"id":7262,"date":"2025-09-26T14:38:35","date_gmt":"2025-09-26T14:38:35","guid":{"rendered":"https:\/\/wp.pop-verlag.com\/?page_id=7262"},"modified":"2025-09-26T14:39:47","modified_gmt":"2025-09-26T14:39:47","slug":"mircia-dumitrescu","status":"publish","type":"page","link":"https:\/\/wp.pop-verlag.com\/?page_id=7262","title":{"rendered":"Mircia Dumitrescu"},"content":{"rendered":"<p>Der Illustrator <a href=\"https:\/\/wp.pop-verlag.com\/?page_id=7262\">Mircia Dumitrescu<\/a> wurde 1941 in C\u0103scioarele\/Ilfov, Rum\u00e4nien, geboren. Absolvent des Instituts f\u00fcr bildende K\u00fcnste \u201eNicolae Grigorescu\u201c in Bukarest, wo er sp\u00e4ter Grafik lehrte, Mitglied des Verbandes bildender K\u00fcnstler Rum\u00e4niens und des Verbandes der Graveure und Lithografen Ungarns. 2005 arbeitete er mit der Rum\u00e4nischen Akademie am Projekt zur Rettung der Eminescu-Manuskripte mit. Im April 2013 wurde er zum korrespondierenden Mitglied der Rum\u00e4nischen Akademie, Sektion Kunst, Architektur und Audiovisuelles, gew\u00e4hlt, im Mai 2024 zum ordentlichen Mitglied. Von 1973 bis heute hatte er \u00fcber zwanzig nationale und internationale Einzelausstellungen in zahlreichen L\u00e4ndern, in renommierten Galerien in Halle, Rostock, Dresden, Leonberg, Budapest, Peking, Tuusula und mehrmals im Nationalen Kunstmuseum Rum\u00e4niens. Er erhielt viele Auszeichnungen, darunter den Stern Rum\u00e4niens, ist Ehrendoktor mehrerer Universit\u00e4ten und wurde mit renommierten nationalen und internationalen Preisen ausgezeichnet. Er gilt als Meister der rum\u00e4nischen Grafik, als wahrer Begr\u00fcnder einer Schule mit einer starken Pers\u00f6nlichkeit, die sich auch in Malerei, Bildhauerei und Buchgrafik ausdr\u00fcckt. Einige von Mircia Dumitrescu illustrierte Ausgaben gelten als Sammlerst\u00fccke in der gro\u00dfen Tradition der klassischen Gravur.<\/p>\n<p>Lieferbare Titel von <a href=\"https:\/\/wp.pop-verlag.com\/?page_id=7262\">Mircia Dumitrescu<\/a>:<\/p>\n<p><a href=\"https:\/\/wp.pop-verlag.com\/?page_id=4939\">Dinu Flamand<\/a>: <em><a href=\"https:\/\/wp.pop-verlag.com\/?p=7225\">Mensch mit geschultertem Ruder<\/a>.<\/em> Gedichte.\u00a0Aus dem Rum\u00e4nischen von Edith Konradt. Mit Illustrationen von Mircia Dumitrescu. Reihe Lyrik Bd. 191, ISBN: 978-3-86356-426-1, 198 S., \u20ac[D]21,50<\/p>\n","protected":false},"excerpt":{"rendered":"<p>Der Illustrator Mircia Dumitrescu wurde 1941 in C\u0103scioarele\/Ilfov, Rum\u00e4nien, geboren. Absolvent des Instituts f\u00fcr bildende K\u00fcnste \u201eNicolae Grigorescu\u201c in Bukarest, wo er sp\u00e4ter Grafik lehrte, Mitglied des Verbandes bildender K\u00fcnstler Rum\u00e4niens und des Verbandes der Graveure und Lithografen Ungarns. 2005 &hellip; <a class=\"more-link\" href=\"https:\/\/wp.pop-verlag.com\/?page_id=7262\">Weiterlesen <span class=\"meta-nav\">&rarr;<\/span><\/a><\/p>\n","protected":false},"author":2,"featured_media":0,"parent":664,"menu_order":14,"comment_status":"closed","ping_status":"closed","template":"","meta":{"footnotes":""},"class_list":["post-7262","page","type-page","status-publish","hentry"],"jetpack_sharing_enabled":true,"_links":{"self":[{"href":"https:\/\/wp.pop-verlag.com\/index.php?rest_route=\/wp\/v2\/pages\/7262","targetHints":{"allow":["GET"]}}],"collection":[{"href":"https:\/\/wp.pop-verlag.com\/index.php?rest_route=\/wp\/v2\/pages"}],"about":[{"href":"https:\/\/wp.pop-verlag.com\/index.php?rest_route=\/wp\/v2\/types\/page"}],"author":[{"embeddable":true,"href":"https:\/\/wp.pop-verlag.com\/index.php?rest_route=\/wp\/v2\/users\/2"}],"replies":[{"embeddable":true,"href":"https:\/\/wp.pop-verlag.com\/index.php?rest_route=%2Fwp%2Fv2%2Fcomments&post=7262"}],"version-history":[{"count":2,"href":"https:\/\/wp.pop-verlag.com\/index.php?rest_route=\/wp\/v2\/pages\/7262\/revisions"}],"predecessor-version":[{"id":7265,"href":"https:\/\/wp.pop-verlag.com\/index.php?rest_route=\/wp\/v2\/pages\/7262\/revisions\/7265"}],"up":[{"embeddable":true,"href":"https:\/\/wp.pop-verlag.com\/index.php?rest_route=\/wp\/v2\/pages\/664"}],"wp:attachment":[{"href":"https:\/\/wp.pop-verlag.com\/index.php?rest_route=%2Fwp%2Fv2%2Fmedia&parent=7262"}],"curies":[{"name":"wp","href":"https:\/\/api.w.org\/{rel}","templated":true}]}}