{"id":7236,"date":"2025-09-26T04:02:58","date_gmt":"2025-09-26T04:02:58","guid":{"rendered":"https:\/\/wp.pop-verlag.com\/?page_id=7236"},"modified":"2025-09-26T04:03:37","modified_gmt":"2025-09-26T04:03:37","slug":"lorand-petho","status":"publish","type":"page","link":"https:\/\/wp.pop-verlag.com\/?page_id=7236","title":{"rendered":"Lorand Peth\u0151"},"content":{"rendered":"<p><img loading=\"lazy\" decoding=\"async\" class=\"alignleft size-medium wp-image-7237\" src=\"https:\/\/wp.pop-verlag.com\/wp-content\/uploads\/2025\/09\/Pethoe-Lorand_Cluj-2025-225x300.jpg\" alt=\"\" width=\"225\" height=\"300\" srcset=\"https:\/\/wp.pop-verlag.com\/wp-content\/uploads\/2025\/09\/Pethoe-Lorand_Cluj-2025-225x300.jpg 225w, https:\/\/wp.pop-verlag.com\/wp-content\/uploads\/2025\/09\/Pethoe-Lorand_Cluj-2025-768x1024.jpg 768w, https:\/\/wp.pop-verlag.com\/wp-content\/uploads\/2025\/09\/Pethoe-Lorand_Cluj-2025-1152x1536.jpg 1152w, https:\/\/wp.pop-verlag.com\/wp-content\/uploads\/2025\/09\/Pethoe-Lorand_Cluj-2025-1536x2048.jpg 1536w, https:\/\/wp.pop-verlag.com\/wp-content\/uploads\/2025\/09\/Pethoe-Lorand_Cluj-2025-scaled.jpg 1920w\" sizes=\"auto, (max-width: 225px) 100vw, 225px\" \/> Lorand Peth\u0151, geb. 1983 \u00een Huedin (Siebenb\u00fcrgen\/Rum\u00e4nien). Dichter, literarischer \u00dcbersetzer. Im Jahr 2006 schloss er sein Studium an der Fakult\u00e4t f\u00fcr Theater und Fernsehen der Babe\u015f-Bolyai Universit\u00e4t Cluj-Napoca ab. Von 2006 bis 2014 war er Dramaturg und Direktor der ungarischen Kompanie des Puck Puppentheaters in Cluj-Napoca. Er lebt und arbeitet derzeit in \u00d6sterreich. Einige Ver\u00f6ffentlichungen. Zuletzt: \u201eT\u00e1volod\u00f3 orsz\u00e1g\u201d (Dt. \u201eFernes Land\u201c), 2023, \u201eB\u00e1dogmadarak\u201d (Dt. \u201eBlechv\u00f6gel\u201c), 2023, \u201eNeh\u00e9z id\u0151k\u201c (Dt. \u201eSchwierige Zeiten\u201c), 2024. Preistr\u00e4ger des Poesiepreises \u201eIrodalmi Jelen\u201c und Ehrenb\u00fcrger der Stadt S\u0103laj\/Rum\u00e4nien. Er ist Mitglied im Ungarischen P.E.N.-Club.<\/p>\n","protected":false},"excerpt":{"rendered":"<p>Lorand Peth\u0151, geb. 1983 \u00een Huedin (Siebenb\u00fcrgen\/Rum\u00e4nien). Dichter, literarischer \u00dcbersetzer. Im Jahr 2006 schloss er sein Studium an der Fakult\u00e4t f\u00fcr Theater und Fernsehen der Babe\u015f-Bolyai Universit\u00e4t Cluj-Napoca ab. Von 2006 bis 2014 war er Dramaturg und Direktor der ungarischen &hellip; <a class=\"more-link\" href=\"https:\/\/wp.pop-verlag.com\/?page_id=7236\">Weiterlesen <span class=\"meta-nav\">&rarr;<\/span><\/a><\/p>\n","protected":false},"author":2,"featured_media":0,"parent":706,"menu_order":10,"comment_status":"closed","ping_status":"closed","template":"","meta":{"footnotes":""},"class_list":["post-7236","page","type-page","status-publish","hentry"],"jetpack_sharing_enabled":true,"_links":{"self":[{"href":"https:\/\/wp.pop-verlag.com\/index.php?rest_route=\/wp\/v2\/pages\/7236","targetHints":{"allow":["GET"]}}],"collection":[{"href":"https:\/\/wp.pop-verlag.com\/index.php?rest_route=\/wp\/v2\/pages"}],"about":[{"href":"https:\/\/wp.pop-verlag.com\/index.php?rest_route=\/wp\/v2\/types\/page"}],"author":[{"embeddable":true,"href":"https:\/\/wp.pop-verlag.com\/index.php?rest_route=\/wp\/v2\/users\/2"}],"replies":[{"embeddable":true,"href":"https:\/\/wp.pop-verlag.com\/index.php?rest_route=%2Fwp%2Fv2%2Fcomments&post=7236"}],"version-history":[{"count":2,"href":"https:\/\/wp.pop-verlag.com\/index.php?rest_route=\/wp\/v2\/pages\/7236\/revisions"}],"predecessor-version":[{"id":7239,"href":"https:\/\/wp.pop-verlag.com\/index.php?rest_route=\/wp\/v2\/pages\/7236\/revisions\/7239"}],"up":[{"embeddable":true,"href":"https:\/\/wp.pop-verlag.com\/index.php?rest_route=\/wp\/v2\/pages\/706"}],"wp:attachment":[{"href":"https:\/\/wp.pop-verlag.com\/index.php?rest_route=%2Fwp%2Fv2%2Fmedia&parent=7236"}],"curies":[{"name":"wp","href":"https:\/\/api.w.org\/{rel}","templated":true}]}}

Lorand Pethő

<p><img loading="lazy" decoding="async" class="alignleft size-medium wp-image-7237" src="https://wp.pop-verlag.com/wp-content/uploads/2025/09/Pethoe-Lorand_Cluj-2025-225x300.jpg" alt="" width="225" height="300" srcset="https://wp.pop-verlag.com/wp-content/uploads/2025/09/Pethoe-Lorand_Cluj-2025-225x300.jpg 225w, https://wp.pop-verlag.com/wp-content/uploads/2025/09/Pethoe-Lorand_Cluj-2025-768x1024.jpg 768w, https://wp.pop-verlag.com/wp-content/uploads/2025/09/Pethoe-Lorand_Cluj-2025-1152x1536.jpg 1152w, https://wp.pop-verlag.com/wp-content/uploads/2025/09/Pethoe-Lorand_Cluj-2025-1536x2048.jpg 1536w, https://wp.pop-verlag.com/wp-content/uploads/2025/09/Pethoe-Lorand_Cluj-2025-scaled.jpg 1920w" sizes="auto, (max-width: 225px) 100vw, 225px" /> Lorand Pethő, geb. 1983 în Huedin (Siebenbürgen/Rumänien). Dichter, literarischer Übersetzer. Im Jahr 2006 schloss er sein Studium an der Fakultät für Theater und Fernsehen der Babeş-Bolyai Universität Cluj-Napoca ab. Von 2006 bis 2014 war er Dramaturg und Direktor der ungarischen Kompanie des Puck Puppentheaters in Cluj-Napoca. Er lebt und arbeitet derzeit in Österreich. Einige Veröffentlichungen. Zuletzt: „Távolodó ország” (Dt. „Fernes Land“), 2023, „Bádogmadarak” (Dt. „Blechvögel“), 2023, „Nehéz idők“ (Dt. „Schwierige Zeiten“), 2024. Preisträger des Poesiepreises „Irodalmi Jelen“ und Ehrenbürger der Stadt Sălaj/Rumänien. Er ist Mitglied im Ungarischen P.E.N.-Club.</p>

<p>Lorand Pethő, geb. 1983 în Huedin (Siebenbürgen/Rumänien). Dichter, literarischer Übersetzer. Im Jahr 2006 schloss er sein Studium an der Fakultät für Theater und Fernsehen der Babeş-Bolyai Universität Cluj-Napoca ab. Von 2006 bis 2014 war er Dramaturg und Direktor der ungarischen &hellip; <a class="more-link" href="https://wp.pop-verlag.com/?page_id=7236">Weiterlesen <span class="meta-nav">&rarr;</span></a></p>
