{"id":712,"date":"2015-10-10T15:48:53","date_gmt":"2015-10-10T15:48:53","guid":{"rendered":"http:\/\/wp.pop-verlag.com\/?page_id=712"},"modified":"2015-10-10T18:21:42","modified_gmt":"2015-10-10T18:21:42","slug":"s","status":"publish","type":"page","link":"https:\/\/wp.pop-verlag.com\/?page_id=712","title":{"rendered":"S"},"content":{"rendered":"<p><strong><a href=\"http:\/\/wp.pop-verlag.com\/?page_id=734\">Horst Samson<\/a><\/strong><\/p>\n<p><strong><a href=\"http:\/\/traian.pop-verlag.com\/horst_saul.htm\">Horst Saul<\/a> <\/strong><\/p>\n<p><a href=\"http:\/\/traian.pop-verlag.com\/seite25.htm\"><strong>Walle Sayer<\/strong><\/a><\/p>\n<p><strong><a href=\"http:\/\/traian.pop-verlag.com\/albrecht_schau.htm\">Albrecht Schau<\/a><\/strong><\/p>\n<p><strong><a href=\"http:\/\/traian.pop-verlag.com\/robert_schiff.htm\">Robert Schiff<\/a><\/strong><\/p>\n<p><strong><a href=\"http:\/\/traian.pop-verlag.com\/julia_schiff.htm\">Julia Schiff<\/a><\/strong><\/p>\n<p><strong><a href=\"http:\/\/traian.pop-verlag.com\/andre_schinkel.htm\">Andr\u00e9 Schinkel<\/a><\/strong><\/p>\n<p><strong><a href=\"http:\/\/traian.pop-verlag.com\/irma_shiolashvili.htm\">Irma Shiolashvili<\/a><\/strong><\/p>\n<p><strong><a href=\"http:\/\/traian.pop-verlag.com\/eginald_schlattner.htm\">Eginald Schlattener<\/a><\/strong><\/p>\n<p><strong><a href=\"http:\/\/traian.pop-verlag.com\/dieter_schlesak.htm\">Dieter Schlesak<\/a><\/strong><\/p>\n<p><strong><a href=\"http:\/\/traian.pop-verlag.com\/libuse_schmidt.htm\">Libu\u0161e Schmidt<\/a><\/strong><\/p>\n<p><strong><a href=\"http:\/\/traian.pop-verlag.com\/edition-matrix\/susanne_schmincke.htm\">Susanne Schmincke<\/a><\/strong><\/p>\n<p><a href=\"http:\/\/traian.pop-verlag.com\/seite26.htm\"><strong>Klaus F. Schneider<\/strong><\/a><\/p>\n<p><strong><a href=\"http:\/\/traian.pop-verlag.com\/henning_schoenenberger.htm\">Henning Sch\u00f6nenberger<\/a><\/strong><\/p>\n<p><strong>Kurt Sigel<\/strong><\/p>\n<p><a href=\"http:\/\/traian.pop-verlag.com\/seite27.htm\"><strong>Hellmut Seiler<\/strong><\/a><\/p>\n<p><strong><a href=\"http:\/\/traian.pop-verlag.com\/robert_serban.htm\">Robert \u015eerban<\/a><\/strong><\/p>\n<p><strong><a href=\"http:\/\/traian.pop-verlag.com\/gerd_sonntag.htm\"> Gerd Sonntag<\/a><\/strong><\/p>\n<p><a href=\"http:\/\/traian.pop-verlag.com\/seite13.htm\"><strong>Dominique Sorrente<\/strong><\/a><\/p>\n<p><strong><a href=\"http:\/\/traian.pop-verlag.com\/nichita_stanescu.htm\">Nichita St\u0103nescu<\/a><\/strong><\/p>\n<p><strong><a href=\"http:\/\/traian.pop-verlag.com\/armin_steigenberger.htm\">Armin Steigenberger<\/a><\/strong><\/p>\n<p><strong><a href=\"http:\/\/traian.pop-verlag.com\/ales_steger.htm\">Ale\u0161 \u0160teger<\/a><\/strong><\/p>\n<p><strong><a href=\"http:\/\/traian.pop-verlag.com\/peter_steger.htm\">Peter Steger<\/a><\/strong><\/p>\n<p><a href=\"http:\/\/traian.pop-verlag.com\/seite28.htm\"><strong>Susanne Stephan<\/strong><\/a><\/p>\n<p><strong><a href=\"http:\/\/traian.pop-verlag.com\/anton_sterbling.htm\">Anton Sterbling<\/a><\/strong><\/p>\n<p><strong><a href=\"http:\/\/traian.pop-verlag.com\/norbert_sternmut.htm\">Norbert Sternmut<\/a><\/strong><\/p>\n<p><strong><a href=\"http:\/\/traian.pop-verlag.com\/adelheit_szekeresch.htm\">Adelheit Szekeresch<\/a><\/strong><\/p>\n","protected":false},"excerpt":{"rendered":"<p>Horst Samson Horst Saul Walle Sayer Albrecht Schau Robert Schiff Julia Schiff Andr\u00e9 Schinkel Irma Shiolashvili Eginald Schlattener Dieter Schlesak Libu\u0161e Schmidt Susanne Schmincke Klaus F. Schneider Henning Sch\u00f6nenberger Kurt Sigel Hellmut Seiler Robert \u015eerban Gerd Sonntag Dominique Sorrente Nichita &hellip; <a class=\"more-link\" href=\"https:\/\/wp.pop-verlag.com\/?page_id=712\">Weiterlesen <span class=\"meta-nav\">&rarr;<\/span><\/a><\/p>\n","protected":false},"author":2,"featured_media":0,"parent":10,"menu_order":0,"comment_status":"closed","ping_status":"closed","template":"","meta":{"footnotes":""},"class_list":["post-712","page","type-page","status-publish","hentry"],"jetpack_sharing_enabled":true,"_links":{"self":[{"href":"https:\/\/wp.pop-verlag.com\/index.php?rest_route=\/wp\/v2\/pages\/712","targetHints":{"allow":["GET"]}}],"collection":[{"href":"https:\/\/wp.pop-verlag.com\/index.php?rest_route=\/wp\/v2\/pages"}],"about":[{"href":"https:\/\/wp.pop-verlag.com\/index.php?rest_route=\/wp\/v2\/types\/page"}],"author":[{"embeddable":true,"href":"https:\/\/wp.pop-verlag.com\/index.php?rest_route=\/wp\/v2\/users\/2"}],"replies":[{"embeddable":true,"href":"https:\/\/wp.pop-verlag.com\/index.php?rest_route=%2Fwp%2Fv2%2Fcomments&post=712"}],"version-history":[{"count":2,"href":"https:\/\/wp.pop-verlag.com\/index.php?rest_route=\/wp\/v2\/pages\/712\/revisions"}],"predecessor-version":[{"id":737,"href":"https:\/\/wp.pop-verlag.com\/index.php?rest_route=\/wp\/v2\/pages\/712\/revisions\/737"}],"up":[{"embeddable":true,"href":"https:\/\/wp.pop-verlag.com\/index.php?rest_route=\/wp\/v2\/pages\/10"}],"wp:attachment":[{"href":"https:\/\/wp.pop-verlag.com\/index.php?rest_route=%2Fwp%2Fv2%2Fmedia&parent=712"}],"curies":[{"name":"wp","href":"https:\/\/api.w.org\/{rel}","templated":true}]}}