{"id":6978,"date":"2024-09-02T05:25:10","date_gmt":"2024-09-02T05:25:10","guid":{"rendered":"https:\/\/wp.pop-verlag.com\/?page_id=6978"},"modified":"2024-09-02T05:25:10","modified_gmt":"2024-09-02T05:25:10","slug":"archiv","status":"publish","type":"page","link":"https:\/\/wp.pop-verlag.com\/?page_id=6978","title":{"rendered":"Archiv"},"content":{"rendered":"<p class=\"nospacing\">\n<p>&nbsp;<\/p>\n<p><img loading=\"lazy\" decoding=\"async\" class=\"alignleft size-full wp-image-6920\" src=\"https:\/\/wp.pop-verlag.com\/wp-content\/uploads\/2024\/07\/PAPI-1-300x200-1.jpg\" sizes=\"auto, (max-width: 300px) 100vw, 300px\" srcset=\"https:\/\/wp.pop-verlag.com\/wp-content\/uploads\/2024\/07\/PAPI-1-300x200-1.jpg 300w, https:\/\/wp.pop-verlag.com\/wp-content\/uploads\/2024\/07\/PAPI-1-300x200-1-272x182.jpg 272w\" alt=\"\" width=\"300\" height=\"200\" \/><\/p>\n<p><strong>\u201eDaheim ist nur der Traum in dir\u201c<\/strong><\/p>\n<p>Dem K\u00fcnstler und Autor PAPI zum Gedenken<\/p>\n<p>Nein, anzukommen war f\u00fcr ihn nicht vorgesehen, er teilte das Los aller Emigranten, dessen Fazit er in einem seiner lyrischen Texte festgehalten hat: \u201eich bin ein b\u00fcrger ohne biografie \/ es macht mir spa\u00df daran zu glauben \/ dass es mich tats\u00e4chlich gibt \/ anhalter \/ zwischen zwei welten \/ die ich verlie\u00df \/\/ ich bin die stra\u00dfe meine angst\u201c. 1960 im rum\u00e4nischen Banat als Emilian Rosculescu mitten in die kommunistische Diktatur hinein geboren, gelang es ihm 1989, einige Monate vor dem Fall des Eisernen Vorhangs, \u00fcber die gr\u00fcne Grenze zu Jugoslawien nach Deutschland zu fliehen, wo er zun\u00e4chst in Baden-W\u00fcrttemberg und dann in Bayern eine Bleibe fand \u2013 anfangs in b\u00fcrgerlichen Berufen, danach als freischaffender K\u00fcnstler und Autor \u2013, aber immer ruhelos und kreativ unterwegs. Seine Art-brut-Skulpturen und seine realistisch-fantastischen bis abstrakten Bilder, Lithografien und Zeichnungen waren in Frankreich, Deutschland und Rum\u00e4nien in zahlreichen Ausstellungen zu sehen, sein publiziertes lyrisches Werk ist hingegen schmal geblieben, doch nicht weniger beeindruckend und bewegend, wie der Gedichtband \u201eManchmal sp\u00e4ter\u201c im POP Verlag\/Ludwigsburg zeigt. 2009 kehrte er nach Rum\u00e4nien zur\u00fcck, blieb aber weiterhin ein Getriebener zwischen West und Ost \u2013 lebens- und wesensbestimmend f\u00fcr PAPI, f\u00fcr den seine Fantasie zum einzig m\u00f6glichen Fluchtpunkt und seine Biografie zur Begleiterscheinung werden sollte: \u201eein gleitendes dasein \/ zwischen dem ersten und letzten \/ kerzenstummel \/ \u00fcberfl\u00fcssig\u201c. Im Grunde genommen die Chiffre eines f\u00fcr bodenst\u00e4ndige Zeitgenossen nur schwer nachzuvollziehenden und nachzuempfindenden Migrantenschicksals, das europaweit auf Vorurteile st\u00f6\u00dft: \u201ewem zu ehren \/ meint ihr \/ trage ich das festgewand \/ ich bin der friedensengel \/ aus dem westen \/ und die sauerteiggurke \/ aus dem osten\u201c. Nun ist PAPI am 19. Juni \u201eam ende des weges verstummt\u201c \u2013 was aber bleibt, ist sein k\u00fcnstlerisches Werk, weil ihm bewusst war, \u201edass nur du \/ meine chance bist \/ papier\u201c.<\/p>\n","protected":false},"excerpt":{"rendered":"<p>&nbsp; \u201eDaheim ist nur der Traum in dir\u201c Dem K\u00fcnstler und Autor PAPI zum Gedenken Nein, anzukommen war f\u00fcr ihn nicht vorgesehen, er teilte das Los aller Emigranten, dessen Fazit er in einem seiner lyrischen Texte festgehalten hat: \u201eich bin &hellip; <a class=\"more-link\" href=\"https:\/\/wp.pop-verlag.com\/?page_id=6978\">Weiterlesen <span class=\"meta-nav\">&rarr;<\/span><\/a><\/p>\n","protected":false},"author":2,"featured_media":0,"parent":0,"menu_order":0,"comment_status":"closed","ping_status":"closed","template":"","meta":{"footnotes":""},"class_list":["post-6978","page","type-page","status-publish","hentry"],"jetpack_sharing_enabled":true,"_links":{"self":[{"href":"https:\/\/wp.pop-verlag.com\/index.php?rest_route=\/wp\/v2\/pages\/6978","targetHints":{"allow":["GET"]}}],"collection":[{"href":"https:\/\/wp.pop-verlag.com\/index.php?rest_route=\/wp\/v2\/pages"}],"about":[{"href":"https:\/\/wp.pop-verlag.com\/index.php?rest_route=\/wp\/v2\/types\/page"}],"author":[{"embeddable":true,"href":"https:\/\/wp.pop-verlag.com\/index.php?rest_route=\/wp\/v2\/users\/2"}],"replies":[{"embeddable":true,"href":"https:\/\/wp.pop-verlag.com\/index.php?rest_route=%2Fwp%2Fv2%2Fcomments&post=6978"}],"version-history":[{"count":1,"href":"https:\/\/wp.pop-verlag.com\/index.php?rest_route=\/wp\/v2\/pages\/6978\/revisions"}],"predecessor-version":[{"id":6979,"href":"https:\/\/wp.pop-verlag.com\/index.php?rest_route=\/wp\/v2\/pages\/6978\/revisions\/6979"}],"wp:attachment":[{"href":"https:\/\/wp.pop-verlag.com\/index.php?rest_route=%2Fwp%2Fv2%2Fmedia&parent=6978"}],"curies":[{"name":"wp","href":"https:\/\/api.w.org\/{rel}","templated":true}]}}