{"id":6943,"date":"2024-07-27T08:04:01","date_gmt":"2024-07-27T08:04:01","guid":{"rendered":"https:\/\/wp.pop-verlag.com\/?page_id=6943"},"modified":"2024-07-27T08:04:01","modified_gmt":"2024-07-27T08:04:01","slug":"nina-may","status":"publish","type":"page","link":"https:\/\/wp.pop-verlag.com\/?page_id=6943","title":{"rendered":"Nina May"},"content":{"rendered":"<p><img loading=\"lazy\" decoding=\"async\" class=\"alignleft size-medium wp-image-6944\" src=\"https:\/\/wp.pop-verlag.com\/wp-content\/uploads\/2024\/07\/Nina-May-blauer-Hintergrund-200x300.jpg\" alt=\"Nina MAY\" width=\"200\" height=\"300\" srcset=\"https:\/\/wp.pop-verlag.com\/wp-content\/uploads\/2024\/07\/Nina-May-blauer-Hintergrund-200x300.jpg 200w, https:\/\/wp.pop-verlag.com\/wp-content\/uploads\/2024\/07\/Nina-May-blauer-Hintergrund-682x1024.jpg 682w, https:\/\/wp.pop-verlag.com\/wp-content\/uploads\/2024\/07\/Nina-May-blauer-Hintergrund-768x1154.jpg 768w, https:\/\/wp.pop-verlag.com\/wp-content\/uploads\/2024\/07\/Nina-May-blauer-Hintergrund-1022x1536.jpg 1022w, https:\/\/wp.pop-verlag.com\/wp-content\/uploads\/2024\/07\/Nina-May-blauer-Hintergrund-1363x2048.jpg 1363w, https:\/\/wp.pop-verlag.com\/wp-content\/uploads\/2024\/07\/Nina-May-blauer-Hintergrund-scaled.jpg 1704w\" sizes=\"auto, (max-width: 200px) 100vw, 200px\" \/> Nina May, geb. 1965 in Linz an der Donau, Diplom-Physikerin, sagte 2008 dem deutschen Staatsdienst ade und zog als \u201eAussteigerin\u201c nach Rum\u00e4nien, um in Siebenb\u00fcrgen ein einaches Dasein auf dem Land zu leben. Bis ihr rum\u00e4nischer Ehemann, der G\u00f6ttergatte ihrer Glossen, sie nach Bukarest entf\u00fchrte, wo sie seit 2011 als Journalistin und seit 2020 als Chefredakteurin der \u201eAllgemeinen Deutschen Zeitung f\u00fcr Rum\u00e4nien (ADZ)\u201c wirkt. Heute leben beide mit einem Hund, zwei Katzen, einer Schildkr\u00f6te und unz\u00e4hligem Federvieh im Dorf Peri\u0219 in der Walachei. Ihr Schreiben ist von Gartenarbeit, vom Landleben und dem missionarischen Versuch, im Einklang mit der Natur zu leben, inspiriert. Die meisten der in diesem Band vereinten Glossen sind zwischen 2011 und 2024 in der ADZ erschienen.<\/p>\n<p>&nbsp;<\/p>\n<p>Lieferbare Titel von Nina May:<\/p>\n<ul>\n<li><a href=\"https:\/\/wp.pop-verlag.com\/?p=6934\">Das gibt\u2019s doch gar nicht! Die Walachei ist nicht im Nirgendwo, sondern mitten unter uns. Glossen, erste Staffel<\/a>. Reihe Fragmentarium, Bd. 30 \u00b7 ISBN 978-3-86356-405-6, 372 Seiten, \u20ac[D]24,90<\/li>\n<\/ul>\n<p>&nbsp;<\/p>\n","protected":false},"excerpt":{"rendered":"<p>Nina May, geb. 1965 in Linz an der Donau, Diplom-Physikerin, sagte 2008 dem deutschen Staatsdienst ade und zog als \u201eAussteigerin\u201c nach Rum\u00e4nien, um in Siebenb\u00fcrgen ein einaches Dasein auf dem Land zu leben. Bis ihr rum\u00e4nischer Ehemann, der G\u00f6ttergatte ihrer &hellip; <a class=\"more-link\" href=\"https:\/\/wp.pop-verlag.com\/?page_id=6943\">Weiterlesen <span class=\"meta-nav\">&rarr;<\/span><\/a><\/p>\n","protected":false},"author":2,"featured_media":0,"parent":700,"menu_order":8,"comment_status":"closed","ping_status":"closed","template":"","meta":{"footnotes":""},"class_list":["post-6943","page","type-page","status-publish","hentry"],"jetpack_sharing_enabled":true,"_links":{"self":[{"href":"https:\/\/wp.pop-verlag.com\/index.php?rest_route=\/wp\/v2\/pages\/6943","targetHints":{"allow":["GET"]}}],"collection":[{"href":"https:\/\/wp.pop-verlag.com\/index.php?rest_route=\/wp\/v2\/pages"}],"about":[{"href":"https:\/\/wp.pop-verlag.com\/index.php?rest_route=\/wp\/v2\/types\/page"}],"author":[{"embeddable":true,"href":"https:\/\/wp.pop-verlag.com\/index.php?rest_route=\/wp\/v2\/users\/2"}],"replies":[{"embeddable":true,"href":"https:\/\/wp.pop-verlag.com\/index.php?rest_route=%2Fwp%2Fv2%2Fcomments&post=6943"}],"version-history":[{"count":1,"href":"https:\/\/wp.pop-verlag.com\/index.php?rest_route=\/wp\/v2\/pages\/6943\/revisions"}],"predecessor-version":[{"id":6945,"href":"https:\/\/wp.pop-verlag.com\/index.php?rest_route=\/wp\/v2\/pages\/6943\/revisions\/6945"}],"up":[{"embeddable":true,"href":"https:\/\/wp.pop-verlag.com\/index.php?rest_route=\/wp\/v2\/pages\/700"}],"wp:attachment":[{"href":"https:\/\/wp.pop-verlag.com\/index.php?rest_route=%2Fwp%2Fv2%2Fmedia&parent=6943"}],"curies":[{"name":"wp","href":"https:\/\/api.w.org\/{rel}","templated":true}]}}

<p><img loading="lazy" decoding="async" class="alignleft size-medium wp-image-6944" src="https://wp.pop-verlag.com/wp-content/uploads/2024/07/Nina-May-blauer-Hintergrund-200x300.jpg" alt="Nina MAY" width="200" height="300" srcset="https://wp.pop-verlag.com/wp-content/uploads/2024/07/Nina-May-blauer-Hintergrund-200x300.jpg 200w, https://wp.pop-verlag.com/wp-content/uploads/2024/07/Nina-May-blauer-Hintergrund-682x1024.jpg 682w, https://wp.pop-verlag.com/wp-content/uploads/2024/07/Nina-May-blauer-Hintergrund-768x1154.jpg 768w, https://wp.pop-verlag.com/wp-content/uploads/2024/07/Nina-May-blauer-Hintergrund-1022x1536.jpg 1022w, https://wp.pop-verlag.com/wp-content/uploads/2024/07/Nina-May-blauer-Hintergrund-1363x2048.jpg 1363w, https://wp.pop-verlag.com/wp-content/uploads/2024/07/Nina-May-blauer-Hintergrund-scaled.jpg 1704w" sizes="auto, (max-width: 200px) 100vw, 200px" /> Nina May, geb. 1965 in Linz an der Donau, Diplom-Physikerin, sagte 2008 dem deutschen Staatsdienst ade und zog als „Aussteigerin“ nach Rumänien, um in Siebenbürgen ein einaches Dasein auf dem Land zu leben. Bis ihr rumänischer Ehemann, der Göttergatte ihrer Glossen, sie nach Bukarest entführte, wo sie seit 2011 als Journalistin und seit 2020 als Chefredakteurin der „Allgemeinen Deutschen Zeitung für Rumänien (ADZ)“ wirkt. Heute leben beide mit einem Hund, zwei Katzen, einer Schildkröte und unzähligem Federvieh im Dorf Periș in der Walachei. Ihr Schreiben ist von Gartenarbeit, vom Landleben und dem missionarischen Versuch, im Einklang mit der Natur zu leben, inspiriert. Die meisten der in diesem Band vereinten Glossen sind zwischen 2011 und 2024 in der ADZ erschienen.</p>
<p>&nbsp;</p>
<p>Lieferbare Titel von Nina May:</p>
<ul>
<li><a href="https://wp.pop-verlag.com/?p=6934">Das gibt’s doch gar nicht! Die Walachei ist nicht im Nirgendwo, sondern mitten unter uns. Glossen, erste Staffel</a>. Reihe Fragmentarium, Bd. 30 · ISBN 978-3-86356-405-6, 372 Seiten, €[D]24,90</li>
</ul>
<p>&nbsp;</p>

<p>Nina May, geb. 1965 in Linz an der Donau, Diplom-Physikerin, sagte 2008 dem deutschen Staatsdienst ade und zog als „Aussteigerin“ nach Rumänien, um in Siebenbürgen ein einaches Dasein auf dem Land zu leben. Bis ihr rumänischer Ehemann, der Göttergatte ihrer &hellip; <a class="more-link" href="https://wp.pop-verlag.com/?page_id=6943">Weiterlesen <span class="meta-nav">&rarr;</span></a></p>
