{"id":6413,"date":"2022-09-29T05:52:07","date_gmt":"2022-09-29T05:52:07","guid":{"rendered":"https:\/\/wp.pop-verlag.com\/?page_id=6413"},"modified":"2022-09-29T07:15:46","modified_gmt":"2022-09-29T07:15:46","slug":"ph-gruner","status":"publish","type":"page","link":"https:\/\/wp.pop-verlag.com\/?page_id=6413","title":{"rendered":"PH Gruner"},"content":{"rendered":"<p><img loading=\"lazy\" decoding=\"async\" class=\"alignleft size-medium wp-image-6414\" src=\"https:\/\/wp.pop-verlag.com\/wp-content\/uploads\/2022\/09\/PH-Gruner-von-Anna-Meuer-300x200.jpg\" alt=\"\" width=\"300\" height=\"200\" srcset=\"https:\/\/wp.pop-verlag.com\/wp-content\/uploads\/2022\/09\/PH-Gruner-von-Anna-Meuer-300x200.jpg 300w, https:\/\/wp.pop-verlag.com\/wp-content\/uploads\/2022\/09\/PH-Gruner-von-Anna-Meuer-768x512.jpg 768w, https:\/\/wp.pop-verlag.com\/wp-content\/uploads\/2022\/09\/PH-Gruner-von-Anna-Meuer-1024x683.jpg 1024w, https:\/\/wp.pop-verlag.com\/wp-content\/uploads\/2022\/09\/PH-Gruner-von-Anna-Meuer-450x300.jpg 450w, https:\/\/wp.pop-verlag.com\/wp-content\/uploads\/2022\/09\/PH-Gruner-von-Anna-Meuer-272x182.jpg 272w\" sizes=\"auto, (max-width: 300px) 100vw, 300px\" \/><strong>PH (Paul-Hermann) Gruner<\/strong>, geb. 1959. Lebt in Darmstadt. Historiker, Politik- und Sprachwissenschaftler, Dr. phil. Autor, Publizist, bildender K\u00fcnstler. Mitglied des PEN Deutschland (Darmstadt) und im VS-Hessen. Gesch\u00e4ftsf\u00fchrer der Gesellschaft Hessischer Literaturfreunde (www.geheli.de). Seit 2005 Kopf der Literaturgruppe POSEIDON (www.literaturguppe-poseidon.de). Seit 1984 zwanzig literarische- und Sachbuchver\u00f6ffentlichungen als Autor und Herausgeber. Diverse Preise (Wissenschaft und Journalismus) sowie Stipendien (Literatur, Bildende Kunst). www.phgruner.de<\/p>\n<p>Lieferbare Titel von <a href=\"https:\/\/wp.pop-verlag.com\/?page_id=6413\">PH Gruner<\/a>:<\/p>\n<p><a href=\"https:\/\/wp.pop-verlag.com\/?p=6411\">&#8211; Drei Frauen.<\/a> Novelle. Reihe Epik . Bd. 132, 242 Seiten, ISBN 978-3-86356-368-4; \u20ac[D]19,50<\/p>\n","protected":false},"excerpt":{"rendered":"<p>PH (Paul-Hermann) Gruner, geb. 1959. Lebt in Darmstadt. Historiker, Politik- und Sprachwissenschaftler, Dr. phil. Autor, Publizist, bildender K\u00fcnstler. Mitglied des PEN Deutschland (Darmstadt) und im VS-Hessen. Gesch\u00e4ftsf\u00fchrer der Gesellschaft Hessischer Literaturfreunde (www.geheli.de). Seit 2005 Kopf der Literaturgruppe POSEIDON (www.literaturguppe-poseidon.de). Seit &hellip; <a class=\"more-link\" href=\"https:\/\/wp.pop-verlag.com\/?page_id=6413\">Weiterlesen <span class=\"meta-nav\">&rarr;<\/span><\/a><\/p>\n","protected":false},"author":2,"featured_media":0,"parent":672,"menu_order":15,"comment_status":"closed","ping_status":"closed","template":"","meta":{"footnotes":""},"class_list":["post-6413","page","type-page","status-publish","hentry"],"jetpack_sharing_enabled":true,"_links":{"self":[{"href":"https:\/\/wp.pop-verlag.com\/index.php?rest_route=\/wp\/v2\/pages\/6413","targetHints":{"allow":["GET"]}}],"collection":[{"href":"https:\/\/wp.pop-verlag.com\/index.php?rest_route=\/wp\/v2\/pages"}],"about":[{"href":"https:\/\/wp.pop-verlag.com\/index.php?rest_route=\/wp\/v2\/types\/page"}],"author":[{"embeddable":true,"href":"https:\/\/wp.pop-verlag.com\/index.php?rest_route=\/wp\/v2\/users\/2"}],"replies":[{"embeddable":true,"href":"https:\/\/wp.pop-verlag.com\/index.php?rest_route=%2Fwp%2Fv2%2Fcomments&post=6413"}],"version-history":[{"count":3,"href":"https:\/\/wp.pop-verlag.com\/index.php?rest_route=\/wp\/v2\/pages\/6413\/revisions"}],"predecessor-version":[{"id":6423,"href":"https:\/\/wp.pop-verlag.com\/index.php?rest_route=\/wp\/v2\/pages\/6413\/revisions\/6423"}],"up":[{"embeddable":true,"href":"https:\/\/wp.pop-verlag.com\/index.php?rest_route=\/wp\/v2\/pages\/672"}],"wp:attachment":[{"href":"https:\/\/wp.pop-verlag.com\/index.php?rest_route=%2Fwp%2Fv2%2Fmedia&parent=6413"}],"curies":[{"name":"wp","href":"https:\/\/api.w.org\/{rel}","templated":true}]}}

<p><img loading="lazy" decoding="async" class="alignleft size-medium wp-image-6414" src="https://wp.pop-verlag.com/wp-content/uploads/2022/09/PH-Gruner-von-Anna-Meuer-300x200.jpg" alt="" width="300" height="200" srcset="https://wp.pop-verlag.com/wp-content/uploads/2022/09/PH-Gruner-von-Anna-Meuer-300x200.jpg 300w, https://wp.pop-verlag.com/wp-content/uploads/2022/09/PH-Gruner-von-Anna-Meuer-768x512.jpg 768w, https://wp.pop-verlag.com/wp-content/uploads/2022/09/PH-Gruner-von-Anna-Meuer-1024x683.jpg 1024w, https://wp.pop-verlag.com/wp-content/uploads/2022/09/PH-Gruner-von-Anna-Meuer-450x300.jpg 450w, https://wp.pop-verlag.com/wp-content/uploads/2022/09/PH-Gruner-von-Anna-Meuer-272x182.jpg 272w" sizes="auto, (max-width: 300px) 100vw, 300px" /><strong>PH (Paul-Hermann) Gruner</strong>, geb. 1959. Lebt in Darmstadt. Historiker, Politik- und Sprachwissenschaftler, Dr. phil. Autor, Publizist, bildender Künstler. Mitglied des PEN Deutschland (Darmstadt) und im VS-Hessen. Geschäftsführer der Gesellschaft Hessischer Literaturfreunde (www.geheli.de). Seit 2005 Kopf der Literaturgruppe POSEIDON (www.literaturguppe-poseidon.de). Seit 1984 zwanzig literarische- und Sachbuchveröffentlichungen als Autor und Herausgeber. Diverse Preise (Wissenschaft und Journalismus) sowie Stipendien (Literatur, Bildende Kunst). www.phgruner.de</p>
<p>Lieferbare Titel von <a href="https://wp.pop-verlag.com/?page_id=6413">PH Gruner</a>:</p>
<p><a href="https://wp.pop-verlag.com/?p=6411">&#8211; Drei Frauen.</a> Novelle. Reihe Epik . Bd. 132, 242 Seiten, ISBN 978-3-86356-368-4; €[D]19,50</p>

<p>PH (Paul-Hermann) Gruner, geb. 1959. Lebt in Darmstadt. Historiker, Politik- und Sprachwissenschaftler, Dr. phil. Autor, Publizist, bildender Künstler. Mitglied des PEN Deutschland (Darmstadt) und im VS-Hessen. Geschäftsführer der Gesellschaft Hessischer Literaturfreunde (www.geheli.de). Seit 2005 Kopf der Literaturgruppe POSEIDON (www.literaturguppe-poseidon.de). Seit &hellip; <a class="more-link" href="https://wp.pop-verlag.com/?page_id=6413">Weiterlesen <span class="meta-nav">&rarr;</span></a></p>
