{"id":6386,"date":"2022-09-10T07:50:20","date_gmt":"2022-09-10T07:50:20","guid":{"rendered":"https:\/\/wp.pop-verlag.com\/?page_id=6386"},"modified":"2022-09-10T07:50:20","modified_gmt":"2022-09-10T07:50:20","slug":"richard-wagner","status":"publish","type":"page","link":"https:\/\/wp.pop-verlag.com\/?page_id=6386","title":{"rendered":"RICHARD WAGNER"},"content":{"rendered":"<p><img loading=\"lazy\" decoding=\"async\" class=\"alignleft size-medium wp-image-6367\" src=\"https:\/\/wp.pop-verlag.com\/wp-content\/uploads\/2022\/09\/Wagner-300x300.jpg\" alt=\"\" width=\"300\" height=\"300\" srcset=\"https:\/\/wp.pop-verlag.com\/wp-content\/uploads\/2022\/09\/Wagner-300x300.jpg 300w, https:\/\/wp.pop-verlag.com\/wp-content\/uploads\/2022\/09\/Wagner-150x150.jpg 150w, https:\/\/wp.pop-verlag.com\/wp-content\/uploads\/2022\/09\/Wagner.jpg 484w\" sizes=\"auto, (max-width: 300px) 100vw, 300px\" \/> RICHARD WAGNER, geb. am 10. April 1952 in Lowrin\/Lovrin im Banat. Studium der Germanistik und Rum\u00e4nistik (1971\u20131975) in Temeswar\/Timi\u015foara. 1972 Mitbegr\u00fcnder der \u201eAktionsgruppe Banat\u201c, Deutschlehrer in Eisenmarkt\/Hunedoara (1975\u20131978) und Redakteur in Temeswar (1979\u20131983). 1987 \u00fcbersiedelte er in die Bundesrepublik Deutschland. Freiberuflicher Autor und Publizist in Berlin.<br \/>\nVer\u00f6ffentlichungen:<em> Klartext. Ein Gedichtbuch.<\/em> Bukarest: Albatros 1973, <em>Die Invasion der Uhren<\/em>. Gedichte. Bukarest: Kriterion 1977, <em>Der Anfang einer Geschichte<\/em>. Prosa. Cluj-Napoca: Dacia 1980, <em>Hotel California I.<\/em> Gedichte. Bukarest: Kriterion 1980, <em>Hotel California II,<\/em> Bukarest: Kriterion 1981,<em> Anna und die Uhren. Ein Lesebuch f\u00fcr kleine Leute<\/em>. Bukarest: Ion-Creang\u0103 1981, <em>Gegenlicht.<\/em> Gedichte. Temeswar: Facla 1983, <em>Das Auge des Feuilletons. Geschichten und Notizen<\/em>. Cluj-Napoca: Dacia 1984, <em>Schwarze Kreide.<\/em> Gedichte. Frankfurt am Main: Luchterhand 1991,<em> Rostregen.<\/em> Gedichte. Darmstadt\/Neuwied: Luchterhand 1986, <em>Ausreiseantrag. Eine Erz\u00e4hlung.<\/em> Darmstadt: Luchterhand 1988, <em>Begr\u00fc\u00dfungsgeld. Eine Erz\u00e4hlung<\/em>. Frankfurt am Main: Luchterhand 1989, <em>Die Muren von Wien<\/em>. Roman. Frankfurt am Main: Luchterhand 1990, <em>Der Himmel von New York im Museum von Amsterdam<\/em>. Geschichten. Frankfurt am Main: Frankfurter Verlagsanstalt 1992, <em>Hei\u00dfe Maroni.<\/em> Gedichte. Stuttgart: Deutsche Verlagsanstalt 1993, <em>Giancarlos Koffer<\/em>. Berlin: Rotbuch 1993, <em>Der Mann, der Erdrutsche sammelte.<\/em> Geschichten. Stuttgart: Deutsche Verlagsanstalt 1994,<em> In der Hand der Frauen.<\/em> Roman. Stuttgart: Deutsche Verlagsanstalt 1995, <em>Lisas geheimes Buch<\/em>. Roman. Stuttgart: Deutsche Verlagsanstalt 1996,<em> Im Grunde sind wir alle Sieger<\/em>. Roman. Stuttgart: Klett-Cotta 1998,<em> Miss Bukarest.<\/em> Roman. Berlin: Aufbau 2001, <em>Mit Madonna in der Stadt<\/em>. Gedichte. M\u00fcnchen: Lyrikedition 2000 2000,<em> Habseligkeiten<\/em>. Roman. Berlin: Aufbau 2004.<br \/>\n<em>Federball<\/em>. Gedichte. Aschersleben: Verlag Un Art Ig 2007, <em>Das reiche M\u00e4dchen<\/em>. Roman. Berlin: Aufbau 2007,<em> Linienflug. Siebenundzwanzig neue Gedichte.<\/em> Perleberg\/Berlin: Hochroth 2010, <em>Gold.<\/em> Gedichte. Berlin: Aufbau 2017, <em>Bel\u00fcge mich<\/em>. Roman. Berlin: Aufbau 2011, <em>Herr Parkinson.<\/em> M\u00fcnchen: Knaus 2015. <em>Essays: Sonderweg Rum\u00e4nien. Bericht aus einem Entwicklungsland.<\/em> Berlin: Rotbuch 1991, <em>V\u00f6lker ohne Signale. Zum Epochenbruch in Osteuropa.<\/em> Essay. Berlin: Rotbuch 1992, <em>Mythend\u00e4mmerung. Einw\u00fcrfe eines Mitteleurop\u00e4ers<\/em>. Berlin: Rotbuch 1993, <em>Der leere Himmel. Reise in das Innere des Balkan.<\/em> Berlin: Aufbau 2003, <em>Der deutsche Horizont. Vom Schicksal eines guten Landes<\/em>. Berlin: Aufbau 2006,<em> Es reicht. Gegen den Ausverkauf unserer Werte.<\/em> Berlin: Aufbau 2008, Zus. mit Thea Dorn:<em> Die deutsche Seele.<\/em> M\u00fcnchen: Knaus 2011, <em>Habsburg. Bibliothek einer verlorenen Welt.<\/em> Hamburg: Hoffmann und Campe 2014, Zus. mit Christina Rossi:<em> Poetologik. Der Schriftsteller Richard Wagner im Gespr\u00e4ch<\/em>. Klagenfurt am W\u00f6rthersee: Wieser 2017. Herausgeber: Zus. mit Helmuth Frauendorfer: <em>Der Sturz des Tyrannen. Rum\u00e4nien und das Ende einer Diktatur.<\/em> Reinbek bei Hamburg: Rowohlt 1990, <em>Ich hatte ein bisschen Kraft dar\u00fcber. Zum Werk von Birgit Vanderbeke.<\/em> Frankfurt am Main: Fischer 2001,<em> Und meine Seele spannte weit ihre Fl\u00fcgel aus. Hundert deutsche Gedichte.<\/em> Berlin: Aufbau 2013.<br \/>\nWagner erhielt unter anderem den Preis der Neuen Banater Zeitung (1971), Preis des Kommunistischen Jugendverbandes (1973), Lyrikpreis des rum\u00e4nischen Schriftstellerverbandes (1982), \u00adLeonce-und-Lena-Preis (1987), Sonderpreis f\u00fcr das beste politische Gedicht mit Curriculum stipendium des deutschen literaturfonds e.v. (1987), Andreas-Gryphius-Preis (1988), F\u00f6rderpreis deutscher Sprachpreis 1989 gemeinsam mit Gerhardt Csejka, Helmuth Frauendorfer, Klaus Hensel, Johann Lippet, Herta M\u00fcller, Werner S\u00f6llner und William Totok (1989), Stipendium der villa massimo (1990\/91), Writer in residence in Ohio, USA (1992), Frankfurter Poetikvorlesung 1993 gemeinsam mit Klaus Hensel, Franz Hodjak und Werner S\u00f6llner, Literaturpreis Neue Deutsche Litertatur (2000), Writer in residence in Carlisle, USA (2001), Georg-Dehio-Buchpreis (2008), Donauschw\u00e4bischer Kulturpreis des Landes Baden-W\u00fcrttemberg (2011), Verdienstkreuz am Bande des Verdienstordens der Bundesrepublik Deutschland (2014).,<\/p>\n","protected":false},"excerpt":{"rendered":"<p>RICHARD WAGNER, geb. am 10. April 1952 in Lowrin\/Lovrin im Banat. Studium der Germanistik und Rum\u00e4nistik (1971\u20131975) in Temeswar\/Timi\u015foara. 1972 Mitbegr\u00fcnder der \u201eAktionsgruppe Banat\u201c, Deutschlehrer in Eisenmarkt\/Hunedoara (1975\u20131978) und Redakteur in Temeswar (1979\u20131983). 1987 \u00fcbersiedelte er in die Bundesrepublik Deutschland. &hellip; <a class=\"more-link\" href=\"https:\/\/wp.pop-verlag.com\/?page_id=6386\">Weiterlesen <span class=\"meta-nav\">&rarr;<\/span><\/a><\/p>\n","protected":false},"author":2,"featured_media":0,"parent":719,"menu_order":1,"comment_status":"closed","ping_status":"closed","template":"","meta":{"footnotes":""},"class_list":["post-6386","page","type-page","status-publish","hentry"],"jetpack_sharing_enabled":true,"_links":{"self":[{"href":"https:\/\/wp.pop-verlag.com\/index.php?rest_route=\/wp\/v2\/pages\/6386","targetHints":{"allow":["GET"]}}],"collection":[{"href":"https:\/\/wp.pop-verlag.com\/index.php?rest_route=\/wp\/v2\/pages"}],"about":[{"href":"https:\/\/wp.pop-verlag.com\/index.php?rest_route=\/wp\/v2\/types\/page"}],"author":[{"embeddable":true,"href":"https:\/\/wp.pop-verlag.com\/index.php?rest_route=\/wp\/v2\/users\/2"}],"replies":[{"embeddable":true,"href":"https:\/\/wp.pop-verlag.com\/index.php?rest_route=%2Fwp%2Fv2%2Fcomments&post=6386"}],"version-history":[{"count":1,"href":"https:\/\/wp.pop-verlag.com\/index.php?rest_route=\/wp\/v2\/pages\/6386\/revisions"}],"predecessor-version":[{"id":6387,"href":"https:\/\/wp.pop-verlag.com\/index.php?rest_route=\/wp\/v2\/pages\/6386\/revisions\/6387"}],"up":[{"embeddable":true,"href":"https:\/\/wp.pop-verlag.com\/index.php?rest_route=\/wp\/v2\/pages\/719"}],"wp:attachment":[{"href":"https:\/\/wp.pop-verlag.com\/index.php?rest_route=%2Fwp%2Fv2%2Fmedia&parent=6386"}],"curies":[{"name":"wp","href":"https:\/\/api.w.org\/{rel}","templated":true}]}}

<p><img loading="lazy" decoding="async" class="alignleft size-medium wp-image-6367" src="https://wp.pop-verlag.com/wp-content/uploads/2022/09/Wagner-300x300.jpg" alt="" width="300" height="300" srcset="https://wp.pop-verlag.com/wp-content/uploads/2022/09/Wagner-300x300.jpg 300w, https://wp.pop-verlag.com/wp-content/uploads/2022/09/Wagner-150x150.jpg 150w, https://wp.pop-verlag.com/wp-content/uploads/2022/09/Wagner.jpg 484w" sizes="auto, (max-width: 300px) 100vw, 300px" /> RICHARD WAGNER, geb. am 10. April 1952 in Lowrin/Lovrin im Banat. Studium der Germanistik und Rumänistik (1971–1975) in Temeswar/Timişoara. 1972 Mitbegründer der „Aktionsgruppe Banat“, Deutschlehrer in Eisenmarkt/Hunedoara (1975–1978) und Redakteur in Temeswar (1979–1983). 1987 übersiedelte er in die Bundesrepublik Deutschland. Freiberuflicher Autor und Publizist in Berlin.<br />
Veröffentlichungen:<em> Klartext. Ein Gedichtbuch.</em> Bukarest: Albatros 1973, <em>Die Invasion der Uhren</em>. Gedichte. Bukarest: Kriterion 1977, <em>Der Anfang einer Geschichte</em>. Prosa. Cluj-Napoca: Dacia 1980, <em>Hotel California I.</em> Gedichte. Bukarest: Kriterion 1980, <em>Hotel California II,</em> Bukarest: Kriterion 1981,<em> Anna und die Uhren. Ein Lesebuch für kleine Leute</em>. Bukarest: Ion-Creangă 1981, <em>Gegenlicht.</em> Gedichte. Temeswar: Facla 1983, <em>Das Auge des Feuilletons. Geschichten und Notizen</em>. Cluj-Napoca: Dacia 1984, <em>Schwarze Kreide.</em> Gedichte. Frankfurt am Main: Luchterhand 1991,<em> Rostregen.</em> Gedichte. Darmstadt/Neuwied: Luchterhand 1986, <em>Ausreiseantrag. Eine Erzählung.</em> Darmstadt: Luchterhand 1988, <em>Begrüßungsgeld. Eine Erzählung</em>. Frankfurt am Main: Luchterhand 1989, <em>Die Muren von Wien</em>. Roman. Frankfurt am Main: Luchterhand 1990, <em>Der Himmel von New York im Museum von Amsterdam</em>. Geschichten. Frankfurt am Main: Frankfurter Verlagsanstalt 1992, <em>Heiße Maroni.</em> Gedichte. Stuttgart: Deutsche Verlagsanstalt 1993, <em>Giancarlos Koffer</em>. Berlin: Rotbuch 1993, <em>Der Mann, der Erdrutsche sammelte.</em> Geschichten. Stuttgart: Deutsche Verlagsanstalt 1994,<em> In der Hand der Frauen.</em> Roman. Stuttgart: Deutsche Verlagsanstalt 1995, <em>Lisas geheimes Buch</em>. Roman. Stuttgart: Deutsche Verlagsanstalt 1996,<em> Im Grunde sind wir alle Sieger</em>. Roman. Stuttgart: Klett-Cotta 1998,<em> Miss Bukarest.</em> Roman. Berlin: Aufbau 2001, <em>Mit Madonna in der Stadt</em>. Gedichte. München: Lyrikedition 2000 2000,<em> Habseligkeiten</em>. Roman. Berlin: Aufbau 2004.<br />
<em>Federball</em>. Gedichte. Aschersleben: Verlag Un Art Ig 2007, <em>Das reiche Mädchen</em>. Roman. Berlin: Aufbau 2007,<em> Linienflug. Siebenundzwanzig neue Gedichte.</em> Perleberg/Berlin: Hochroth 2010, <em>Gold.</em> Gedichte. Berlin: Aufbau 2017, <em>Belüge mich</em>. Roman. Berlin: Aufbau 2011, <em>Herr Parkinson.</em> München: Knaus 2015. <em>Essays: Sonderweg Rumänien. Bericht aus einem Entwicklungsland.</em> Berlin: Rotbuch 1991, <em>Völker ohne Signale. Zum Epochenbruch in Osteuropa.</em> Essay. Berlin: Rotbuch 1992, <em>Mythendämmerung. Einwürfe eines Mitteleuropäers</em>. Berlin: Rotbuch 1993, <em>Der leere Himmel. Reise in das Innere des Balkan.</em> Berlin: Aufbau 2003, <em>Der deutsche Horizont. Vom Schicksal eines guten Landes</em>. Berlin: Aufbau 2006,<em> Es reicht. Gegen den Ausverkauf unserer Werte.</em> Berlin: Aufbau 2008, Zus. mit Thea Dorn:<em> Die deutsche Seele.</em> München: Knaus 2011, <em>Habsburg. Bibliothek einer verlorenen Welt.</em> Hamburg: Hoffmann und Campe 2014, Zus. mit Christina Rossi:<em> Poetologik. Der Schriftsteller Richard Wagner im Gespräch</em>. Klagenfurt am Wörthersee: Wieser 2017. Herausgeber: Zus. mit Helmuth Frauendorfer: <em>Der Sturz des Tyrannen. Rumänien und das Ende einer Diktatur.</em> Reinbek bei Hamburg: Rowohlt 1990, <em>Ich hatte ein bisschen Kraft darüber. Zum Werk von Birgit Vanderbeke.</em> Frankfurt am Main: Fischer 2001,<em> Und meine Seele spannte weit ihre Flügel aus. Hundert deutsche Gedichte.</em> Berlin: Aufbau 2013.<br />
Wagner erhielt unter anderem den Preis der Neuen Banater Zeitung (1971), Preis des Kommunistischen Jugendverbandes (1973), Lyrikpreis des rumänischen Schriftstellerverbandes (1982), ­Leonce-und-Lena-Preis (1987), Sonderpreis für das beste politische Gedicht mit Curriculum stipendium des deutschen literaturfonds e.v. (1987), Andreas-Gryphius-Preis (1988), Förderpreis deutscher Sprachpreis 1989 gemeinsam mit Gerhardt Csejka, Helmuth Frauendorfer, Klaus Hensel, Johann Lippet, Herta Müller, Werner Söllner und William Totok (1989), Stipendium der villa massimo (1990/91), Writer in residence in Ohio, USA (1992), Frankfurter Poetikvorlesung 1993 gemeinsam mit Klaus Hensel, Franz Hodjak und Werner Söllner, Literaturpreis Neue Deutsche Litertatur (2000), Writer in residence in Carlisle, USA (2001), Georg-Dehio-Buchpreis (2008), Donauschwäbischer Kulturpreis des Landes Baden-Württemberg (2011), Verdienstkreuz am Bande des Verdienstordens der Bundesrepublik Deutschland (2014).,</p>

<p>RICHARD WAGNER, geb. am 10. April 1952 in Lowrin/Lovrin im Banat. Studium der Germanistik und Rumänistik (1971–1975) in Temeswar/Timişoara. 1972 Mitbegründer der „Aktionsgruppe Banat“, Deutschlehrer in Eisenmarkt/Hunedoara (1975–1978) und Redakteur in Temeswar (1979–1983). 1987 übersiedelte er in die Bundesrepublik Deutschland. &hellip; <a class="more-link" href="https://wp.pop-verlag.com/?page_id=6386">Weiterlesen <span class="meta-nav">&rarr;</span></a></p>
