{"id":6361,"date":"2022-09-10T07:00:04","date_gmt":"2022-09-10T07:00:04","guid":{"rendered":"https:\/\/wp.pop-verlag.com\/?page_id=6361"},"modified":"2022-09-10T10:37:31","modified_gmt":"2022-09-10T10:37:31","slug":"waldemar-fromm","status":"publish","type":"page","link":"https:\/\/wp.pop-verlag.com\/?page_id=6361","title":{"rendered":"WALDEMAR FROMM"},"content":{"rendered":"<p><img loading=\"lazy\" decoding=\"async\" class=\"alignleft size-medium wp-image-6368\" src=\"https:\/\/wp.pop-verlag.com\/wp-content\/uploads\/2022\/09\/Portraitsw-284x300.jpg\" alt=\"\" width=\"284\" height=\"300\" srcset=\"https:\/\/wp.pop-verlag.com\/wp-content\/uploads\/2022\/09\/Portraitsw-284x300.jpg 284w, https:\/\/wp.pop-verlag.com\/wp-content\/uploads\/2022\/09\/Portraitsw-768x811.jpg 768w, https:\/\/wp.pop-verlag.com\/wp-content\/uploads\/2022\/09\/Portraitsw-970x1024.jpg 970w, https:\/\/wp.pop-verlag.com\/wp-content\/uploads\/2022\/09\/Portraitsw.jpg 1097w\" sizes=\"auto, (max-width: 284px) 100vw, 284px\" \/>WALDEMAR FROMM<\/p>\n<p>Prof. Dr., Akad. Dir. und Professor f\u00fcr Neuere deutsche Literatur, geb. am 5. August 1961 in Hermannstadt\/Sibiu (Rum\u00e4nien), 1972 \u00fcbersiedelte die Familie in die Bundesrepublik Deutschland, Studium der Germanistik, Psychologie, Linguistik und Philosophie an den Universit\u00e4ten Heidelberg und Marburg, 1996 Promotion an der Philipps-Universit\u00e4t Marburg (Promotionsstipendium der Studienstiftung des deutschen Volkes), wissenschaftlicher Angestellter an der P\u00e4dagogischen Hochschule Heidelberg, wissenschaftlicher Assistent an der Ludwig-Maximilians-Universit\u00e4t M\u00fcnchen, Habilitation 2004. Aufs\u00e4tze zur Literatur der Aufkl\u00e4rung, der Romantik des Vorm\u00e4rz, der Jahrhundertwende, der 1920er Jahre und der Gegenwart.<br \/>\nLiteraturkritiken und Beitr\u00e4ge zur rum\u00e4niendeutschen Literatur in: Rhein-Neckar Zeitung, Frankfurter Allgemeine Zeitung, S\u00fcdostdeutsche Vierteljahresbl\u00e4tter \u00fcber Wolf von Aichelburg, Klaus Hensel, Johann Lippet, Herta M\u00fcller (mehrfach), Oskar Pastior (mehrfach), Horst Samson, William Totok, Richard Wagner und zur Marburger Tagung zur rum\u00e4niendeutschen Literatur (eine Auswahl ist enthalten in: Waldemar Fromm: Ost-West. Passagen. Literaturkritiken 1989\u20132002. M\u00fcnchen: Verlag Radu Barbulescu 2002, 2. Aufl. 2007) und in: Killy Literaturlexikon. Autoren und Werke des deutschsprachigen Kulturraums. Begr. v. Walther Killy, hg. v. Wilhelm K\u00fchlmann in Gemeinschaft mit Achim Aurnhammer, J\u00fcrgen Egyptien, Karina Kellermann, Helmuth Kiesel, Steffen Martus, Reimund B. Sdzuj. 2. vollst. \u00fcberarb. Aufl. Berlin: de Gruyter 2010 \u00fcber Franz Liebhard, Alfred Margul-Sperber, Adolf Meschend\u00f6rfer, zuletzt: \u201eAnders rinnt hier die Zeit\u201c \u2013 Erinnerung und kollektives Ged\u00e4chtnis in Adolf Meschend\u00f6rfers Siebenb\u00fcrgischer Elegie. Mit Hinweisen zur Rezeption nach 1945. In: J\u00fcrgen Lehmann, Gerald Volkmer (Hg.): Rum\u00e4niendeutsche Erinnerungskulturen. Formen und Funktionen des Vergangenheitsbezuges in der rum\u00e4niendeutschen Historiografie und Literatur. Regensburg: Pustet 2016, S. 47\u201361. Wichtige B\u00fccher: Artistisches Schreiben. Franz Kafkas Poetik zwischen Proce\u00df und Schlo\u00df. M\u00fcnchen: Wilhelm Fink 1998, An den Grenzen der Sprache. \u00dcber das Sagbare und das Unsagbare in Literatur und \u00c4sthetik der Aufkl\u00e4rung, der Romantik und der Moderne. Freiburg i.\u00a0Br.: Rombach 2006 (Reihe litterae, Bd. 135). Als Herausgeber: M\u00fcnchner Salons. Literarische Geselligkeit im 19. und fr\u00fchen 20. Jahrhundert. Regensburg:\u00a0Pustet 2021, zus. mit Holger Pils: Ich trage Erde in mir. Beitr\u00e4ge zum Werk von Wolfgang B\u00e4chler. G\u00f6ttingen:\u00a0Wallstein 2021, zus. mit Manfred Knedlik und Marcel Schellong: Literaturgeschichte M\u00fcnchens. Regensburg: Pustet 2019, zus. mit Holger Pils: \u201eVom R\u00e4tsel ein St\u00fcck\u201c. Beitr\u00e4ge zum Werk des Dichters Rainer Malkowski. G\u00f6ttingen: Wallstein 2017, zus. mit Markus May: \u201eEin wirrer Traum entstellte mir die Nacht\u201c. Neue Perspektiven auf das Werk Christian Morgensterns. Stuttgart: Urachhaus 2017.<\/p>\n<p>Lieferbare Titel von\u00a0<a href=\"https:\/\/wp.pop-verlag.com\/?page_id=6361\">Waldemar Fromm<\/a>:<\/p>\n<p>\u2013 <a href=\"https:\/\/wp.pop-verlag.com\/?page_id=6371\"><em><strong>die bewegung der antillen\u00a0<\/strong><\/em><\/a><strong><em>unter der sch\u00e4deldecke. junge rum\u00e4niendeutsche lyrik zwischen 1975 und 1980<\/em>. <\/strong><a href=\"https:\/\/wp.pop-verlag.com\/?page_id=6386\">Richard Wagner<\/a> | <a href=\"https:\/\/wp.pop-verlag.com\/?page_id=6380\">Werner S\u00f6llner<\/a> | <a href=\"https:\/\/wp.pop-verlag.com\/?page_id=5782\">Rolf Bossert<\/a> | <a href=\"https:\/\/wp.pop-verlag.com\/?page_id=958\">Franz Hodjak<\/a> | <a href=\"https:\/\/wp.pop-verlag.com\/?page_id=1592\">William Totok<\/a> | <a href=\"https:\/\/wp.pop-verlag.com\/?page_id=964\">Hellmut Seiler<\/a> | <a href=\"https:\/\/wp.pop-verlag.com\/?page_id=954\">Klaus Hensel<\/a> | <a href=\"https:\/\/wp.pop-verlag.com\/?page_id=734\">Horst Samson<\/a> | <a href=\"https:\/\/wp.pop-verlag.com\/?page_id=6358\">Helmut Britz<\/a> | <a href=\"https:\/\/wp.pop-verlag.com\/?page_id=742\">Johann Lippet.\u00a0<\/a>Eine (historische) Anthologie. herausgegeben von <a href=\"https:\/\/wp.pop-verlag.com\/?page_id=6371\">Walter Fromm<\/a>. Erweiterte, kritische Neuauflage 2022. mit einem einleitenden Essay von Prof. Dr. <a href=\"https:\/\/wp.pop-verlag.com\/?page_id=6361\">Waldemar Fromm\u00a0<\/a>und einer soziokulturellen Kontextualisierung von Prof. Dr. <a href=\"https:\/\/wp.pop-verlag.com\/?page_id=2593\">Anton Sterbling.\u00a0<\/a>Reihe Lyrik Bd. 171 . 128 S., <label class=\"control-label\">ISBN: <\/label><span class=\"readonlyText\">978-3-86356-350-9, \u20ac[D]<\/span> 23,00.<\/p>\n","protected":false},"excerpt":{"rendered":"<p>WALDEMAR FROMM Prof. Dr., Akad. Dir. und Professor f\u00fcr Neuere deutsche Literatur, geb. am 5. August 1961 in Hermannstadt\/Sibiu (Rum\u00e4nien), 1972 \u00fcbersiedelte die Familie in die Bundesrepublik Deutschland, Studium der Germanistik, Psychologie, Linguistik und Philosophie an den Universit\u00e4ten Heidelberg und &hellip; <a class=\"more-link\" href=\"https:\/\/wp.pop-verlag.com\/?page_id=6361\">Weiterlesen <span class=\"meta-nav\">&rarr;<\/span><\/a><\/p>\n","protected":false},"author":2,"featured_media":0,"parent":687,"menu_order":9,"comment_status":"closed","ping_status":"closed","template":"","meta":{"footnotes":""},"class_list":["post-6361","page","type-page","status-publish","hentry"],"jetpack_sharing_enabled":true,"_links":{"self":[{"href":"https:\/\/wp.pop-verlag.com\/index.php?rest_route=\/wp\/v2\/pages\/6361","targetHints":{"allow":["GET"]}}],"collection":[{"href":"https:\/\/wp.pop-verlag.com\/index.php?rest_route=\/wp\/v2\/pages"}],"about":[{"href":"https:\/\/wp.pop-verlag.com\/index.php?rest_route=\/wp\/v2\/types\/page"}],"author":[{"embeddable":true,"href":"https:\/\/wp.pop-verlag.com\/index.php?rest_route=\/wp\/v2\/users\/2"}],"replies":[{"embeddable":true,"href":"https:\/\/wp.pop-verlag.com\/index.php?rest_route=%2Fwp%2Fv2%2Fcomments&post=6361"}],"version-history":[{"count":2,"href":"https:\/\/wp.pop-verlag.com\/index.php?rest_route=\/wp\/v2\/pages\/6361\/revisions"}],"predecessor-version":[{"id":6397,"href":"https:\/\/wp.pop-verlag.com\/index.php?rest_route=\/wp\/v2\/pages\/6361\/revisions\/6397"}],"up":[{"embeddable":true,"href":"https:\/\/wp.pop-verlag.com\/index.php?rest_route=\/wp\/v2\/pages\/687"}],"wp:attachment":[{"href":"https:\/\/wp.pop-verlag.com\/index.php?rest_route=%2Fwp%2Fv2%2Fmedia&parent=6361"}],"curies":[{"name":"wp","href":"https:\/\/api.w.org\/{rel}","templated":true}]}}

<p><img loading="lazy" decoding="async" class="alignleft size-medium wp-image-6368" src="https://wp.pop-verlag.com/wp-content/uploads/2022/09/Portraitsw-284x300.jpg" alt="" width="284" height="300" srcset="https://wp.pop-verlag.com/wp-content/uploads/2022/09/Portraitsw-284x300.jpg 284w, https://wp.pop-verlag.com/wp-content/uploads/2022/09/Portraitsw-768x811.jpg 768w, https://wp.pop-verlag.com/wp-content/uploads/2022/09/Portraitsw-970x1024.jpg 970w, https://wp.pop-verlag.com/wp-content/uploads/2022/09/Portraitsw.jpg 1097w" sizes="auto, (max-width: 284px) 100vw, 284px" />WALDEMAR FROMM</p>
<p>Prof. Dr., Akad. Dir. und Professor für Neuere deutsche Literatur, geb. am 5. August 1961 in Hermannstadt/Sibiu (Rumänien), 1972 übersiedelte die Familie in die Bundesrepublik Deutschland, Studium der Germanistik, Psychologie, Linguistik und Philosophie an den Universitäten Heidelberg und Marburg, 1996 Promotion an der Philipps-Universität Marburg (Promotionsstipendium der Studienstiftung des deutschen Volkes), wissenschaftlicher Angestellter an der Pädagogischen Hochschule Heidelberg, wissenschaftlicher Assistent an der Ludwig-Maximilians-Universität München, Habilitation 2004. Aufsätze zur Literatur der Aufklärung, der Romantik des Vormärz, der Jahrhundertwende, der 1920er Jahre und der Gegenwart.<br />
Literaturkritiken und Beiträge zur rumäniendeutschen Literatur in: Rhein-Neckar Zeitung, Frankfurter Allgemeine Zeitung, Südostdeutsche Vierteljahresblätter über Wolf von Aichelburg, Klaus Hensel, Johann Lippet, Herta Müller (mehrfach), Oskar Pastior (mehrfach), Horst Samson, William Totok, Richard Wagner und zur Marburger Tagung zur rumäniendeutschen Literatur (eine Auswahl ist enthalten in: Waldemar Fromm: Ost-West. Passagen. Literaturkritiken 1989–2002. München: Verlag Radu Barbulescu 2002, 2. Aufl. 2007) und in: Killy Literaturlexikon. Autoren und Werke des deutschsprachigen Kulturraums. Begr. v. Walther Killy, hg. v. Wilhelm Kühlmann in Gemeinschaft mit Achim Aurnhammer, Jürgen Egyptien, Karina Kellermann, Helmuth Kiesel, Steffen Martus, Reimund B. Sdzuj. 2. vollst. überarb. Aufl. Berlin: de Gruyter 2010 über Franz Liebhard, Alfred Margul-Sperber, Adolf Meschendörfer, zuletzt: „Anders rinnt hier die Zeit“ – Erinnerung und kollektives Gedächtnis in Adolf Meschendörfers Siebenbürgischer Elegie. Mit Hinweisen zur Rezeption nach 1945. In: Jürgen Lehmann, Gerald Volkmer (Hg.): Rumäniendeutsche Erinnerungskulturen. Formen und Funktionen des Vergangenheitsbezuges in der rumäniendeutschen Historiografie und Literatur. Regensburg: Pustet 2016, S. 47–61. Wichtige Bücher: Artistisches Schreiben. Franz Kafkas Poetik zwischen Proceß und Schloß. München: Wilhelm Fink 1998, An den Grenzen der Sprache. Über das Sagbare und das Unsagbare in Literatur und Ästhetik der Aufklärung, der Romantik und der Moderne. Freiburg i. Br.: Rombach 2006 (Reihe litterae, Bd. 135). Als Herausgeber: Münchner Salons. Literarische Geselligkeit im 19. und frühen 20. Jahrhundert. Regensburg: Pustet 2021, zus. mit Holger Pils: Ich trage Erde in mir. Beiträge zum Werk von Wolfgang Bächler. Göttingen: Wallstein 2021, zus. mit Manfred Knedlik und Marcel Schellong: Literaturgeschichte Münchens. Regensburg: Pustet 2019, zus. mit Holger Pils: „Vom Rätsel ein Stück“. Beiträge zum Werk des Dichters Rainer Malkowski. Göttingen: Wallstein 2017, zus. mit Markus May: „Ein wirrer Traum entstellte mir die Nacht“. Neue Perspektiven auf das Werk Christian Morgensterns. Stuttgart: Urachhaus 2017.</p>
<p>Lieferbare Titel von <a href="https://wp.pop-verlag.com/?page_id=6361">Waldemar Fromm</a>:</p>
<p>– <a href="https://wp.pop-verlag.com/?page_id=6371"><em><strong>die bewegung der antillen </strong></em></a><strong><em>unter der schädeldecke. junge rumäniendeutsche lyrik zwischen 1975 und 1980</em>. </strong><a href="https://wp.pop-verlag.com/?page_id=6386">Richard Wagner</a> | <a href="https://wp.pop-verlag.com/?page_id=6380">Werner Söllner</a> | <a href="https://wp.pop-verlag.com/?page_id=5782">Rolf Bossert</a> | <a href="https://wp.pop-verlag.com/?page_id=958">Franz Hodjak</a> | <a href="https://wp.pop-verlag.com/?page_id=1592">William Totok</a> | <a href="https://wp.pop-verlag.com/?page_id=964">Hellmut Seiler</a> | <a href="https://wp.pop-verlag.com/?page_id=954">Klaus Hensel</a> | <a href="https://wp.pop-verlag.com/?page_id=734">Horst Samson</a> | <a href="https://wp.pop-verlag.com/?page_id=6358">Helmut Britz</a> | <a href="https://wp.pop-verlag.com/?page_id=742">Johann Lippet. </a>Eine (historische) Anthologie. herausgegeben von <a href="https://wp.pop-verlag.com/?page_id=6371">Walter Fromm</a>. Erweiterte, kritische Neuauflage 2022. mit einem einleitenden Essay von Prof. Dr. <a href="https://wp.pop-verlag.com/?page_id=6361">Waldemar Fromm </a>und einer soziokulturellen Kontextualisierung von Prof. Dr. <a href="https://wp.pop-verlag.com/?page_id=2593">Anton Sterbling. </a>Reihe Lyrik Bd. 171 . 128 S., <label class="control-label">ISBN: </label><span class="readonlyText">978-3-86356-350-9, €[D]</span> 23,00.</p>

<p>WALDEMAR FROMM Prof. Dr., Akad. Dir. und Professor für Neuere deutsche Literatur, geb. am 5. August 1961 in Hermannstadt/Sibiu (Rumänien), 1972 übersiedelte die Familie in die Bundesrepublik Deutschland, Studium der Germanistik, Psychologie, Linguistik und Philosophie an den Universitäten Heidelberg und &hellip; <a class="more-link" href="https://wp.pop-verlag.com/?page_id=6361">Weiterlesen <span class="meta-nav">&rarr;</span></a></p>
