{"id":6320,"date":"2022-09-09T04:19:39","date_gmt":"2022-09-09T04:19:39","guid":{"rendered":"https:\/\/wp.pop-verlag.com\/?page_id=6320"},"modified":"2022-09-09T05:20:17","modified_gmt":"2022-09-09T05:20:17","slug":"anca-stuparu","status":"publish","type":"page","link":"https:\/\/wp.pop-verlag.com\/?page_id=6320","title":{"rendered":"Anca Stuparu"},"content":{"rendered":"<p><img loading=\"lazy\" decoding=\"async\" class=\"alignleft size-full wp-image-6321\" src=\"https:\/\/wp.pop-verlag.com\/wp-content\/uploads\/2022\/09\/Anca-Stuparu.jpg\" alt=\"\" width=\"200\" height=\"200\" srcset=\"https:\/\/wp.pop-verlag.com\/wp-content\/uploads\/2022\/09\/Anca-Stuparu.jpg 200w, https:\/\/wp.pop-verlag.com\/wp-content\/uploads\/2022\/09\/Anca-Stuparu-150x150.jpg 150w\" sizes=\"auto, (max-width: 200px) 100vw, 200px\" \/> <a href=\"https:\/\/wp.pop-verlag.com\/?page_id=6320\">Anca Stuparu<\/a> wurde am 31. M\u00e4rz 1974 in Lugosch\/Lugoj, Kreis Temesch\/Timi\u015f, geboren. Sie ist Absolventin des Studiengangs Franz\u00f6sisch\/Deutsch an der West-Universit\u00e4t Temeswar\/Timi\u015foara und der Colleges Lehman und LaGuardia in New York. Gegenw\u00e4rtig schlie\u00dft sie ihre Promotion in Frauenheilkunde an der Staatlichen Universit\u00e4t von Minneapolis, Minnesota, ab. Seit 1998 lebt Anca Stuparu in New York, wo sie in den Abteilungen Geburtshilfe und Gyn\u00e4kologie am Jamaica Hospital Medical Center und bei Elena-Maria Buruian\u0103 Physicians praktiziert. Mitten in der Pandemie, im April 2020, engagiert sie sich aufgrund eines Vertrags mit dem U.S. Department of Health &amp; Human Services im Rahmen der New York Health and Hospitals in der Covid-Bek\u00e4mpfung und er\u00f6ffnet zugleich eine private Arztpraxis, Anca Stuparu Medical Practice, mit Niederlassungen in Manhattan und Queens. Ihre Gedichte wurden ins Englische, Franz\u00f6sische, Deutsche, Spanische und Usbekische \u00fcbersetzt. Im April 2019 erh\u00e4lt sie f\u00fcr ihre T\u00e4tigkeit an der Medizinischen Mission f\u00fcr Frauenheilkunde in Spanish Town, Jamaica, den Titel einer Kulturbotschafterin.<\/p>\n<p>Lieferbare Titel von <strong><a href=\"https:\/\/wp.pop-verlag.com\/?page_id=6320\">Anca Stuparu<\/a><\/strong>:<\/p>\n<p><a href=\"https:\/\/wp.pop-verlag.com\/?p=6327\"><em>&#8211; Das Gesetz des Wassers \/ Legea apei<\/em><\/a>. Gedichte. Deutsch \/ Rum\u00e4nisch. Mit bildnerischen Arbeiten von <a href=\"https:\/\/wp.pop-verlag.com\/?page_id=6324\">Marie Christine Katz<\/a>. Aus dem Rum\u00e4nischen von <a href=\"https:\/\/wp.pop-verlag.com\/?page_id=3571\">Georg Aescht<\/a>. Reihe Lyrik Bd. 173 . 128 S., <label class=\"control-label\">ISBN: <\/label><span class=\"readonlyText\">978-3-86356-354-7, \u20ac[D]<\/span> 23,00.<\/p>\n","protected":false},"excerpt":{"rendered":"<p>Anca Stuparu wurde am 31. M\u00e4rz 1974 in Lugosch\/Lugoj, Kreis Temesch\/Timi\u015f, geboren. Sie ist Absolventin des Studiengangs Franz\u00f6sisch\/Deutsch an der West-Universit\u00e4t Temeswar\/Timi\u015foara und der Colleges Lehman und LaGuardia in New York. Gegenw\u00e4rtig schlie\u00dft sie ihre Promotion in Frauenheilkunde an der &hellip; <a class=\"more-link\" href=\"https:\/\/wp.pop-verlag.com\/?page_id=6320\">Weiterlesen <span class=\"meta-nav\">&rarr;<\/span><\/a><\/p>\n","protected":false},"author":2,"featured_media":0,"parent":712,"menu_order":30,"comment_status":"closed","ping_status":"closed","template":"","meta":{"footnotes":""},"class_list":["post-6320","page","type-page","status-publish","hentry"],"jetpack_sharing_enabled":true,"_links":{"self":[{"href":"https:\/\/wp.pop-verlag.com\/index.php?rest_route=\/wp\/v2\/pages\/6320","targetHints":{"allow":["GET"]}}],"collection":[{"href":"https:\/\/wp.pop-verlag.com\/index.php?rest_route=\/wp\/v2\/pages"}],"about":[{"href":"https:\/\/wp.pop-verlag.com\/index.php?rest_route=\/wp\/v2\/types\/page"}],"author":[{"embeddable":true,"href":"https:\/\/wp.pop-verlag.com\/index.php?rest_route=\/wp\/v2\/users\/2"}],"replies":[{"embeddable":true,"href":"https:\/\/wp.pop-verlag.com\/index.php?rest_route=%2Fwp%2Fv2%2Fcomments&post=6320"}],"version-history":[{"count":3,"href":"https:\/\/wp.pop-verlag.com\/index.php?rest_route=\/wp\/v2\/pages\/6320\/revisions"}],"predecessor-version":[{"id":6336,"href":"https:\/\/wp.pop-verlag.com\/index.php?rest_route=\/wp\/v2\/pages\/6320\/revisions\/6336"}],"up":[{"embeddable":true,"href":"https:\/\/wp.pop-verlag.com\/index.php?rest_route=\/wp\/v2\/pages\/712"}],"wp:attachment":[{"href":"https:\/\/wp.pop-verlag.com\/index.php?rest_route=%2Fwp%2Fv2%2Fmedia&parent=6320"}],"curies":[{"name":"wp","href":"https:\/\/api.w.org\/{rel}","templated":true}]}}