{"id":6301,"date":"2022-09-07T05:49:55","date_gmt":"2022-09-07T05:49:55","guid":{"rendered":"https:\/\/wp.pop-verlag.com\/?page_id=6301"},"modified":"2022-09-07T06:30:06","modified_gmt":"2022-09-07T06:30:06","slug":"holdger-platta","status":"publish","type":"page","link":"https:\/\/wp.pop-verlag.com\/?page_id=6301","title":{"rendered":"Holdger Platta"},"content":{"rendered":"<p><img loading=\"lazy\" decoding=\"async\" class=\"alignleft size-medium wp-image-6304\" src=\"https:\/\/wp.pop-verlag.com\/wp-content\/uploads\/2022\/09\/Holdger-Platta-242x300.jpg\" alt=\"\" width=\"242\" height=\"300\" srcset=\"https:\/\/wp.pop-verlag.com\/wp-content\/uploads\/2022\/09\/Holdger-Platta-242x300.jpg 242w, https:\/\/wp.pop-verlag.com\/wp-content\/uploads\/2022\/09\/Holdger-Platta-768x951.jpg 768w, https:\/\/wp.pop-verlag.com\/wp-content\/uploads\/2022\/09\/Holdger-Platta-827x1024.jpg 827w, https:\/\/wp.pop-verlag.com\/wp-content\/uploads\/2022\/09\/Holdger-Platta.jpg 1386w\" sizes=\"auto, (max-width: 242px) 100vw, 242px\" \/> <a href=\"https:\/\/wp.pop-verlag.com\/?page_id=6301\">Holdger Platta<\/a>, geboren 1944, wuchs, nach der Flucht aus Niederschlesien im Fr\u00fchjahr 1945, in \u00e4u\u00dferster Armut im Ruhrgebiet auf. 1951 Einschulung in Speldorf (M\u00fclheim an der Ruhr). 1958 Umzug nach Hannover, 1965 Abitur. Nach dem Studium der Germanistik und Ge-schichte in G\u00f6ttingen Beginn der freiberuflichen T\u00e4tigkeit als Wissenschaftsautor und -journalist f\u00fcr Buchverlage, Zeitschriften und Rundfunkanstalten. Zeitgleich Beginn der literarischen T\u00e4tigkeit \u2013 in erster Linie das Verfassen von Gedichten. Ver\u00f6ffentlichungen in Antho-logien, im Rundfunk sowie in Literaturzeitschriften ( u. a. Akzente). Gedichtb\u00fccher: <em>Das Blaue vom Himmel<\/em> (1983), <em>Gr\u00fcnanlagen<\/em> (1985), <em>Der Garten ein Nachbar hinter dem Zaun<\/em> (1993), <em>Mitlesebuch 37<\/em> (2000).<\/p>\n<p>&nbsp;<\/p>\n<p>Lieferbare Titel von <a href=\"https:\/\/wp.pop-verlag.com\/?page_id=6301\">Holdger Platta<\/a>, <a href=\"https:\/\/wp.pop-verlag.com\/?p=6310\"><em>Ruhmesbl\u00e4tter mit Linsengericht<\/em>. Erz\u00e4hlgedichte.<\/a> Reihe Lyrik Bd. 177 . 84 S., <label class=\"control-label\">ISBN: <\/label><span class=\"readonlyText\">978-3-86356-366-0, \u20ac[D]<\/span> 12,80.<\/p>\n","protected":false},"excerpt":{"rendered":"<p>Holdger Platta, geboren 1944, wuchs, nach der Flucht aus Niederschlesien im Fr\u00fchjahr 1945, in \u00e4u\u00dferster Armut im Ruhrgebiet auf. 1951 Einschulung in Speldorf (M\u00fclheim an der Ruhr). 1958 Umzug nach Hannover, 1965 Abitur. Nach dem Studium der Germanistik und Ge-schichte &hellip; <a class=\"more-link\" href=\"https:\/\/wp.pop-verlag.com\/?page_id=6301\">Weiterlesen <span class=\"meta-nav\">&rarr;<\/span><\/a><\/p>\n","protected":false},"author":2,"featured_media":0,"parent":706,"menu_order":5,"comment_status":"closed","ping_status":"closed","template":"","meta":{"footnotes":""},"class_list":["post-6301","page","type-page","status-publish","hentry"],"jetpack_sharing_enabled":true,"_links":{"self":[{"href":"https:\/\/wp.pop-verlag.com\/index.php?rest_route=\/wp\/v2\/pages\/6301","targetHints":{"allow":["GET"]}}],"collection":[{"href":"https:\/\/wp.pop-verlag.com\/index.php?rest_route=\/wp\/v2\/pages"}],"about":[{"href":"https:\/\/wp.pop-verlag.com\/index.php?rest_route=\/wp\/v2\/types\/page"}],"author":[{"embeddable":true,"href":"https:\/\/wp.pop-verlag.com\/index.php?rest_route=\/wp\/v2\/users\/2"}],"replies":[{"embeddable":true,"href":"https:\/\/wp.pop-verlag.com\/index.php?rest_route=%2Fwp%2Fv2%2Fcomments&post=6301"}],"version-history":[{"count":6,"href":"https:\/\/wp.pop-verlag.com\/index.php?rest_route=\/wp\/v2\/pages\/6301\/revisions"}],"predecessor-version":[{"id":6316,"href":"https:\/\/wp.pop-verlag.com\/index.php?rest_route=\/wp\/v2\/pages\/6301\/revisions\/6316"}],"up":[{"embeddable":true,"href":"https:\/\/wp.pop-verlag.com\/index.php?rest_route=\/wp\/v2\/pages\/706"}],"wp:attachment":[{"href":"https:\/\/wp.pop-verlag.com\/index.php?rest_route=%2Fwp%2Fv2%2Fmedia&parent=6301"}],"curies":[{"name":"wp","href":"https:\/\/api.w.org\/{rel}","templated":true}]}}