{"id":6122,"date":"2022-02-10T06:45:38","date_gmt":"2022-02-10T06:45:38","guid":{"rendered":"https:\/\/wp.pop-verlag.com\/?page_id=6122"},"modified":"2022-02-10T06:48:17","modified_gmt":"2022-02-10T06:48:17","slug":"helmuth-frauendorfer","status":"publish","type":"page","link":"https:\/\/wp.pop-verlag.com\/?page_id=6122","title":{"rendered":"Helmuth Frauendorfer"},"content":{"rendered":"<p><img loading=\"lazy\" decoding=\"async\" class=\"alignleft size-medium wp-image-6123\" src=\"https:\/\/wp.pop-verlag.com\/wp-content\/uploads\/2022\/02\/Helmuth-Frauendorfer_Foto-Lili-Frauendorfer-300x300.jpg\" alt=\"\" width=\"300\" height=\"300\" srcset=\"https:\/\/wp.pop-verlag.com\/wp-content\/uploads\/2022\/02\/Helmuth-Frauendorfer_Foto-Lili-Frauendorfer-300x300.jpg 300w, https:\/\/wp.pop-verlag.com\/wp-content\/uploads\/2022\/02\/Helmuth-Frauendorfer_Foto-Lili-Frauendorfer-150x150.jpg 150w, https:\/\/wp.pop-verlag.com\/wp-content\/uploads\/2022\/02\/Helmuth-Frauendorfer_Foto-Lili-Frauendorfer-768x768.jpg 768w, https:\/\/wp.pop-verlag.com\/wp-content\/uploads\/2022\/02\/Helmuth-Frauendorfer_Foto-Lili-Frauendorfer-1024x1024.jpg 1024w\" sizes=\"auto, (max-width: 300px) 100vw, 300px\" \/> <a href=\"https:\/\/wp.pop-verlag.com\/?page_id=6122\">Helmuth Frauendorfer<\/a>, geboren 1959 in Wojteg\/Banat, geh\u00f6rt dem Freundeskreis der \u00bbAktionsgruppe Banat\u00ab an. Ausreise im Jahr 1987 in die Bundesrepublik Deutschland. Schriftsteller, Journa\u00adlist, Fernsehredakteur.<\/p>\n<p>Der 1959 im rum\u00e4nischen Banat geborene, 1987 in die Bundesrepublik gejagte deutsche Schriftsteller Helmuth Frauendorfer erz\u00e4hlt in seinem Roman \u201eAbendweg\u201c das Leben der Banater Schw\u00e4bin Helen. Ihr Leben liest sich wie ein zeitgeschichtliches Dokument der verheerenden Auswirkungen von Totalitarismus und Diktatur bis in die privatesten Details \u2013 nicht nur im vergangenen, sondern auch im 21. Jahrhundert.<\/p>\n<p><em>Als Angeh\u00f6riger des Jahrgangs 1959 ist Helmuth Frauendor\u00adfer der j\u00fcngste inmitten jener Generation von SchriftstellerIn\u00adnen, die in den letzten Jahren Rum\u00e4nien verlassen haben, verlassen mu\u00dften, weil ihnen das Leben schwer und das Arbeiten unm\u00f6glich gemacht wurde. Herta M\u00fcller geh\u00f6rt zu diesem Kreis, ihr Ehemann Richard Wagner, aber auch Gerhard Csejka, der Literaturkritiker und \u00dcbersetzer, Johann Lippet, Klaus Hensel, Werner S\u00f6llner und William Totok. Sie alle geh\u00f6ren einer Generation an, der es als erster m\u00f6glich war, sich frei mit Literatur auseinanderzusetzen, damals in den sechziger Jahren in Rum\u00e4nien, die noch gepr\u00e4gt waren von relativer Liberalit\u00e4t, als es in der Region, in der sie lebte, noch deutsche Schulen, Radiosendungen in deutscher Sprache, deutsche Zeitungen und ein deutsches Theater (in Temeswar) gab. Die Biografien dieser Autoren sind ver<\/em><em>gleichbar: meist kamen sie aus D\u00f6rfern, gingen sp\u00e4ter in die weltl\u00e4ufigeren St\u00e4dte, studierten, schrieben, diskutierten gemeinsam, waren Lehrer, Literaturredak\u00adteure, \u00dcbersetzer, Dramaturgen \u2013 bis sich die Zeiten \u00e4nderten, immer repressiver wuren: Zensur, Schreibverbot, gelegentlich Angst ums eigene Leben, Druck, der st\u00e4rker wurde, schlie\u00dflich Weggehen.<\/em><\/p>\n<p>Ingulf Radtke, Nachwort zu: <a href=\"https:\/\/wp.pop-verlag.com\/?page_id=6122\">Helmuth Frauendorfer<\/a>,<em> Landschaft der Maulw\u00fcrfe<\/em>. Gedichte, Frankfurt am Main 1990<\/p>\n<p><span class=\"readonlyText multiple\">Lieferbare Titel von <a href=\"https:\/\/wp.pop-verlag.com\/?page_id=6122\">Helmuth Frauendorfer<\/a>:<br \/>\n<\/span><\/p>\n<p>&#8211; <a href=\"https:\/\/wp.pop-verlag.com\/?p=6114\"><em>Abendweg<\/em><\/a>. Roman. Reihe Epik Bd. 126. 332 S., ISBN\u00a0 978-3-86356-336-3, \u20ac[D]21,50<\/p>\n","protected":false},"excerpt":{"rendered":"<p>Helmuth Frauendorfer, geboren 1959 in Wojteg\/Banat, geh\u00f6rt dem Freundeskreis der \u00bbAktionsgruppe Banat\u00ab an. Ausreise im Jahr 1987 in die Bundesrepublik Deutschland. Schriftsteller, Journa\u00adlist, Fernsehredakteur. Der 1959 im rum\u00e4nischen Banat geborene, 1987 in die Bundesrepublik gejagte deutsche Schriftsteller Helmuth Frauendorfer erz\u00e4hlt &hellip; <a class=\"more-link\" href=\"https:\/\/wp.pop-verlag.com\/?page_id=6122\">Weiterlesen <span class=\"meta-nav\">&rarr;<\/span><\/a><\/p>\n","protected":false},"author":2,"featured_media":0,"parent":687,"menu_order":8,"comment_status":"closed","ping_status":"closed","template":"","meta":{"footnotes":""},"class_list":["post-6122","page","type-page","status-publish","hentry"],"jetpack_sharing_enabled":true,"_links":{"self":[{"href":"https:\/\/wp.pop-verlag.com\/index.php?rest_route=\/wp\/v2\/pages\/6122","targetHints":{"allow":["GET"]}}],"collection":[{"href":"https:\/\/wp.pop-verlag.com\/index.php?rest_route=\/wp\/v2\/pages"}],"about":[{"href":"https:\/\/wp.pop-verlag.com\/index.php?rest_route=\/wp\/v2\/types\/page"}],"author":[{"embeddable":true,"href":"https:\/\/wp.pop-verlag.com\/index.php?rest_route=\/wp\/v2\/users\/2"}],"replies":[{"embeddable":true,"href":"https:\/\/wp.pop-verlag.com\/index.php?rest_route=%2Fwp%2Fv2%2Fcomments&post=6122"}],"version-history":[{"count":3,"href":"https:\/\/wp.pop-verlag.com\/index.php?rest_route=\/wp\/v2\/pages\/6122\/revisions"}],"predecessor-version":[{"id":6126,"href":"https:\/\/wp.pop-verlag.com\/index.php?rest_route=\/wp\/v2\/pages\/6122\/revisions\/6126"}],"up":[{"embeddable":true,"href":"https:\/\/wp.pop-verlag.com\/index.php?rest_route=\/wp\/v2\/pages\/687"}],"wp:attachment":[{"href":"https:\/\/wp.pop-verlag.com\/index.php?rest_route=%2Fwp%2Fv2%2Fmedia&parent=6122"}],"curies":[{"name":"wp","href":"https:\/\/api.w.org\/{rel}","templated":true}]}}