{"id":6036,"date":"2021-12-02T04:41:08","date_gmt":"2021-12-02T04:41:08","guid":{"rendered":"https:\/\/wp.pop-verlag.com\/?page_id=6036"},"modified":"2021-12-02T06:00:17","modified_gmt":"2021-12-02T06:00:17","slug":"gerti-michaelis-rahr","status":"publish","type":"page","link":"https:\/\/wp.pop-verlag.com\/?page_id=6036","title":{"rendered":"Gerti Michaelis Rahr"},"content":{"rendered":"<p><img loading=\"lazy\" decoding=\"async\" class=\"alignleft size-medium wp-image-6037\" src=\"https:\/\/wp.pop-verlag.com\/wp-content\/uploads\/2021\/12\/GR-Pressefoto-197x300.jpg\" alt=\"\" width=\"197\" height=\"300\" srcset=\"https:\/\/wp.pop-verlag.com\/wp-content\/uploads\/2021\/12\/GR-Pressefoto-197x300.jpg 197w, https:\/\/wp.pop-verlag.com\/wp-content\/uploads\/2021\/12\/GR-Pressefoto-768x1167.jpg 768w, https:\/\/wp.pop-verlag.com\/wp-content\/uploads\/2021\/12\/GR-Pressefoto-674x1024.jpg 674w, https:\/\/wp.pop-verlag.com\/wp-content\/uploads\/2021\/12\/GR-Pressefoto.jpg 780w\" sizes=\"auto, (max-width: 197px) 100vw, 197px\" \/><a href=\"https:\/\/wp.pop-verlag.com\/?page_id=6036\"><strong>Gerti Michaelis Rahr<\/strong><\/a>, geboren als Gerti Michaelis 1921 in Stettin, erlebte als K\u00fcnstlerin die Schreckensherrschaft der Hitler-Diktatur und war eine Kritikerin des Regimes. Aus Berlin wurde sie 1945 in ein Internierungslager bei Moskau verschleppt. Von dort f\u00fchrte der Weg nach Ungarn. Sie kehrte 1963 nach Deutschland zur\u00fcck.<br \/>\nIhre erfolgreiche k\u00fcnstlerische Karriere beginnt Anfang der vierziger Jahre des vorigen Jahrhunderts. Mit Leidenschaft \u00fcbt sie ihren t\u00e4nzerischen und gesanglichen Beruf aus. Schon als 19-J\u00e4hrige ist sie eine gefeierte Ballettt\u00e4nzerin und S\u00e4ngerin auf der B\u00fchne des Nationaltheaters Weimar.<br \/>\nMit ihrer regimekritischen Haltung riskiert sie, verhaftet zu werden. Neben ihrer k\u00fcnstlerischen Laufbahn werden die Jahre w\u00e4hrend der Hitler-Diktatur pr\u00e4gend f\u00fchr ihr ganzes Leben, darunter die Begegnung mit dem ber\u00fcchtigten Lagerarzt Waldemar Hoven des Konzentrationslagers Buchenwald, ihr Zwangseinsatz in einer Munitionsfabrik, die grauenvolle Zeit in Dresden am Tag nach dem Bombardement der Stadt und schlie\u00dflich die letzten Kriegswochen in Berlin.<br \/>\nDer ungarische Diplomat Andreas T\u00f6r\u00f6k von Szendr\u0151 versucht mit seiner Liebe zu der jungen K\u00fcnstlerin Gerti Michaelis, sie vor unheilvollen Geschehnissen und den Widerw\u00e4rtigkeiten in den Kriegswirren soweit es geht zu bewahren. Es kommt 1945 trotzdem zur Verschleppung in sowjetische Gefangenschaft und zum anschlie\u00dfenden Zwangsaufenthalt hinter dem \u201eEisernen Vorhang\u201c, in dem ihr zun\u00e4chst fremden Ungarn. Sie wird dort sogar des Landesverrats verd\u00e4chtigt und erlebt zusammen mit ihrem ungarischen Ehemann den Volksaufstand 1956 und seine Niederschlagung.<br \/>\nDer Tanz bleibt trotzdem weiter die Bestimmung ihres Lebens; sie wird diplomierte Ballettmeisterin und bildet den talentierten ungarischen Ballett-Nachwuchs aus. Ihr starker Lebenswille und ihr Mut lassen sie drei Diktaturen \u00fcberleben.<br \/>\nNach achtzehn Jahren gelingt es ihr, in ihre Heimat zur\u00fcckzukehren.<br \/>\nHeute lebt Gerti Michaelis Rahr in Leutkirch im Allg\u00e4u. Sie ist die Mutter des Schriftstellers Imre T\u00f6r\u00f6k. Ihr Buch Der Vorhang fiel. Lebenswege einer K\u00fcnstlerin durch drei Diktaturen. Zeitzeugin eines Jahrhunderts, ist letztlich ein vers\u00f6hnender R\u00fcckblick ohne Groll im Herzen. Die dunklen Seiten der Vergangenheit, aber auch viele gl\u00fcckliche Erinnerungen und ihre stete Sehnsucht nach Freiheit finden immer wieder Ausdruck in ihrer spannenden Lebensgeschichte auf dem verh\u00e4ngnisvollen historischen Hintergrund des 20. Jahrhunderts. Zudem hat Gerti Michaelis Rahr die Novelle Unverhofft (Pop Verlag. 2011) publiziert.<\/p>\n<p>Lieferbare Titel von <a href=\"https:\/\/wp.pop-verlag.com\/?page_id=6036\">Gerti Michaelis Rahr<\/a>:<\/p>\n<ul>\n<li><span lang=\"RO\"><a href=\"https:\/\/wp.pop-verlag.com\/?p=6054\"><em>Unverhofft<\/em><\/a>. <\/span><b>Reihe EPIK, Bd. 35.<\/b> <span lang=\"RO\">ISBN: 978-3-86356-021-8, 100 Seiten, <\/span>\u20ac[D] <span lang=\"RO\">10,50\u00a0<\/span><\/li>\n<\/ul>\n<ul>\n<li><em><a href=\"https:\/\/wp.pop-verlag.com\/?p=6034\">Der Vorhang fiel. Lebenswege einer K\u00fcnstlerin durch drei Diktaturen. Zeitzeugin eines Jahrhunderts<\/a>. <\/em>Reihe Fragmentarium Bd. 24, 277 S,.ISBN 978-3-86356-348-6<em>, <\/em>\u20ac[D]19,90.<\/li>\n<\/ul>\n","protected":false},"excerpt":{"rendered":"<p>Gerti Michaelis Rahr, geboren als Gerti Michaelis 1921 in Stettin, erlebte als K\u00fcnstlerin die Schreckensherrschaft der Hitler-Diktatur und war eine Kritikerin des Regimes. Aus Berlin wurde sie 1945 in ein Internierungslager bei Moskau verschleppt. Von dort f\u00fchrte der Weg nach &hellip; <a class=\"more-link\" href=\"https:\/\/wp.pop-verlag.com\/?page_id=6036\">Weiterlesen <span class=\"meta-nav\">&rarr;<\/span><\/a><\/p>\n","protected":false},"author":2,"featured_media":0,"parent":700,"menu_order":7,"comment_status":"closed","ping_status":"closed","template":"","meta":{"footnotes":""},"class_list":["post-6036","page","type-page","status-publish","hentry"],"jetpack_sharing_enabled":true,"_links":{"self":[{"href":"https:\/\/wp.pop-verlag.com\/index.php?rest_route=\/wp\/v2\/pages\/6036","targetHints":{"allow":["GET"]}}],"collection":[{"href":"https:\/\/wp.pop-verlag.com\/index.php?rest_route=\/wp\/v2\/pages"}],"about":[{"href":"https:\/\/wp.pop-verlag.com\/index.php?rest_route=\/wp\/v2\/types\/page"}],"author":[{"embeddable":true,"href":"https:\/\/wp.pop-verlag.com\/index.php?rest_route=\/wp\/v2\/users\/2"}],"replies":[{"embeddable":true,"href":"https:\/\/wp.pop-verlag.com\/index.php?rest_route=%2Fwp%2Fv2%2Fcomments&post=6036"}],"version-history":[{"count":5,"href":"https:\/\/wp.pop-verlag.com\/index.php?rest_route=\/wp\/v2\/pages\/6036\/revisions"}],"predecessor-version":[{"id":6060,"href":"https:\/\/wp.pop-verlag.com\/index.php?rest_route=\/wp\/v2\/pages\/6036\/revisions\/6060"}],"up":[{"embeddable":true,"href":"https:\/\/wp.pop-verlag.com\/index.php?rest_route=\/wp\/v2\/pages\/700"}],"wp:attachment":[{"href":"https:\/\/wp.pop-verlag.com\/index.php?rest_route=%2Fwp%2Fv2%2Fmedia&parent=6036"}],"curies":[{"name":"wp","href":"https:\/\/api.w.org\/{rel}","templated":true}]}}

<p><img loading="lazy" decoding="async" class="alignleft size-medium wp-image-6037" src="https://wp.pop-verlag.com/wp-content/uploads/2021/12/GR-Pressefoto-197x300.jpg" alt="" width="197" height="300" srcset="https://wp.pop-verlag.com/wp-content/uploads/2021/12/GR-Pressefoto-197x300.jpg 197w, https://wp.pop-verlag.com/wp-content/uploads/2021/12/GR-Pressefoto-768x1167.jpg 768w, https://wp.pop-verlag.com/wp-content/uploads/2021/12/GR-Pressefoto-674x1024.jpg 674w, https://wp.pop-verlag.com/wp-content/uploads/2021/12/GR-Pressefoto.jpg 780w" sizes="auto, (max-width: 197px) 100vw, 197px" /><a href="https://wp.pop-verlag.com/?page_id=6036"><strong>Gerti Michaelis Rahr</strong></a>, geboren als Gerti Michaelis 1921 in Stettin, erlebte als Künstlerin die Schreckensherrschaft der Hitler-Diktatur und war eine Kritikerin des Regimes. Aus Berlin wurde sie 1945 in ein Internierungslager bei Moskau verschleppt. Von dort führte der Weg nach Ungarn. Sie kehrte 1963 nach Deutschland zurück.<br />
Ihre erfolgreiche künstlerische Karriere beginnt Anfang der vierziger Jahre des vorigen Jahrhunderts. Mit Leidenschaft übt sie ihren tänzerischen und gesanglichen Beruf aus. Schon als 19-Jährige ist sie eine gefeierte Balletttänzerin und Sängerin auf der Bühne des Nationaltheaters Weimar.<br />
Mit ihrer regimekritischen Haltung riskiert sie, verhaftet zu werden. Neben ihrer künstlerischen Laufbahn werden die Jahre während der Hitler-Diktatur prägend führ ihr ganzes Leben, darunter die Begegnung mit dem berüchtigten Lagerarzt Waldemar Hoven des Konzentrationslagers Buchenwald, ihr Zwangseinsatz in einer Munitionsfabrik, die grauenvolle Zeit in Dresden am Tag nach dem Bombardement der Stadt und schließlich die letzten Kriegswochen in Berlin.<br />
Der ungarische Diplomat Andreas Török von Szendrő versucht mit seiner Liebe zu der jungen Künstlerin Gerti Michaelis, sie vor unheilvollen Geschehnissen und den Widerwärtigkeiten in den Kriegswirren soweit es geht zu bewahren. Es kommt 1945 trotzdem zur Verschleppung in sowjetische Gefangenschaft und zum anschließenden Zwangsaufenthalt hinter dem „Eisernen Vorhang“, in dem ihr zunächst fremden Ungarn. Sie wird dort sogar des Landesverrats verdächtigt und erlebt zusammen mit ihrem ungarischen Ehemann den Volksaufstand 1956 und seine Niederschlagung.<br />
Der Tanz bleibt trotzdem weiter die Bestimmung ihres Lebens; sie wird diplomierte Ballettmeisterin und bildet den talentierten ungarischen Ballett-Nachwuchs aus. Ihr starker Lebenswille und ihr Mut lassen sie drei Diktaturen überleben.<br />
Nach achtzehn Jahren gelingt es ihr, in ihre Heimat zurückzukehren.<br />
Heute lebt Gerti Michaelis Rahr in Leutkirch im Allgäu. Sie ist die Mutter des Schriftstellers Imre Török. Ihr Buch Der Vorhang fiel. Lebenswege einer Künstlerin durch drei Diktaturen. Zeitzeugin eines Jahrhunderts, ist letztlich ein versöhnender Rückblick ohne Groll im Herzen. Die dunklen Seiten der Vergangenheit, aber auch viele glückliche Erinnerungen und ihre stete Sehnsucht nach Freiheit finden immer wieder Ausdruck in ihrer spannenden Lebensgeschichte auf dem verhängnisvollen historischen Hintergrund des 20. Jahrhunderts. Zudem hat Gerti Michaelis Rahr die Novelle Unverhofft (Pop Verlag. 2011) publiziert.</p>
<p>Lieferbare Titel von <a href="https://wp.pop-verlag.com/?page_id=6036">Gerti Michaelis Rahr</a>:</p>
<ul>
<li><span lang="RO"><a href="https://wp.pop-verlag.com/?p=6054"><em>Unverhofft</em></a>. </span><b>Reihe EPIK, Bd. 35.</b> <span lang="RO">ISBN: 978-3-86356-021-8, 100 Seiten, </span>€[D] <span lang="RO">10,50 </span></li>
</ul>
<ul>
<li><em><a href="https://wp.pop-verlag.com/?p=6034">Der Vorhang fiel. Lebenswege einer Künstlerin durch drei Diktaturen. Zeitzeugin eines Jahrhunderts</a>. </em>Reihe Fragmentarium Bd. 24, 277 S,.ISBN 978-3-86356-348-6<em>, </em>€[D]19,90.</li>
</ul>

<p>Gerti Michaelis Rahr, geboren als Gerti Michaelis 1921 in Stettin, erlebte als Künstlerin die Schreckensherrschaft der Hitler-Diktatur und war eine Kritikerin des Regimes. Aus Berlin wurde sie 1945 in ein Internierungslager bei Moskau verschleppt. Von dort führte der Weg nach &hellip; <a class="more-link" href="https://wp.pop-verlag.com/?page_id=6036">Weiterlesen <span class="meta-nav">&rarr;</span></a></p>
