{"id":5979,"date":"2021-10-01T14:55:35","date_gmt":"2021-10-01T14:55:35","guid":{"rendered":"https:\/\/wp.pop-verlag.com\/?page_id=5979"},"modified":"2021-10-01T14:56:48","modified_gmt":"2021-10-01T14:56:48","slug":"irena-habalik","status":"publish","type":"page","link":"https:\/\/wp.pop-verlag.com\/?page_id=5979","title":{"rendered":"Irena Habalik"},"content":{"rendered":"<p><a href=\"https:\/\/wp.pop-verlag.com\/?page_id=5979\"><strong>Irena Habalik<\/strong><\/a> ist eine in deutscher Sprache schreibende Autorin mit polnischen Wurzeln. Geboren und aufgewachsen in Polen, seit vielen Jahren in Wien lebend. Dolmetsch- und Publizistikstudium. Sie schreibt, \u00fcbersetzt, malt. Mehrere Ver\u00f6ffentlichungen, u. a. Vom Gl\u00fcck der M\u00fccken (2015), Wenn es mir im Herzen gr\u00fcnt (2016), Aus dem Rahmen f\u00e4llt ein Bild (2017). Auszeichnungen: Theodor-K\u00f6rner-Preis (1987) und Christine-Busta-<br \/>\nLyrikwettbewerb (2006).<\/p>\n<p><span class=\"readonlyText multiple\">Lieferbare Titel von <a href=\"https:\/\/wp.pop-verlag.com\/?page_id=5979\"><strong>Irena Habalik<\/strong><\/a>:<br \/>\n<\/span><\/p>\n<p>\u2013 <a href=\"https:\/\/wp.pop-verlag.com\/?p=5961\"><strong>Male dein Schweigen<\/strong><\/a>. Reihe Lyrik Band 156, 130 Seiten, ISBN 978-3-86356-325-7, \u20ac [D]16,50<\/p>\n","protected":false},"excerpt":{"rendered":"<p>Irena Habalik ist eine in deutscher Sprache schreibende Autorin mit polnischen Wurzeln. Geboren und aufgewachsen in Polen, seit vielen Jahren in Wien lebend. Dolmetsch- und Publizistikstudium. Sie schreibt, \u00fcbersetzt, malt. Mehrere Ver\u00f6ffentlichungen, u. a. Vom Gl\u00fcck der M\u00fccken (2015), Wenn &hellip; <a class=\"more-link\" href=\"https:\/\/wp.pop-verlag.com\/?page_id=5979\">Weiterlesen <span class=\"meta-nav\">&rarr;<\/span><\/a><\/p>\n","protected":false},"author":2,"featured_media":0,"parent":674,"menu_order":1,"comment_status":"closed","ping_status":"closed","template":"","meta":{"footnotes":""},"class_list":["post-5979","page","type-page","status-publish","hentry"],"jetpack_sharing_enabled":true,"_links":{"self":[{"href":"https:\/\/wp.pop-verlag.com\/index.php?rest_route=\/wp\/v2\/pages\/5979","targetHints":{"allow":["GET"]}}],"collection":[{"href":"https:\/\/wp.pop-verlag.com\/index.php?rest_route=\/wp\/v2\/pages"}],"about":[{"href":"https:\/\/wp.pop-verlag.com\/index.php?rest_route=\/wp\/v2\/types\/page"}],"author":[{"embeddable":true,"href":"https:\/\/wp.pop-verlag.com\/index.php?rest_route=\/wp\/v2\/users\/2"}],"replies":[{"embeddable":true,"href":"https:\/\/wp.pop-verlag.com\/index.php?rest_route=%2Fwp%2Fv2%2Fcomments&post=5979"}],"version-history":[{"count":3,"href":"https:\/\/wp.pop-verlag.com\/index.php?rest_route=\/wp\/v2\/pages\/5979\/revisions"}],"predecessor-version":[{"id":5982,"href":"https:\/\/wp.pop-verlag.com\/index.php?rest_route=\/wp\/v2\/pages\/5979\/revisions\/5982"}],"up":[{"embeddable":true,"href":"https:\/\/wp.pop-verlag.com\/index.php?rest_route=\/wp\/v2\/pages\/674"}],"wp:attachment":[{"href":"https:\/\/wp.pop-verlag.com\/index.php?rest_route=%2Fwp%2Fv2%2Fmedia&parent=5979"}],"curies":[{"name":"wp","href":"https:\/\/api.w.org\/{rel}","templated":true}]}}