{"id":5967,"date":"2021-09-17T13:24:11","date_gmt":"2021-09-17T13:24:11","guid":{"rendered":"https:\/\/wp.pop-verlag.com\/?page_id=5967"},"modified":"2021-09-17T13:24:11","modified_gmt":"2021-09-17T13:24:11","slug":"lawrenti-ardasiani","status":"publish","type":"page","link":"https:\/\/wp.pop-verlag.com\/?page_id=5967","title":{"rendered":"Lawrenti Ardasiani"},"content":{"rendered":"<p><img loading=\"lazy\" decoding=\"async\" class=\"alignleft size-full wp-image-5968\" src=\"https:\/\/wp.pop-verlag.com\/wp-content\/uploads\/2021\/09\/Lawrenti-Ardasiani.jpg\" alt=\"\" width=\"217\" height=\"289\" \/>\u00a0 <strong>Lawrenti Ardasiani<\/strong> (1815\u20131870) war ein bedeutender Vertreter des georgischen Sozialen Romans im 19. Jahrhundert. Er war einer der ersten Schriftsteller, die die Alltagssprache programmatisch in der Prosa einsetzten. Zun\u00e4chst wurde Ardasiani 1858 als \u00dcbersetzer von Shakespeares Hamlet bekannt. 1861 erschien der erste Roman: Solomon Isakitsch Medshghanuaschwili, in dem anhand der Geschichte eines in \u00e4rmlichsten Verh\u00e4ltnissen auf die Welt gekommen Mannes, der zu einem der reichsten H\u00e4ndler des Landes wurde, die von Unbarmherzigkeit und Grausamkeit gepr\u00e4gte Gesellschaft jener Zeit dargestellt wird. Der Roman hat nichts von seiner Anziehungskraft eingeb\u00fc\u00dft und wird bis heute vielfach gelesen. Das Erfolgsrezept des Helden, zu dem er durch eigene Erfahrungen gekommen war: Erkenne die Schw\u00e4che eines Mannes, nutze diese f\u00fcr dich und zieh ihm den Teppich so unter den F\u00fc\u00dfen weg, dass er davon nicht einmal etwas merkt. \u00dcberfalle ihn in der Not und nimm ihn richtig aus. Sei unbarmherzig. Mehr ist nicht n\u00f6tig, um gl\u00fccklich zu werden. Lawrenti Ardasiani schrieb zwar noch weitere Romane und ver\u00f6ffentlichte kritisch-polemische Artikel sowie weitere \u00dcbersetzungen; seinen Platz in der klassischen georgischen Literatur jedoch sicherte er sich mit Solomon Isakitsch Medshghanuaschwili.<\/p>\n","protected":false},"excerpt":{"rendered":"<p>\u00a0 Lawrenti Ardasiani (1815\u20131870) war ein bedeutender Vertreter des georgischen Sozialen Romans im 19. Jahrhundert. Er war einer der ersten Schriftsteller, die die Alltagssprache programmatisch in der Prosa einsetzten. Zun\u00e4chst wurde Ardasiani 1858 als \u00dcbersetzer von Shakespeares Hamlet bekannt. 1861 &hellip; <a class=\"more-link\" href=\"https:\/\/wp.pop-verlag.com\/?page_id=5967\">Weiterlesen <span class=\"meta-nav\">&rarr;<\/span><\/a><\/p>\n","protected":false},"author":2,"featured_media":0,"parent":658,"menu_order":8,"comment_status":"closed","ping_status":"closed","template":"","meta":{"footnotes":""},"class_list":["post-5967","page","type-page","status-publish","hentry"],"jetpack_sharing_enabled":true,"_links":{"self":[{"href":"https:\/\/wp.pop-verlag.com\/index.php?rest_route=\/wp\/v2\/pages\/5967","targetHints":{"allow":["GET"]}}],"collection":[{"href":"https:\/\/wp.pop-verlag.com\/index.php?rest_route=\/wp\/v2\/pages"}],"about":[{"href":"https:\/\/wp.pop-verlag.com\/index.php?rest_route=\/wp\/v2\/types\/page"}],"author":[{"embeddable":true,"href":"https:\/\/wp.pop-verlag.com\/index.php?rest_route=\/wp\/v2\/users\/2"}],"replies":[{"embeddable":true,"href":"https:\/\/wp.pop-verlag.com\/index.php?rest_route=%2Fwp%2Fv2%2Fcomments&post=5967"}],"version-history":[{"count":1,"href":"https:\/\/wp.pop-verlag.com\/index.php?rest_route=\/wp\/v2\/pages\/5967\/revisions"}],"predecessor-version":[{"id":5969,"href":"https:\/\/wp.pop-verlag.com\/index.php?rest_route=\/wp\/v2\/pages\/5967\/revisions\/5969"}],"up":[{"embeddable":true,"href":"https:\/\/wp.pop-verlag.com\/index.php?rest_route=\/wp\/v2\/pages\/658"}],"wp:attachment":[{"href":"https:\/\/wp.pop-verlag.com\/index.php?rest_route=%2Fwp%2Fv2%2Fmedia&parent=5967"}],"curies":[{"name":"wp","href":"https:\/\/api.w.org\/{rel}","templated":true}]}}