{"id":5939,"date":"2021-09-03T07:09:19","date_gmt":"2021-09-03T07:09:19","guid":{"rendered":"https:\/\/wp.pop-verlag.com\/?page_id=5939"},"modified":"2021-09-03T07:09:50","modified_gmt":"2021-09-03T07:09:50","slug":"eleonora-gehrisch","status":"publish","type":"page","link":"https:\/\/wp.pop-verlag.com\/?page_id=5939","title":{"rendered":"Eleonora Gehrisch"},"content":{"rendered":"<p><a href=\"https:\/\/wp.pop-verlag.com\/?page_id=5939\"><strong>Eleonora Gehrisch<\/strong><\/a>, Studium der Allgemeinen und Vergleichenden Sprachwissenschaft und Romanistik Kulturwissenschaft mit dem Schwerpunkt Lateinamerikastudien, Publikation der Aufsatzsammlung Von Macchu Piccu nach Iberien unter dem Pseudonym Ellen M\u00fcller-Pons, Promotion in der Indogermanistik, Ver\u00f6ffentlichung der Dissertation unter dem Titel Die lykischen Inschriften im Spiegel ihrer Sprache, \u00dcbersetzungen aus dem Polnischen und Spanischen, Lyrik, Essayistik, Publikationen in den Zeitschriften \u201eOstragehege\u201c (Dresden), \u201eRhein!\u201c (D\u00fcsseldorf) und \u201ePomosty\u201c (Breslau), lebt in Dresden.<\/p>\n<p><span class=\"readonlyText multiple\">Lieferbare Titel von <a href=\"https:\/\/wp.pop-verlag.com\/?page_id=5939\"><strong>Eleonora Gehrisch<\/strong><\/a>:<br \/>\n<\/span><\/p>\n<p><strong><a href=\"https:\/\/wp.pop-verlag.com\/?p=5844\">\u2013 Monds\u00fcchtig. Balustradenges\u00e4nge<\/a>.<\/strong><\/p>\n<p>Reihe Lyrik Band 167, 54 Seiten, ISBN 978-3-86356-343-1<\/p>\n<p>\u20ac [D]14,50<\/p>\n","protected":false},"excerpt":{"rendered":"<p>Eleonora Gehrisch, Studium der Allgemeinen und Vergleichenden Sprachwissenschaft und Romanistik Kulturwissenschaft mit dem Schwerpunkt Lateinamerikastudien, Publikation der Aufsatzsammlung Von Macchu Piccu nach Iberien unter dem Pseudonym Ellen M\u00fcller-Pons, Promotion in der Indogermanistik, Ver\u00f6ffentlichung der Dissertation unter dem Titel Die lykischen &hellip; <a class=\"more-link\" href=\"https:\/\/wp.pop-verlag.com\/?page_id=5939\">Weiterlesen <span class=\"meta-nav\">&rarr;<\/span><\/a><\/p>\n","protected":false},"author":2,"featured_media":0,"parent":672,"menu_order":6,"comment_status":"closed","ping_status":"closed","template":"","meta":{"footnotes":""},"class_list":["post-5939","page","type-page","status-publish","hentry"],"jetpack_sharing_enabled":true,"_links":{"self":[{"href":"https:\/\/wp.pop-verlag.com\/index.php?rest_route=\/wp\/v2\/pages\/5939","targetHints":{"allow":["GET"]}}],"collection":[{"href":"https:\/\/wp.pop-verlag.com\/index.php?rest_route=\/wp\/v2\/pages"}],"about":[{"href":"https:\/\/wp.pop-verlag.com\/index.php?rest_route=\/wp\/v2\/types\/page"}],"author":[{"embeddable":true,"href":"https:\/\/wp.pop-verlag.com\/index.php?rest_route=\/wp\/v2\/users\/2"}],"replies":[{"embeddable":true,"href":"https:\/\/wp.pop-verlag.com\/index.php?rest_route=%2Fwp%2Fv2%2Fcomments&post=5939"}],"version-history":[{"count":2,"href":"https:\/\/wp.pop-verlag.com\/index.php?rest_route=\/wp\/v2\/pages\/5939\/revisions"}],"predecessor-version":[{"id":5941,"href":"https:\/\/wp.pop-verlag.com\/index.php?rest_route=\/wp\/v2\/pages\/5939\/revisions\/5941"}],"up":[{"embeddable":true,"href":"https:\/\/wp.pop-verlag.com\/index.php?rest_route=\/wp\/v2\/pages\/672"}],"wp:attachment":[{"href":"https:\/\/wp.pop-verlag.com\/index.php?rest_route=%2Fwp%2Fv2%2Fmedia&parent=5939"}],"curies":[{"name":"wp","href":"https:\/\/api.w.org\/{rel}","templated":true}]}}