{"id":5930,"date":"2021-08-21T06:23:11","date_gmt":"2021-08-21T06:23:11","guid":{"rendered":"https:\/\/wp.pop-verlag.com\/?page_id=5930"},"modified":"2021-08-21T07:13:24","modified_gmt":"2021-08-21T07:13:24","slug":"wladyslaw-galczynski","status":"publish","type":"page","link":"https:\/\/wp.pop-verlag.com\/?page_id=5930","title":{"rendered":"W\u0142adys\u0142aw Ga\u0142czy\u0144ski"},"content":{"rendered":"<p><strong>W\u0142adys\u0142aw Ga\u0142czy\u0144ski<\/strong>, *1954 in Lw\u00f3wek \u015al\u0105ski. Seit 1982 Ga\u0142czy\u0144ski ist als Maler t\u00e4tig. Viermaliger Gewinner des Nationalen Kunstwettbewerbs \u201eF\u00fcr eine Goldgrubenlampe\u201c in Wa\u0142brzych (Waldenburg), darunter zwei erste Preise. Gewinner des Nationalen Kunstwettbewerbs \u201eVaterl\u00e4ndische Landschaft\u201c von J\u00f3zef Che\u0142mo\u0144ski in Skierniewice und Finalist des Internationalen Malereiwettbewerbs \u201eDer Mensch und seine Zeit\u201c in \u0141\u00f3d\u017a. Zweimaliger Finalist des nach Ewa \u015awitalska benannten Wettbewerbs \u201eBild des Jahres\u201c, der von der Zeitschrift \u201eArt&amp;Business\u201c veranstaltet wird. Ga\u0142czy\u0144ski nahm an Ausstellungen zu den Wettbewerben und an Einzelausstellungen teil: 2005 \u2013 im Palast \u201eKr\u00f3likarnia\u201c in Warschau; 2006 \u2013 im Hotel Europa in Warschau; 2015 \u2013 in der Galerie ImpArt in Wroc\u0142aw. Im Jahr 2019 wurden seine Werke in die Publikation \u201ePolnische Malerei 2019\u201c aufgenommen, die von Promocjaart Gabriela Borys herausgegeben wurde. Lebt und arbeitet in Lw\u00f3wek \u015al\u0105ski.<\/p>\n<p><span class=\"readonlyText multiple\">Lieferbare Titel von <a href=\"https:\/\/wp.pop-verlag.com\/?page_id=5930\"><strong>W\u0142adys\u0142aw Ga\u0142czy\u0144ski:<\/strong><\/a><\/span><\/p>\n<p><strong><a href=\"https:\/\/wp.pop-verlag.com\/?page_id=817\">&#8211; Ines Hagemeyer<\/a><\/strong>: <a href=\"https:\/\/wp.pop-verlag.com\/?p=5846\"><strong>Fragen im Schlepptau<\/strong><\/a>. Gedichte. Mit 10 Grafiken von <a href=\"https:\/\/wp.pop-verlag.com\/?page_id=5930\"><strong>W\u0142adys\u0142aw Ga\u0142czy\u0144ski<\/strong><\/a>. Reihe Lyrik Band 16, 168 Seiten, ISBN 978-3<\/p>\n<p>-86356-292-2; \u20ac[D]16,50<\/p>\n<p><span class=\"readonlyText multiple\">\u00a0<\/span><\/p>\n","protected":false},"excerpt":{"rendered":"<p>W\u0142adys\u0142aw Ga\u0142czy\u0144ski, *1954 in Lw\u00f3wek \u015al\u0105ski. Seit 1982 Ga\u0142czy\u0144ski ist als Maler t\u00e4tig. Viermaliger Gewinner des Nationalen Kunstwettbewerbs \u201eF\u00fcr eine Goldgrubenlampe\u201c in Wa\u0142brzych (Waldenburg), darunter zwei erste Preise. Gewinner des Nationalen Kunstwettbewerbs \u201eVaterl\u00e4ndische Landschaft\u201c von J\u00f3zef Che\u0142mo\u0144ski in Skierniewice und &hellip; <a class=\"more-link\" href=\"https:\/\/wp.pop-verlag.com\/?page_id=5930\">Weiterlesen <span class=\"meta-nav\">&rarr;<\/span><\/a><\/p>\n","protected":false},"author":2,"featured_media":0,"parent":672,"menu_order":1,"comment_status":"closed","ping_status":"closed","template":"","meta":{"footnotes":""},"class_list":["post-5930","page","type-page","status-publish","hentry"],"jetpack_sharing_enabled":true,"_links":{"self":[{"href":"https:\/\/wp.pop-verlag.com\/index.php?rest_route=\/wp\/v2\/pages\/5930","targetHints":{"allow":["GET"]}}],"collection":[{"href":"https:\/\/wp.pop-verlag.com\/index.php?rest_route=\/wp\/v2\/pages"}],"about":[{"href":"https:\/\/wp.pop-verlag.com\/index.php?rest_route=\/wp\/v2\/types\/page"}],"author":[{"embeddable":true,"href":"https:\/\/wp.pop-verlag.com\/index.php?rest_route=\/wp\/v2\/users\/2"}],"replies":[{"embeddable":true,"href":"https:\/\/wp.pop-verlag.com\/index.php?rest_route=%2Fwp%2Fv2%2Fcomments&post=5930"}],"version-history":[{"count":4,"href":"https:\/\/wp.pop-verlag.com\/index.php?rest_route=\/wp\/v2\/pages\/5930\/revisions"}],"predecessor-version":[{"id":5934,"href":"https:\/\/wp.pop-verlag.com\/index.php?rest_route=\/wp\/v2\/pages\/5930\/revisions\/5934"}],"up":[{"embeddable":true,"href":"https:\/\/wp.pop-verlag.com\/index.php?rest_route=\/wp\/v2\/pages\/672"}],"wp:attachment":[{"href":"https:\/\/wp.pop-verlag.com\/index.php?rest_route=%2Fwp%2Fv2%2Fmedia&parent=5930"}],"curies":[{"name":"wp","href":"https:\/\/api.w.org\/{rel}","templated":true}]}}