{"id":590,"date":"2015-09-01T16:05:05","date_gmt":"2015-09-01T16:05:05","guid":{"rendered":"http:\/\/wp.pop-verlag.com\/?page_id=590"},"modified":"2020-04-04T14:29:52","modified_gmt":"2020-04-04T14:29:52","slug":"klaus-martens","status":"publish","type":"page","link":"https:\/\/wp.pop-verlag.com\/?page_id=590","title":{"rendered":"Klaus Martens"},"content":{"rendered":"<p><a href=\"http:\/\/wp.pop-verlag.com\/wp-content\/uploads\/2015\/09\/klausmartens.jpg\"><img loading=\"lazy\" decoding=\"async\" class=\"alignleft wp-image-592 size-full\" src=\"http:\/\/wp.pop-verlag.com\/wp-content\/uploads\/2015\/09\/klausmartens.jpg\" alt=\"klausmartens\" width=\"300\" height=\"300\" srcset=\"https:\/\/wp.pop-verlag.com\/wp-content\/uploads\/2015\/09\/klausmartens.jpg 300w, https:\/\/wp.pop-verlag.com\/wp-content\/uploads\/2015\/09\/klausmartens-150x150.jpg 150w\" sizes=\"auto, (max-width: 300px) 100vw, 300px\" \/><\/a><\/p>\n<p><strong>Klaus Martens<\/strong>, *1944 in Kirchdorf \/ Niedersachsen, lebt in Saarbr\u00fccken und Urshult (Schweden) und arbeitet seit Jahrzehnten als Lyriker, literarischer \u00dcbersetzer und Literaturwissenschaftler. Letzte Lyrikver\u00f6ffentlichungen: Das wunderbare Drau\u00dfen (2010), Was Musik macht (Sonderheft Decision 2010), Alter Knochen spricht (2011), Schwedenbuch (Lyrik, Prosa, Fotos von J. Martens, 2011), Abwehrzauber (2012). Martens\u2019 langes Gedicht Die F\u00e4hre (1995, 2006) wurde von Shun Suzuki ins Japanische, weitere Gedichte von Muriel Cormican ins amerikanische Englisch \u00fcbersetzt. Martens ist der \u00dcbersetzer und Herausgeber lyrischer Werke und Werkausgaben von John Ashbery, Elizabeth Bishop, F.P. Grove, Thomas Lux, Christopher Middleton, Charles Simic, Wallace Stevens, Dylan Thomas und Derek Walcott, neben anderen. Mitglied im P.E.N. Deutschland.<\/p>\n<p>Lieferbare Titel von <strong>Klaus Martens<\/strong>:<\/p>\n<ul>\n<li>\u201e<strong><a href=\"http:\/\/wp.pop-verlag.com\/?p=413\">Siebenachtel Leben<\/a><\/strong>\u201e,\u00a0 Gedichte. Pop Lyrik. 106 Seiten, 12,99 \u20ac, ISBN 978-3-86356-063-8<\/li>\n<li>\u201e<strong><a href=\"http:\/\/wp.pop-verlag.com\/?p=381\">A Restatement of Dreams<\/a><\/strong>\u201e, Some poems. Gedichte in englischer Sprache. Pop Lyrik. 64 Seiten, 12,99 \u20ac. ISBN 978-3-86356-078-2<\/li>\n<li>\u201e<a href=\"http:\/\/wp.pop-verlag.com\/?p=128\"><strong>Bei den Vogelinseln<\/strong><\/a>\u201e, 55 Gedichte. Pop Lyrik. 72 Seiten, 13,80\u20ac, ISBN 978-3-86356-102-4<\/li>\n<li>\u201e<strong><a href=\"http:\/\/wp.pop-verlag.com\/?p=517\">Anderswo, nicht hier\u201c<\/a><\/strong>, Gedichte. Mit 15 Grafiken von Eva Wieting. Pop Lyrik. 114 Seiten, 15,50\u20ac ISBN 978-3-86356-120-8<\/li>\n<li><strong><a href=\"http:\/\/wp.pop-verlag.com\/?p=1608\">\u201eMuschuschu\u201c.<\/a> <\/strong>Einige Gedichte. Mit f\u00fcnf Farbtafeln von Eva Wieting (Glasierte Keramik, Details). Pop Lyrik, 92 S., <label class=\"control-label\">ISBN: <\/label><span class=\"readonlyText\">978-3-86356-133-8, <\/span>14,50\u20ac<\/li>\n<li><strong><a title=\"Permalink zu Klaus Martens: \u201eAnderswo, nicht hier\u201c\" href=\"http:\/\/wp.pop-verlag.com\/?p=1580\" rel=\"bookmark\">\u201eAtemholen<\/a><a title=\"Permalink zu Klaus Martens: \u201eAnderswo, nicht hier\u201c\" href=\"http:\/\/wp.pop-verlag.com\/?p=517\" rel=\"bookmark\">\u201c<\/a> Neue und \u00c4ltere Gedichte 1984-2015, <\/strong>Orpheus Reihe Band 2, 268 Seiten, 19,90 \u20ac<br \/>\nISBN 978-3-86356-141-3<\/li>\n<li><strong>Thomas Lux: <a href=\"http:\/\/wp.pop-verlag.com\/?p=1624\">\u201eLobotomobil\u201c. <\/a><\/strong>Ausgew\u00e4hlte Gedichte. Englisch \u2013 Deutsch. Herausgegeben und \u00fcbersetzt von <a href=\"http:\/\/wp.pop-verlag.com\/?page_id=590\">Klaus Martens. <\/a>Orpheus Reihe Band 1 268 Seiten, 19,90 \u20ac. ISBN 978-3-86356-134-5<\/li>\n<li><strong><a href=\"http:\/\/wp.pop-verlag.com\/?p=2852\">\u201eStillwasser\u201c.<\/a>\u00a0<\/strong> Gedichte. Pop Lyrik, 100 S., <label class=\"control-label\">ISBN: <\/label><span class=\"readonlyText\">978-3-86356-209-0, \u20ac[D]<\/span>16,50<\/li>\n<li><strong><a href=\"https:\/\/wp.pop-verlag.com\/?p=4513\">Stachelbeerg\u00e4rten.<\/a><\/strong> Gedichte.\u00a0Die POP-Verlag-LYRIKREIHE Bd. 137. 105 S., <label class=\"control-label\">ISBN: <\/label><span class=\"readonlyText\">978-3-86356-281-6, \u20ac[D]<\/span> 49,50<\/li>\n<li><\/li>\n<\/ul>\n<p>&nbsp;<\/p>\n","protected":false},"excerpt":{"rendered":"<p>Klaus Martens, *1944 in Kirchdorf \/ Niedersachsen, lebt in Saarbr\u00fccken und Urshult (Schweden) und arbeitet seit Jahrzehnten als Lyriker, literarischer \u00dcbersetzer und Literaturwissenschaftler. Letzte Lyrikver\u00f6ffentlichungen: Das wunderbare Drau\u00dfen (2010), Was Musik macht (Sonderheft Decision 2010), Alter Knochen spricht (2011), Schwedenbuch &hellip; <a class=\"more-link\" href=\"https:\/\/wp.pop-verlag.com\/?page_id=590\">Weiterlesen <span class=\"meta-nav\">&rarr;<\/span><\/a><\/p>\n","protected":false},"author":1,"featured_media":0,"parent":700,"menu_order":0,"comment_status":"closed","ping_status":"closed","template":"","meta":{"footnotes":""},"class_list":["post-590","page","type-page","status-publish","hentry"],"jetpack_sharing_enabled":true,"_links":{"self":[{"href":"https:\/\/wp.pop-verlag.com\/index.php?rest_route=\/wp\/v2\/pages\/590","targetHints":{"allow":["GET"]}}],"collection":[{"href":"https:\/\/wp.pop-verlag.com\/index.php?rest_route=\/wp\/v2\/pages"}],"about":[{"href":"https:\/\/wp.pop-verlag.com\/index.php?rest_route=\/wp\/v2\/types\/page"}],"author":[{"embeddable":true,"href":"https:\/\/wp.pop-verlag.com\/index.php?rest_route=\/wp\/v2\/users\/1"}],"replies":[{"embeddable":true,"href":"https:\/\/wp.pop-verlag.com\/index.php?rest_route=%2Fwp%2Fv2%2Fcomments&post=590"}],"version-history":[{"count":11,"href":"https:\/\/wp.pop-verlag.com\/index.php?rest_route=\/wp\/v2\/pages\/590\/revisions"}],"predecessor-version":[{"id":4969,"href":"https:\/\/wp.pop-verlag.com\/index.php?rest_route=\/wp\/v2\/pages\/590\/revisions\/4969"}],"up":[{"embeddable":true,"href":"https:\/\/wp.pop-verlag.com\/index.php?rest_route=\/wp\/v2\/pages\/700"}],"wp:attachment":[{"href":"https:\/\/wp.pop-verlag.com\/index.php?rest_route=%2Fwp%2Fv2%2Fmedia&parent=590"}],"curies":[{"name":"wp","href":"https:\/\/api.w.org\/{rel}","templated":true}]}}

<p><a href="http://wp.pop-verlag.com/wp-content/uploads/2015/09/klausmartens.jpg"><img loading="lazy" decoding="async" class="alignleft wp-image-592 size-full" src="http://wp.pop-verlag.com/wp-content/uploads/2015/09/klausmartens.jpg" alt="klausmartens" width="300" height="300" srcset="https://wp.pop-verlag.com/wp-content/uploads/2015/09/klausmartens.jpg 300w, https://wp.pop-verlag.com/wp-content/uploads/2015/09/klausmartens-150x150.jpg 150w" sizes="auto, (max-width: 300px) 100vw, 300px" /></a></p>
<p><strong>Klaus Martens</strong>, *1944 in Kirchdorf / Niedersachsen, lebt in Saarbrücken und Urshult (Schweden) und arbeitet seit Jahrzehnten als Lyriker, literarischer Übersetzer und Literaturwissenschaftler. Letzte Lyrikveröffentlichungen: Das wunderbare Draußen (2010), Was Musik macht (Sonderheft Decision 2010), Alter Knochen spricht (2011), Schwedenbuch (Lyrik, Prosa, Fotos von J. Martens, 2011), Abwehrzauber (2012). Martens’ langes Gedicht Die Fähre (1995, 2006) wurde von Shun Suzuki ins Japanische, weitere Gedichte von Muriel Cormican ins amerikanische Englisch übersetzt. Martens ist der Übersetzer und Herausgeber lyrischer Werke und Werkausgaben von John Ashbery, Elizabeth Bishop, F.P. Grove, Thomas Lux, Christopher Middleton, Charles Simic, Wallace Stevens, Dylan Thomas und Derek Walcott, neben anderen. Mitglied im P.E.N. Deutschland.</p>
<p>Lieferbare Titel von <strong>Klaus Martens</strong>:</p>
<ul>
<li>„<strong><a href="http://wp.pop-verlag.com/?p=413">Siebenachtel Leben</a></strong>„,  Gedichte. Pop Lyrik. 106 Seiten, 12,99 €, ISBN 978-3-86356-063-8</li>
<li>„<strong><a href="http://wp.pop-verlag.com/?p=381">A Restatement of Dreams</a></strong>„, Some poems. Gedichte in englischer Sprache. Pop Lyrik. 64 Seiten, 12,99 €. ISBN 978-3-86356-078-2</li>
<li>„<a href="http://wp.pop-verlag.com/?p=128"><strong>Bei den Vogelinseln</strong></a>„, 55 Gedichte. Pop Lyrik. 72 Seiten, 13,80€, ISBN 978-3-86356-102-4</li>
<li>„<strong><a href="http://wp.pop-verlag.com/?p=517">Anderswo, nicht hier“</a></strong>, Gedichte. Mit 15 Grafiken von Eva Wieting. Pop Lyrik. 114 Seiten, 15,50€ ISBN 978-3-86356-120-8</li>
<li><strong><a href="http://wp.pop-verlag.com/?p=1608">„Muschuschu“.</a> </strong>Einige Gedichte. Mit fünf Farbtafeln von Eva Wieting (Glasierte Keramik, Details). Pop Lyrik, 92 S., <label class="control-label">ISBN: </label><span class="readonlyText">978-3-86356-133-8, </span>14,50€</li>
<li><strong><a title="Permalink zu Klaus Martens: „Anderswo, nicht hier“" href="http://wp.pop-verlag.com/?p=1580" rel="bookmark">„Atemholen</a><a title="Permalink zu Klaus Martens: „Anderswo, nicht hier“" href="http://wp.pop-verlag.com/?p=517" rel="bookmark">“</a> Neue und Ältere Gedichte 1984-2015, </strong>Orpheus Reihe Band 2, 268 Seiten, 19,90 €<br />
ISBN 978-3-86356-141-3</li>
<li><strong>Thomas Lux: <a href="http://wp.pop-verlag.com/?p=1624">„Lobotomobil“. </a></strong>Ausgewählte Gedichte. Englisch – Deutsch. Herausgegeben und übersetzt von <a href="http://wp.pop-verlag.com/?page_id=590">Klaus Martens. </a>Orpheus Reihe Band 1 268 Seiten, 19,90 €. ISBN 978-3-86356-134-5</li>
<li><strong><a href="http://wp.pop-verlag.com/?p=2852">„Stillwasser“.</a> </strong> Gedichte. Pop Lyrik, 100 S., <label class="control-label">ISBN: </label><span class="readonlyText">978-3-86356-209-0, €[D]</span>16,50</li>
<li><strong><a href="https://wp.pop-verlag.com/?p=4513">Stachelbeergärten.</a></strong> Gedichte. Die POP-Verlag-LYRIKREIHE Bd. 137. 105 S., <label class="control-label">ISBN: </label><span class="readonlyText">978-3-86356-281-6, €[D]</span> 49,50</li>
<li></li>
</ul>
<p>&nbsp;</p>

<p>Klaus Martens, *1944 in Kirchdorf / Niedersachsen, lebt in Saarbrücken und Urshult (Schweden) und arbeitet seit Jahrzehnten als Lyriker, literarischer Übersetzer und Literaturwissenschaftler. Letzte Lyrikveröffentlichungen: Das wunderbare Draußen (2010), Was Musik macht (Sonderheft Decision 2010), Alter Knochen spricht (2011), Schwedenbuch &hellip; <a class="more-link" href="https://wp.pop-verlag.com/?page_id=590">Weiterlesen <span class="meta-nav">&rarr;</span></a></p>
