{"id":5851,"date":"2021-08-09T06:10:12","date_gmt":"2021-08-09T06:10:12","guid":{"rendered":"https:\/\/wp.pop-verlag.com\/?page_id=5851"},"modified":"2021-08-18T05:20:32","modified_gmt":"2021-08-18T05:20:32","slug":"adrian-sangeorzan","status":"publish","type":"page","link":"https:\/\/wp.pop-verlag.com\/?page_id=5851","title":{"rendered":"Adrian S\u00e2ngeorzan"},"content":{"rendered":"<p><strong><img loading=\"lazy\" decoding=\"async\" class=\"alignleft size-medium wp-image-5852\" src=\"https:\/\/wp.pop-verlag.com\/wp-content\/uploads\/2021\/08\/foto-AS-208x300-1000-1000-208x300.jpg\" alt=\"\" width=\"208\" height=\"300\" srcset=\"https:\/\/wp.pop-verlag.com\/wp-content\/uploads\/2021\/08\/foto-AS-208x300-1000-1000-208x300.jpg 208w, https:\/\/wp.pop-verlag.com\/wp-content\/uploads\/2021\/08\/foto-AS-208x300-1000-1000.jpg 693w\" sizes=\"auto, (max-width: 208px) 100vw, 208px\" \/><a href=\"https:\/\/wp.pop-verlag.com\/?page_id=5851\">Adrian S\u00e2ngeorzan<\/a><\/strong> wurde in Bistritz\/Bistri\u0163a geboren. Er hat 1978 ein Studium am Medizinischen Institut der Universit\u00e4t Klausenburg\/Cluj absolviert. 1990 emigrierte er in die USA und lebt in New York, wo er als Facharzt f\u00fcr Geburtshilfe und Gyn\u00e4kologie t\u00e4tig ist. Er ist Lyriker, Prosaschriftsteller, Essayist und Publizist. In zweisprachiger Ausgabe, rum\u00e4nisch und englisch, sind die Lyrikb\u00e4nde Pe Viu, Tatuaje pe marmor\u0103, Anatomia Lunii und Voci pe muchie de cu\u021bit (exquisite corpse mit Carmen Firan) erschienen. Die Prosab\u00e4nde \u00centre dou\u0103 lumi \u2013 Povestirile unui doctor de femei (drei Auflagen), B\u0103taia pe um\u0103r und Drumuri hat er im Verlag Scrisul Rom\u00e2nesc<br \/>\nver\u00f6ffentlicht, bei Curtea Veche die beiden Prosab\u00e4nde \u00centre femei und Certificat de virginitate sowie die Romane Circul din fa\u0163a casei und Vitali. Im Verlag Charmides ist der Gedichtband Geografia lucrurilor erschienen. Spuyten Duyvil Press in New York hat auf Englisch den Gedichtband Over the life line und den Prosaband Exiled From The Wound \u2013 Tales Of A Women\u2019s Doctor mit Geleitworten von Nina Cassian, Andrei Codrescu und Bruce Benderson herausgebracht. Beteiligt war er an dem Dokumentarfilm Decre\u021beii \u2013 Children of the Decree, den Florin Iepan f\u00fcr das deutsche Fernsehen gemacht hat und der weltweit zu sehen war. Als \u00dcbersetzer hat er an der Anthologie amerikanischer Lyrik Locul Nim\u0103nui \u2013 Antologie de poezie american\u0103 contemporana mitgearbeitet. Er ist Mitglied des Rum\u00e4nischen Schriftstellerverbandes und der International Library of Poets in den USA, bei deren Lyrikwettbewerb er 2003 den dritten Platz belegt hat. Mit seinen Gedichten ist er in zahlreichen Anthologien in Europa und Amerika vertreten: The Best Poems And Poets Of 2002, Born in Utopia, Stranger at Home. Contemporary American Poetry with an Accent, 20 Years After the Fall, Yellow Medicine Review usw. Mit Buchvorstellungen und Lesungen hervorgetreten ist er in den USA im Cornelia Street Cafe, dem Bowery Poetry Club, dem Russian Samovar, im International House und im Rum\u00e4nischen Kulturinstitut in New York sowie bei Kolloquien und Tagungen zu literarischen und \u00dcbersetzungsthemen in folgenden Einrichtungen: Institute Hoboken, Redlands University, Chattanooga University, Arizona State University, National Museum of Natural History in New York. Gast war er bei der Buchmesse in G\u00f6teborg, Schweden, und bei etlichen Ausgaben der Festivals Ovidiu und Zile \u0219i Nop\u021bi de Literatur\u0103 (Tage und N\u00e4chte der Literatur) u. a.<\/p>\n<p>Lieferbare Titel von <strong><a href=\"https:\/\/wp.pop-verlag.com\/?page_id=5851\">Adrian S\u00e2ngeorzan<\/a><\/strong>:<\/p>\n<ul>\n<li><strong><a href=\"https:\/\/wp.pop-verlag.com\/?p=5842\">Maskierte Welt \/ Lume mascat\u0103.\u00a0<\/a><\/strong>Gedichte. (Dt.\/Rum.) Illustration: Sorin Bijan, Reihe Lyrik Bd. 159, 190 Seiten,<br \/>\nISBN 978-3-86356-327-1; \u20ac[D]17,50<\/li>\n<li><a href=\"https:\/\/wp.pop-verlag.com\/?p=5857\"><strong>Maskierte Welt. <\/strong><\/a>Gedichte. Illustration: Sorin Bijan, Reihe Lyrik Bd. 159D, 95 Seiten,\u00a0 ISBN 978-3-86356-341-7; \u20ac[D]15,50<\/li>\n<\/ul>\n","protected":false},"excerpt":{"rendered":"<p>Adrian S\u00e2ngeorzan wurde in Bistritz\/Bistri\u0163a geboren. Er hat 1978 ein Studium am Medizinischen Institut der Universit\u00e4t Klausenburg\/Cluj absolviert. 1990 emigrierte er in die USA und lebt in New York, wo er als Facharzt f\u00fcr Geburtshilfe und Gyn\u00e4kologie t\u00e4tig ist. Er &hellip; <a class=\"more-link\" href=\"https:\/\/wp.pop-verlag.com\/?page_id=5851\">Weiterlesen <span class=\"meta-nav\">&rarr;<\/span><\/a><\/p>\n","protected":false},"author":2,"featured_media":0,"parent":712,"menu_order":1,"comment_status":"closed","ping_status":"closed","template":"","meta":{"footnotes":""},"class_list":["post-5851","page","type-page","status-publish","hentry"],"jetpack_sharing_enabled":true,"_links":{"self":[{"href":"https:\/\/wp.pop-verlag.com\/index.php?rest_route=\/wp\/v2\/pages\/5851","targetHints":{"allow":["GET"]}}],"collection":[{"href":"https:\/\/wp.pop-verlag.com\/index.php?rest_route=\/wp\/v2\/pages"}],"about":[{"href":"https:\/\/wp.pop-verlag.com\/index.php?rest_route=\/wp\/v2\/types\/page"}],"author":[{"embeddable":true,"href":"https:\/\/wp.pop-verlag.com\/index.php?rest_route=\/wp\/v2\/users\/2"}],"replies":[{"embeddable":true,"href":"https:\/\/wp.pop-verlag.com\/index.php?rest_route=%2Fwp%2Fv2%2Fcomments&post=5851"}],"version-history":[{"count":3,"href":"https:\/\/wp.pop-verlag.com\/index.php?rest_route=\/wp\/v2\/pages\/5851\/revisions"}],"predecessor-version":[{"id":5920,"href":"https:\/\/wp.pop-verlag.com\/index.php?rest_route=\/wp\/v2\/pages\/5851\/revisions\/5920"}],"up":[{"embeddable":true,"href":"https:\/\/wp.pop-verlag.com\/index.php?rest_route=\/wp\/v2\/pages\/712"}],"wp:attachment":[{"href":"https:\/\/wp.pop-verlag.com\/index.php?rest_route=%2Fwp%2Fv2%2Fmedia&parent=5851"}],"curies":[{"name":"wp","href":"https:\/\/api.w.org\/{rel}","templated":true}]}}