{"id":579,"date":"2015-09-01T15:23:42","date_gmt":"2015-09-01T15:23:42","guid":{"rendered":"http:\/\/wp.pop-verlag.com\/?page_id=579"},"modified":"2021-10-07T10:32:41","modified_gmt":"2021-10-07T10:32:41","slug":"ilse-hehn","status":"publish","type":"page","link":"https:\/\/wp.pop-verlag.com\/?page_id=579","title":{"rendered":"Ilse Hehn"},"content":{"rendered":"<p><strong><a href=\"http:\/\/wp.pop-verlag.com\/wp-content\/uploads\/2015\/09\/Ru00FCckwu00E4rts-Cover_1.jpg\"><img loading=\"lazy\" decoding=\"async\" class=\"alignleft wp-image-739 size-medium\" src=\"http:\/\/wp.pop-verlag.com\/wp-content\/uploads\/2015\/09\/Ru00FCckwu00E4rts-Cover_1-223x300.jpg\" alt=\"Ru00FCckwu00E4rts-Cover_1\" width=\"223\" height=\"300\" srcset=\"https:\/\/wp.pop-verlag.com\/wp-content\/uploads\/2015\/09\/Ru00FCckwu00E4rts-Cover_1-223x300.jpg 223w, https:\/\/wp.pop-verlag.com\/wp-content\/uploads\/2015\/09\/Ru00FCckwu00E4rts-Cover_1.jpg 709w\" sizes=\"auto, (max-width: 223px) 100vw, 223px\" \/><\/a><a href=\"http:\/\/wp.pop-verlag.com\/?page_id=579\">Ilse Hehn<\/a><\/strong>, deutsche Schriftstellerin und bildende K\u00fcnstlerin. Vizepr\u00e4sidentin des Internationalen Exil-P.E.N. Sektion deutschsprachige L\u00e4nder. Geboren im Banat (Rum\u00e4nien), studierte Ilse Hehn Bildende Kunst an der Universit\u00e4t West\/Temeswar und war bis zu ihrer Ausreise in die Bundesrepublik Deutschland 1992 als Gymnasiallehrerin f\u00fcr Kunst und Kunstgeschichte in Mediasch\/Siebenb\u00fcrgen t\u00e4tig. Lebt heute in Ulm. Dozentin f\u00fcr Kunst.<\/p>\n<p>Buchver\u00f6ffentlichungen:<\/p>\n<p>So weit der Weg nach Ninive (Gedichte, Kriterion Verlag, Bukarest 1973), Flu\u00dfgebet und Gr\u00e4serspiel (Gedichte, Facla Verlag, Temeswar 1976), Du machst es besser! (Kinderbuch, Ion Creanga Verlag, Bukarest 1978), Ferien \u2013 bunter Schmetterling (Kinderbuch, Kriterion Verlag, Bukarest 1978), Das Wort ist keine M\u00fcnze (Gedichte, Kriterion Verlag, Bukarest 1988), In einer grauen Stadt (Gedichte, Hestia Verlag, Temeswar 1992), Die Affen von Nikko (Gedichte, rum\u00e4nische \u00dcbersetzung: Constantin Gurau und Lucian Alexiu, Hestia Verlag, Temeswar 1992), Den Glanz abklopfen (Gedichte, Hess Verlag, Ulm 1998), Im Stein (Gedichte, Czernik Verlag, Hockenheim 2001), Lidlos (Gedichte, Holzer Verlag, Weiler im Allg\u00e4u 2003), Mein Rom \u2013 Wortbogen (Prosa, Esslinger Reihe 35, 2005), In zehn Minuten reisen wir ab (Prosa und Lyrik, mit Malerei, Collagen und Graphiken der Autorin, Cosmopolitan Art Verlag, Temeswar 2006), Randgebiet (Gedichte, mit Graphiken und Malerei der Autorin, zweisprachige Ausgabe japanisch und deutsch, japanische \u00dcbersetzung: Mieko Schr\u00f6der, Cosmopolitan Art Verlag, Temeswar 2010), Kinder sind K\u00fcnstler. Kreative Techniken f\u00fcr das Vorschulalter (Sachbuch Kunst, Steenberg Verlag, Ulm 2013), Heimat zum Anfassen oder: Das Ged\u00e4chtnis der Dinge. Donauschw\u00e4bisches Erbe in Wort und Bild (Fotografien I. Hehn, literarische Texte Banater Autoren, Gerhard Hess Verlag, Bad Schussenried 2013), Irrlichter. Kopfpolizei Securitate (Gedichte, mit Collagen, Malerei und Graphiken der Autorin, bilinguale Ausgabe deutsch und rum\u00e4nisch, rum\u00e4nische \u00dcbersetzung: Marlen Nergrescu Heckmann, Gerhard Hess Verlag Bad Schussenried 2013), Das Ulmer M\u00fcnster in Wort und Bild (Fotografien I. Hehn, Text R. M. Rilke, Gerhard Hess Verlag Bad Schussenried 2013).<\/p>\n<p>F\u00fcr ihr literarisches Werk wurde Ilse Hehn, deren Gedichte ins Japanische, Franz\u00f6sische, Englische, Rum\u00e4nische, Russische, Serbische und Ungarische \u00fcbersetzt wurden, in Deutschland und Rum\u00e4nien mehrfach ausgezeichnet, 2014 wurde ihr vom Rum\u00e4nischen Schriftstellerverband Timisoara der Literaturpreis f\u00fcr Lyrik verliehen.<\/p>\n<p>Lieferbare Titel von <strong><a href=\"http:\/\/wp.pop-verlag.com\/?page_id=579\">Ilse Hehn<\/a><\/strong>:<\/p>\n<ul>\n<li><a href=\"http:\/\/wp.pop-verlag.com\/?p=519\"><strong>\u201eTage Ost \u2013 West\u201c<\/strong><\/a>. Gedichte und \u00dcberschreibungen.Pop Lyrik.106 Seiten, ISBN 978-3-86356-104-8, 17,80 \u20ac<\/li>\n<\/ul>\n<ul>\n<li><strong><a href=\"http:\/\/wp.pop-verlag.com\/?page_id=1683\">Heidrun Hamersky<\/a>, <a href=\"http:\/\/wp.pop-verlag.com\/?page_id=579\">Ilse Hehn,<\/a> <a href=\"http:\/\/wp.pop-verlag.com\/?page_id=1681\">Wolfgang Schlott<\/a> (Hrsg.): <a href=\"http:\/\/wp.pop-verlag.com\/?p=1678\">\u201eDie Sehnsucht, die ist mir so leicht\u201c Schreiben im Exil. <\/a><\/strong>Fragmentarium; 282 Seiten, 19,90 \u20ac<br \/>\nISBN 978-3-86356-131-4<\/li>\n<li><strong><a href=\"http:\/\/wp.pop-verlag.com\/?page_id=1105\">Johanna Anderka<\/a>: <a href=\"http:\/\/wp.pop-verlag.com\/?p=2003\">\u201eDIE WIRKLICHKEIT DER BILDER\u201c. <\/a><\/strong>Gedichte. Mit eine Monotypie und ein Aquarell von<strong><a href=\"http:\/\/wp.pop-verlag.com\/?page_id=579\">Ilse Hehn<\/a><\/strong>. Pop Lyrik. 68 Seiten, ISBN: 978-3-86356-147-5, 14,50\u20ac<\/li>\n<\/ul>\n<ul>\n<li><a href=\"http:\/\/wp.pop-verlag.com\/?page_id=2336\"><strong>Anneliese Merkel<\/strong><\/a>:<a href=\"http:\/\/wp.pop-verlag.com\/?p=2331\">K\u00e4me ein Wort<\/a>. Gedichte. Mit vier Arbeiten von<strong><a href=\"http:\/\/wp.pop-verlag.com\/?page_id=579\">Ilse Hehn<\/a><\/strong>.Pop Lyrik. ISBN: 978-3-86356-161-1, 72 Seiten, 14,50\u20ac<\/li>\n<li><strong><a href=\"https:\/\/wp.pop-verlag.com\/?p=4769\">Roms Flair in flagranti<\/a>.<\/strong> Epikreihe Bd. 109.142 Seiten, ISBN 978-3-86356-284-7, \u20ac[D]19,90<\/li>\n<li><strong>Albert Bohn und <a href=\"https:\/\/wp.pop-verlag.com\/?page_id=2593\" target=\"_blank\" rel=\"noopener\">Anton Sterbling<\/a> (Hrsg.)<\/strong>:<a href=\"https:\/\/wp.pop-verlag.com\/?p=5773\"> <strong>Deportationen<\/strong>. <strong>Literarische Blick\u00adwinkel<\/strong><\/a>. Reihe Fragmentarium Bd. 23, 277 S,.ISBN 978-3-86356-333-2, \u20ac[D]21,00. | <a href=\"https:\/\/wp.pop-verlag.com\/?page_id=5777\">Albert Bohn<\/a> | <a href=\"https:\/\/wp.pop-verlag.com\/?page_id=5782\">Rolf Bossert<\/a>| Helmuth Frauendorfer | <a href=\"https:\/\/wp.pop-verlag.com\/?page_id=579\" target=\"_blank\" rel=\"noopener\">Ilse Hehn<\/a> | <a href=\"https:\/\/wp.pop-verlag.com\/?page_id=742\" target=\"_blank\" rel=\"noopener\">Johann Lippet<\/a> | <a href=\"https:\/\/wp.pop-verlag.com\/?page_id=2088\" target=\"_blank\" rel=\"noopener\">Traian Pop Traian<\/a> | <a href=\"https:\/\/wp.pop-verlag.com\/?page_id=734\" target=\"_blank\" rel=\"noopener\">Horst Samson<\/a> | Hellmut Seiler | <a href=\"https:\/\/wp.pop-verlag.com\/?page_id=2593\" target=\"_blank\" rel=\"noopener\">Anton Sterbling<\/a> | <a href=\"https:\/\/wp.pop-verlag.com\/?p=2670\" target=\"_blank\" rel=\"noopener\">Richard Wagner<\/a> |<a href=\"https:\/\/wp.pop-verlag.com\/?page_id=968\"> Balthasar Waitz<\/a> |<\/li>\n<\/ul>\n<p>&nbsp;<\/p>\n","protected":false},"excerpt":{"rendered":"<p>Ilse Hehn, deutsche Schriftstellerin und bildende K\u00fcnstlerin. Vizepr\u00e4sidentin des Internationalen Exil-P.E.N. Sektion deutschsprachige L\u00e4nder. Geboren im Banat (Rum\u00e4nien), studierte Ilse Hehn Bildende Kunst an der Universit\u00e4t West\/Temeswar und war bis zu ihrer Ausreise in die Bundesrepublik Deutschland 1992 als Gymnasiallehrerin &hellip; <a class=\"more-link\" href=\"https:\/\/wp.pop-verlag.com\/?page_id=579\">Weiterlesen <span class=\"meta-nav\">&rarr;<\/span><\/a><\/p>\n","protected":false},"author":1,"featured_media":0,"parent":674,"menu_order":3,"comment_status":"closed","ping_status":"closed","template":"","meta":{"footnotes":""},"class_list":["post-579","page","type-page","status-publish","hentry"],"jetpack_sharing_enabled":true,"_links":{"self":[{"href":"https:\/\/wp.pop-verlag.com\/index.php?rest_route=\/wp\/v2\/pages\/579","targetHints":{"allow":["GET"]}}],"collection":[{"href":"https:\/\/wp.pop-verlag.com\/index.php?rest_route=\/wp\/v2\/pages"}],"about":[{"href":"https:\/\/wp.pop-verlag.com\/index.php?rest_route=\/wp\/v2\/types\/page"}],"author":[{"embeddable":true,"href":"https:\/\/wp.pop-verlag.com\/index.php?rest_route=\/wp\/v2\/users\/1"}],"replies":[{"embeddable":true,"href":"https:\/\/wp.pop-verlag.com\/index.php?rest_route=%2Fwp%2Fv2%2Fcomments&post=579"}],"version-history":[{"count":9,"href":"https:\/\/wp.pop-verlag.com\/index.php?rest_route=\/wp\/v2\/pages\/579\/revisions"}],"predecessor-version":[{"id":5989,"href":"https:\/\/wp.pop-verlag.com\/index.php?rest_route=\/wp\/v2\/pages\/579\/revisions\/5989"}],"up":[{"embeddable":true,"href":"https:\/\/wp.pop-verlag.com\/index.php?rest_route=\/wp\/v2\/pages\/674"}],"wp:attachment":[{"href":"https:\/\/wp.pop-verlag.com\/index.php?rest_route=%2Fwp%2Fv2%2Fmedia&parent=579"}],"curies":[{"name":"wp","href":"https:\/\/api.w.org\/{rel}","templated":true}]}}

<p><strong><a href="http://wp.pop-verlag.com/wp-content/uploads/2015/09/Ru00FCckwu00E4rts-Cover_1.jpg"><img loading="lazy" decoding="async" class="alignleft wp-image-739 size-medium" src="http://wp.pop-verlag.com/wp-content/uploads/2015/09/Ru00FCckwu00E4rts-Cover_1-223x300.jpg" alt="Ru00FCckwu00E4rts-Cover_1" width="223" height="300" srcset="https://wp.pop-verlag.com/wp-content/uploads/2015/09/Ru00FCckwu00E4rts-Cover_1-223x300.jpg 223w, https://wp.pop-verlag.com/wp-content/uploads/2015/09/Ru00FCckwu00E4rts-Cover_1.jpg 709w" sizes="auto, (max-width: 223px) 100vw, 223px" /></a><a href="http://wp.pop-verlag.com/?page_id=579">Ilse Hehn</a></strong>, deutsche Schriftstellerin und bildende Künstlerin. Vizepräsidentin des Internationalen Exil-P.E.N. Sektion deutschsprachige Länder. Geboren im Banat (Rumänien), studierte Ilse Hehn Bildende Kunst an der Universität West/Temeswar und war bis zu ihrer Ausreise in die Bundesrepublik Deutschland 1992 als Gymnasiallehrerin für Kunst und Kunstgeschichte in Mediasch/Siebenbürgen tätig. Lebt heute in Ulm. Dozentin für Kunst.</p>
<p>Buchveröffentlichungen:</p>
<p>So weit der Weg nach Ninive (Gedichte, Kriterion Verlag, Bukarest 1973), Flußgebet und Gräserspiel (Gedichte, Facla Verlag, Temeswar 1976), Du machst es besser! (Kinderbuch, Ion Creanga Verlag, Bukarest 1978), Ferien – bunter Schmetterling (Kinderbuch, Kriterion Verlag, Bukarest 1978), Das Wort ist keine Münze (Gedichte, Kriterion Verlag, Bukarest 1988), In einer grauen Stadt (Gedichte, Hestia Verlag, Temeswar 1992), Die Affen von Nikko (Gedichte, rumänische Übersetzung: Constantin Gurau und Lucian Alexiu, Hestia Verlag, Temeswar 1992), Den Glanz abklopfen (Gedichte, Hess Verlag, Ulm 1998), Im Stein (Gedichte, Czernik Verlag, Hockenheim 2001), Lidlos (Gedichte, Holzer Verlag, Weiler im Allgäu 2003), Mein Rom – Wortbogen (Prosa, Esslinger Reihe 35, 2005), In zehn Minuten reisen wir ab (Prosa und Lyrik, mit Malerei, Collagen und Graphiken der Autorin, Cosmopolitan Art Verlag, Temeswar 2006), Randgebiet (Gedichte, mit Graphiken und Malerei der Autorin, zweisprachige Ausgabe japanisch und deutsch, japanische Übersetzung: Mieko Schröder, Cosmopolitan Art Verlag, Temeswar 2010), Kinder sind Künstler. Kreative Techniken für das Vorschulalter (Sachbuch Kunst, Steenberg Verlag, Ulm 2013), Heimat zum Anfassen oder: Das Gedächtnis der Dinge. Donauschwäbisches Erbe in Wort und Bild (Fotografien I. Hehn, literarische Texte Banater Autoren, Gerhard Hess Verlag, Bad Schussenried 2013), Irrlichter. Kopfpolizei Securitate (Gedichte, mit Collagen, Malerei und Graphiken der Autorin, bilinguale Ausgabe deutsch und rumänisch, rumänische Übersetzung: Marlen Nergrescu Heckmann, Gerhard Hess Verlag Bad Schussenried 2013), Das Ulmer Münster in Wort und Bild (Fotografien I. Hehn, Text R. M. Rilke, Gerhard Hess Verlag Bad Schussenried 2013).</p>
<p>Für ihr literarisches Werk wurde Ilse Hehn, deren Gedichte ins Japanische, Französische, Englische, Rumänische, Russische, Serbische und Ungarische übersetzt wurden, in Deutschland und Rumänien mehrfach ausgezeichnet, 2014 wurde ihr vom Rumänischen Schriftstellerverband Timisoara der Literaturpreis für Lyrik verliehen.</p>
<p>Lieferbare Titel von <strong><a href="http://wp.pop-verlag.com/?page_id=579">Ilse Hehn</a></strong>:</p>
<ul>
<li><a href="http://wp.pop-verlag.com/?p=519"><strong>„Tage Ost – West“</strong></a>. Gedichte und Überschreibungen.Pop Lyrik.106 Seiten, ISBN 978-3-86356-104-8, 17,80 €</li>
</ul>
<ul>
<li><strong><a href="http://wp.pop-verlag.com/?page_id=1683">Heidrun Hamersky</a>, <a href="http://wp.pop-verlag.com/?page_id=579">Ilse Hehn,</a> <a href="http://wp.pop-verlag.com/?page_id=1681">Wolfgang Schlott</a> (Hrsg.): <a href="http://wp.pop-verlag.com/?p=1678">„Die Sehnsucht, die ist mir so leicht“ Schreiben im Exil. </a></strong>Fragmentarium; 282 Seiten, 19,90 €<br />
ISBN 978-3-86356-131-4</li>
<li><strong><a href="http://wp.pop-verlag.com/?page_id=1105">Johanna Anderka</a>: <a href="http://wp.pop-verlag.com/?p=2003">„DIE WIRKLICHKEIT DER BILDER“. </a></strong>Gedichte. Mit eine Monotypie und ein Aquarell von<strong><a href="http://wp.pop-verlag.com/?page_id=579">Ilse Hehn</a></strong>. Pop Lyrik. 68 Seiten, ISBN: 978-3-86356-147-5, 14,50€</li>
</ul>
<ul>
<li><a href="http://wp.pop-verlag.com/?page_id=2336"><strong>Anneliese Merkel</strong></a>:<a href="http://wp.pop-verlag.com/?p=2331">Käme ein Wort</a>. Gedichte. Mit vier Arbeiten von<strong><a href="http://wp.pop-verlag.com/?page_id=579">Ilse Hehn</a></strong>.Pop Lyrik. ISBN: 978-3-86356-161-1, 72 Seiten, 14,50€</li>
<li><strong><a href="https://wp.pop-verlag.com/?p=4769">Roms Flair in flagranti</a>.</strong> Epikreihe Bd. 109.142 Seiten, ISBN 978-3-86356-284-7, €[D]19,90</li>
<li><strong>Albert Bohn und <a href="https://wp.pop-verlag.com/?page_id=2593" target="_blank" rel="noopener">Anton Sterbling</a> (Hrsg.)</strong>:<a href="https://wp.pop-verlag.com/?p=5773"> <strong>Deportationen</strong>. <strong>Literarische Blick­winkel</strong></a>. Reihe Fragmentarium Bd. 23, 277 S,.ISBN 978-3-86356-333-2, €[D]21,00. | <a href="https://wp.pop-verlag.com/?page_id=5777">Albert Bohn</a> | <a href="https://wp.pop-verlag.com/?page_id=5782">Rolf Bossert</a>| Helmuth Frauendorfer | <a href="https://wp.pop-verlag.com/?page_id=579" target="_blank" rel="noopener">Ilse Hehn</a> | <a href="https://wp.pop-verlag.com/?page_id=742" target="_blank" rel="noopener">Johann Lippet</a> | <a href="https://wp.pop-verlag.com/?page_id=2088" target="_blank" rel="noopener">Traian Pop Traian</a> | <a href="https://wp.pop-verlag.com/?page_id=734" target="_blank" rel="noopener">Horst Samson</a> | Hellmut Seiler | <a href="https://wp.pop-verlag.com/?page_id=2593" target="_blank" rel="noopener">Anton Sterbling</a> | <a href="https://wp.pop-verlag.com/?p=2670" target="_blank" rel="noopener">Richard Wagner</a> |<a href="https://wp.pop-verlag.com/?page_id=968"> Balthasar Waitz</a> |</li>
</ul>
<p>&nbsp;</p>

<p>Ilse Hehn, deutsche Schriftstellerin und bildende Künstlerin. Vizepräsidentin des Internationalen Exil-P.E.N. Sektion deutschsprachige Länder. Geboren im Banat (Rumänien), studierte Ilse Hehn Bildende Kunst an der Universität West/Temeswar und war bis zu ihrer Ausreise in die Bundesrepublik Deutschland 1992 als Gymnasiallehrerin &hellip; <a class="more-link" href="https://wp.pop-verlag.com/?page_id=579">Weiterlesen <span class="meta-nav">&rarr;</span></a></p>
