{"id":5782,"date":"2021-06-09T03:16:18","date_gmt":"2021-06-09T03:16:18","guid":{"rendered":"https:\/\/wp.pop-verlag.com\/?page_id=5782"},"modified":"2022-09-10T06:48:39","modified_gmt":"2022-09-10T06:48:39","slug":"rolf-bossert","status":"publish","type":"page","link":"https:\/\/wp.pop-verlag.com\/?page_id=5782","title":{"rendered":"Rolf Bossert"},"content":{"rendered":"<p><strong><img loading=\"lazy\" decoding=\"async\" class=\"alignleft size-medium wp-image-6356\" src=\"https:\/\/wp.pop-verlag.com\/wp-content\/uploads\/2022\/09\/Rolf-Bossert_1_SW-247x300.jpg\" alt=\"\" width=\"247\" height=\"300\" srcset=\"https:\/\/wp.pop-verlag.com\/wp-content\/uploads\/2022\/09\/Rolf-Bossert_1_SW-247x300.jpg 247w, https:\/\/wp.pop-verlag.com\/wp-content\/uploads\/2022\/09\/Rolf-Bossert_1_SW.jpg 472w\" sizes=\"auto, (max-width: 247px) 100vw, 247px\" \/>\u00a0Rolf Bossert<\/strong>, Geb. am 16. Dezember 1952 \u2013 \u2020 17. Februar 1986, geb. in Reschitza\/Re\u015fi\u0163a, Studium der Germanistik und Anglistik in Bukarest (1971\u20131975), 1972 Mitbegr\u00fcnder der \u201eAktionsgruppe Banat\u201c, Deutschlehrer in Bu\u015fteni (1975\u20131979), danach Verlagslektor in Bukarest, 1985 Ausreise in die Bundesrepublik Deutschland.<br \/>\nVer\u00f6ffentlichungen: Siebensachen. Bukarest: Kriterion 1979, Mi und Mo und Balthasar. Bukarest: Ion-Creang\u0103 1980, Der Zirkus. Ein Bilderbuch. Bukarest: Kriterion 1982, Neunt\u00f6ter. Gedichte. Cluj-Napoca: Dacia 1984, Auf der Milchstrasse wieder kein<br \/>\nLicht. Gedichte. Berlin: Rotbuch 1986, Ich steh auf den Treppen des Winds. Gesammelte Gedichte 1972\u20131985. Frankfurt am Main: Sch\u00f6ffling 2006, Um den Preis einer Vorsilbe. Eine Auswahl an Gedichten. Perleberg\/Berlin: Hochroth 2009.<br \/>\nLyrikpreis des Verbandes der Kommunistischen Jugend Rum\u00e4niens (1979), Kinderbuchpreis Ileana Cos\u00eenzeana (1980), \u00dcbersetzerpreis des Rum\u00e4nischen Schriftstellerverbandes (1982), Adam-M\u00fcller-Guttenbrunn-Literaturpreis (1983).<\/p>\n","protected":false},"excerpt":{"rendered":"<p>\u00a0Rolf Bossert, Geb. am 16. Dezember 1952 \u2013 \u2020 17. Februar 1986, geb. in Reschitza\/Re\u015fi\u0163a, Studium der Germanistik und Anglistik in Bukarest (1971\u20131975), 1972 Mitbegr\u00fcnder der \u201eAktionsgruppe Banat\u201c, Deutschlehrer in Bu\u015fteni (1975\u20131979), danach Verlagslektor in Bukarest, 1985 Ausreise in die &hellip; <a class=\"more-link\" href=\"https:\/\/wp.pop-verlag.com\/?page_id=5782\">Weiterlesen <span class=\"meta-nav\">&rarr;<\/span><\/a><\/p>\n","protected":false},"author":2,"featured_media":0,"parent":660,"menu_order":11,"comment_status":"closed","ping_status":"closed","template":"","meta":{"footnotes":""},"class_list":["post-5782","page","type-page","status-publish","hentry"],"jetpack_sharing_enabled":true,"_links":{"self":[{"href":"https:\/\/wp.pop-verlag.com\/index.php?rest_route=\/wp\/v2\/pages\/5782","targetHints":{"allow":["GET"]}}],"collection":[{"href":"https:\/\/wp.pop-verlag.com\/index.php?rest_route=\/wp\/v2\/pages"}],"about":[{"href":"https:\/\/wp.pop-verlag.com\/index.php?rest_route=\/wp\/v2\/types\/page"}],"author":[{"embeddable":true,"href":"https:\/\/wp.pop-verlag.com\/index.php?rest_route=\/wp\/v2\/users\/2"}],"replies":[{"embeddable":true,"href":"https:\/\/wp.pop-verlag.com\/index.php?rest_route=%2Fwp%2Fv2%2Fcomments&post=5782"}],"version-history":[{"count":3,"href":"https:\/\/wp.pop-verlag.com\/index.php?rest_route=\/wp\/v2\/pages\/5782\/revisions"}],"predecessor-version":[{"id":6357,"href":"https:\/\/wp.pop-verlag.com\/index.php?rest_route=\/wp\/v2\/pages\/5782\/revisions\/6357"}],"up":[{"embeddable":true,"href":"https:\/\/wp.pop-verlag.com\/index.php?rest_route=\/wp\/v2\/pages\/660"}],"wp:attachment":[{"href":"https:\/\/wp.pop-verlag.com\/index.php?rest_route=%2Fwp%2Fv2%2Fmedia&parent=5782"}],"curies":[{"name":"wp","href":"https:\/\/api.w.org\/{rel}","templated":true}]}}

<p><strong><img loading="lazy" decoding="async" class="alignleft size-medium wp-image-6356" src="https://wp.pop-verlag.com/wp-content/uploads/2022/09/Rolf-Bossert_1_SW-247x300.jpg" alt="" width="247" height="300" srcset="https://wp.pop-verlag.com/wp-content/uploads/2022/09/Rolf-Bossert_1_SW-247x300.jpg 247w, https://wp.pop-verlag.com/wp-content/uploads/2022/09/Rolf-Bossert_1_SW.jpg 472w" sizes="auto, (max-width: 247px) 100vw, 247px" /> Rolf Bossert</strong>, Geb. am 16. Dezember 1952 – † 17. Februar 1986, geb. in Reschitza/Reşiţa, Studium der Germanistik und Anglistik in Bukarest (1971–1975), 1972 Mitbegründer der „Aktionsgruppe Banat“, Deutschlehrer in Buşteni (1975–1979), danach Verlagslektor in Bukarest, 1985 Ausreise in die Bundesrepublik Deutschland.<br />
Veröffentlichungen: Siebensachen. Bukarest: Kriterion 1979, Mi und Mo und Balthasar. Bukarest: Ion-Creangă 1980, Der Zirkus. Ein Bilderbuch. Bukarest: Kriterion 1982, Neuntöter. Gedichte. Cluj-Napoca: Dacia 1984, Auf der Milchstrasse wieder kein<br />
Licht. Gedichte. Berlin: Rotbuch 1986, Ich steh auf den Treppen des Winds. Gesammelte Gedichte 1972–1985. Frankfurt am Main: Schöffling 2006, Um den Preis einer Vorsilbe. Eine Auswahl an Gedichten. Perleberg/Berlin: Hochroth 2009.<br />
Lyrikpreis des Verbandes der Kommunistischen Jugend Rumäniens (1979), Kinderbuchpreis Ileana Cosînzeana (1980), Übersetzerpreis des Rumänischen Schriftstellerverbandes (1982), Adam-Müller-Guttenbrunn-Literaturpreis (1983).</p>

<p> Rolf Bossert, Geb. am 16. Dezember 1952 – † 17. Februar 1986, geb. in Reschitza/Reşiţa, Studium der Germanistik und Anglistik in Bukarest (1971–1975), 1972 Mitbegründer der „Aktionsgruppe Banat“, Deutschlehrer in Buşteni (1975–1979), danach Verlagslektor in Bukarest, 1985 Ausreise in die &hellip; <a class="more-link" href="https://wp.pop-verlag.com/?page_id=5782">Weiterlesen <span class="meta-nav">&rarr;</span></a></p>
