{"id":5707,"date":"2021-05-26T14:30:45","date_gmt":"2021-05-26T14:30:45","guid":{"rendered":"https:\/\/wp.pop-verlag.com\/?page_id=5707"},"modified":"2021-05-26T14:31:11","modified_gmt":"2021-05-26T14:31:11","slug":"agnes-nemes-nagy","status":"publish","type":"page","link":"https:\/\/wp.pop-verlag.com\/?page_id=5707","title":{"rendered":"\u00c1gnes Nemes Nagy"},"content":{"rendered":"<p><strong><img loading=\"lazy\" decoding=\"async\" class=\"alignleft size-medium wp-image-5708\" src=\"https:\/\/wp.pop-verlag.com\/wp-content\/uploads\/2021\/05\/Nemes_Nagy_\u00c1gnes_1971-197x300.jpg\" alt=\"\" width=\"197\" height=\"300\" srcset=\"https:\/\/wp.pop-verlag.com\/wp-content\/uploads\/2021\/05\/Nemes_Nagy_\u00c1gnes_1971-197x300.jpg 197w, https:\/\/wp.pop-verlag.com\/wp-content\/uploads\/2021\/05\/Nemes_Nagy_\u00c1gnes_1971.jpg 615w\" sizes=\"auto, (max-width: 197px) 100vw, 197px\" \/><a href=\"https:\/\/wp.pop-verlag.com\/?page_id=5707\">\u00c1gnes Nemes Nagy<\/a><\/strong>, *1922 in Budapest; \u2020 1991 ebenda, war eine ungarische Autorin und \u00dcbersetzerin und eine bedeutende Lyrikerin. \u00c1gnes Nemes Nagy studierte an der P\u00e9ter-P\u00e1zm\u00e1ny-Universit\u00e4t Ungarisch, Latein und Kunstgeschichte. Sie heiratete 1944 den Literaten Bal\u00e1zs Lengyel. W\u00e4hrend des Holocaust war sie gemeinsam mit Lengyels Mutter und Geschwistern an der Rettung von zwei J\u00fcdinnen beteiligt. Nach Kriegsende schlossen sie und Lengyel sich der Intellektuellenbewegung um die Literaturzeitschrift \u00dajhold (\u201eNeumond\u201c) an, in der Iv\u00e1n M\u00e1ndy und J\u00e1nos Pilinszky den Ton angaben. Nemes Nagy publizierte ihre ersten Gedichte und erhielt 1948 ein Rom-Stipendium. Nach der kommunistischen Macht\u00fcbernahme wurde es ihr ab 1949 verboten zu publizieren. Sie widerstand den Zw\u00e4ngen, im Stil des Sozialistischen Realismus zu schreiben. W\u00e4hrend der stalinistischen Zeit lebte sie u. a. von Stipendien in Rom und Paris,<br \/>\nzeitweise arbeitete sie als Lehrerin. Nach der Niederschlagung des Ungarischen<br \/>\nVolksaufstandes 1956 setzte eine sehr allm\u00e4hliche Liberalisierung ein.<br \/>\n1958 kam es zur Scheidung von Bal\u00e1zs Lengyel, dem sie jedoch zeitlebens freundschaftlich verbunden blieb. Sie \u00fcbersetzte Lyrik und Dramen von Jean Racine, Moli\u00e8re und Victor Hugo aus dem Franz\u00f6sischen ins Ungarische und aus dem Deutschen Rainer Maria Rilke, Bertolt Brecht und Friedrich D\u00fcrrenmatt sowie Kinderb\u00fccher mit Illustrationen von Fritz Baumgarten. Sie wird als die bedeutendste Lyrikerin Ungarns im 20. Jahrhundert bezeichnet. Als ihr ma\u00dfgeblichstes Werk gilt der Gedichtzyklus Ekhnaton jegyzeteib\u0151l (Aus den Aufzeichnungen des Echnaton). Auch als Essayistin leistete sie Bedeutsames. Nemes Nagy erhielt 1948 den Baumgarten-Preis, 1969 den Attila-J\u00f3zsef-Preis und 1983 den Kossuth-Preis. Sie wurde 1997 als Gerechte unter den V\u00f6lkern ausgezeichnet.<\/p>\n<p>Lieferbare Titel von <a href=\"https:\/\/wp.pop-verlag.com\/?page_id=5707\"><strong>\u00c1gnes Nemes Nagy<\/strong><\/a><\/p>\n<ul>\n<li><strong><a href=\"https:\/\/wp.pop-verlag.com\/?p=5702\">Sonnenwenden \/ Napfordul\u00f3k.\u00a0<\/a><\/strong><strong>Ausgew\u00e4hlte Gedichte.<\/strong> Deutsch \/ Ungarisch. Vorwort von Gy\u00f6z\u00f6 Ferencz. Aus dem Ungarischen von Julia Schiff in Zusammenarbeit mit Peter Gehrisch. Reihe Lyrik Band 155, 185 Seiten, ISBN 978-3-86356-323-3; \u20ac[D]19,50.<\/li>\n<\/ul>\n","protected":false},"excerpt":{"rendered":"<p>\u00c1gnes Nemes Nagy, *1922 in Budapest; \u2020 1991 ebenda, war eine ungarische Autorin und \u00dcbersetzerin und eine bedeutende Lyrikerin. \u00c1gnes Nemes Nagy studierte an der P\u00e9ter-P\u00e1zm\u00e1ny-Universit\u00e4t Ungarisch, Latein und Kunstgeschichte. Sie heiratete 1944 den Literaten Bal\u00e1zs Lengyel. W\u00e4hrend des Holocaust &hellip; <a class=\"more-link\" href=\"https:\/\/wp.pop-verlag.com\/?page_id=5707\">Weiterlesen <span class=\"meta-nav\">&rarr;<\/span><\/a><\/p>\n","protected":false},"author":2,"featured_media":0,"parent":702,"menu_order":3,"comment_status":"closed","ping_status":"closed","template":"","meta":{"footnotes":""},"class_list":["post-5707","page","type-page","status-publish","hentry"],"jetpack_sharing_enabled":true,"_links":{"self":[{"href":"https:\/\/wp.pop-verlag.com\/index.php?rest_route=\/wp\/v2\/pages\/5707","targetHints":{"allow":["GET"]}}],"collection":[{"href":"https:\/\/wp.pop-verlag.com\/index.php?rest_route=\/wp\/v2\/pages"}],"about":[{"href":"https:\/\/wp.pop-verlag.com\/index.php?rest_route=\/wp\/v2\/types\/page"}],"author":[{"embeddable":true,"href":"https:\/\/wp.pop-verlag.com\/index.php?rest_route=\/wp\/v2\/users\/2"}],"replies":[{"embeddable":true,"href":"https:\/\/wp.pop-verlag.com\/index.php?rest_route=%2Fwp%2Fv2%2Fcomments&post=5707"}],"version-history":[{"count":2,"href":"https:\/\/wp.pop-verlag.com\/index.php?rest_route=\/wp\/v2\/pages\/5707\/revisions"}],"predecessor-version":[{"id":5710,"href":"https:\/\/wp.pop-verlag.com\/index.php?rest_route=\/wp\/v2\/pages\/5707\/revisions\/5710"}],"up":[{"embeddable":true,"href":"https:\/\/wp.pop-verlag.com\/index.php?rest_route=\/wp\/v2\/pages\/702"}],"wp:attachment":[{"href":"https:\/\/wp.pop-verlag.com\/index.php?rest_route=%2Fwp%2Fv2%2Fmedia&parent=5707"}],"curies":[{"name":"wp","href":"https:\/\/api.w.org\/{rel}","templated":true}]}}

Ágnes Nemes Nagy

<p><strong><img loading="lazy" decoding="async" class="alignleft size-medium wp-image-5708" src="https://wp.pop-verlag.com/wp-content/uploads/2021/05/Nemes_Nagy_Ágnes_1971-197x300.jpg" alt="" width="197" height="300" srcset="https://wp.pop-verlag.com/wp-content/uploads/2021/05/Nemes_Nagy_Ágnes_1971-197x300.jpg 197w, https://wp.pop-verlag.com/wp-content/uploads/2021/05/Nemes_Nagy_Ágnes_1971.jpg 615w" sizes="auto, (max-width: 197px) 100vw, 197px" /><a href="https://wp.pop-verlag.com/?page_id=5707">Ágnes Nemes Nagy</a></strong>, *1922 in Budapest; † 1991 ebenda, war eine ungarische Autorin und Übersetzerin und eine bedeutende Lyrikerin. Ágnes Nemes Nagy studierte an der Péter-Pázmány-Universität Ungarisch, Latein und Kunstgeschichte. Sie heiratete 1944 den Literaten Balázs Lengyel. Während des Holocaust war sie gemeinsam mit Lengyels Mutter und Geschwistern an der Rettung von zwei Jüdinnen beteiligt. Nach Kriegsende schlossen sie und Lengyel sich der Intellektuellenbewegung um die Literaturzeitschrift Újhold („Neumond“) an, in der Iván Mándy und János Pilinszky den Ton angaben. Nemes Nagy publizierte ihre ersten Gedichte und erhielt 1948 ein Rom-Stipendium. Nach der kommunistischen Machtübernahme wurde es ihr ab 1949 verboten zu publizieren. Sie widerstand den Zwängen, im Stil des Sozialistischen Realismus zu schreiben. Während der stalinistischen Zeit lebte sie u. a. von Stipendien in Rom und Paris,<br />
zeitweise arbeitete sie als Lehrerin. Nach der Niederschlagung des Ungarischen<br />
Volksaufstandes 1956 setzte eine sehr allmähliche Liberalisierung ein.<br />
1958 kam es zur Scheidung von Balázs Lengyel, dem sie jedoch zeitlebens freundschaftlich verbunden blieb. Sie übersetzte Lyrik und Dramen von Jean Racine, Molière und Victor Hugo aus dem Französischen ins Ungarische und aus dem Deutschen Rainer Maria Rilke, Bertolt Brecht und Friedrich Dürrenmatt sowie Kinderbücher mit Illustrationen von Fritz Baumgarten. Sie wird als die bedeutendste Lyrikerin Ungarns im 20. Jahrhundert bezeichnet. Als ihr maßgeblichstes Werk gilt der Gedichtzyklus Ekhnaton jegyzeteiből (Aus den Aufzeichnungen des Echnaton). Auch als Essayistin leistete sie Bedeutsames. Nemes Nagy erhielt 1948 den Baumgarten-Preis, 1969 den Attila-József-Preis und 1983 den Kossuth-Preis. Sie wurde 1997 als Gerechte unter den Völkern ausgezeichnet.</p>
<p>Lieferbare Titel von <a href="https://wp.pop-verlag.com/?page_id=5707"><strong>Ágnes Nemes Nagy</strong></a></p>
<ul>
<li><strong><a href="https://wp.pop-verlag.com/?p=5702">Sonnenwenden / Napfordulók. </a></strong><strong>Ausgewählte Gedichte.</strong> Deutsch / Ungarisch. Vorwort von Gyözö Ferencz. Aus dem Ungarischen von Julia Schiff in Zusammenarbeit mit Peter Gehrisch. Reihe Lyrik Band 155, 185 Seiten, ISBN 978-3-86356-323-3; €[D]19,50.</li>
</ul>

<p>Ágnes Nemes Nagy, *1922 in Budapest; † 1991 ebenda, war eine ungarische Autorin und Übersetzerin und eine bedeutende Lyrikerin. Ágnes Nemes Nagy studierte an der Péter-Pázmány-Universität Ungarisch, Latein und Kunstgeschichte. Sie heiratete 1944 den Literaten Balázs Lengyel. Während des Holocaust &hellip; <a class="more-link" href="https://wp.pop-verlag.com/?page_id=5707">Weiterlesen <span class="meta-nav">&rarr;</span></a></p>
