{"id":5672,"date":"2021-05-10T07:04:08","date_gmt":"2021-05-10T07:04:08","guid":{"rendered":"https:\/\/wp.pop-verlag.com\/?page_id=5672"},"modified":"2021-05-10T07:05:15","modified_gmt":"2021-05-10T07:05:15","slug":"bela-buechl","status":"publish","type":"page","link":"https:\/\/wp.pop-verlag.com\/?page_id=5672","title":{"rendered":"B\u00e9la B\u00fcchl"},"content":{"rendered":"<p><img loading=\"lazy\" decoding=\"async\" class=\"alignleft wp-image-5673 size-medium\" src=\"https:\/\/wp.pop-verlag.com\/wp-content\/uploads\/2021\/05\/IMG_20210413_220858-300x294.jpg\" alt=\"\" width=\"300\" height=\"294\" srcset=\"https:\/\/wp.pop-verlag.com\/wp-content\/uploads\/2021\/05\/IMG_20210413_220858-300x294.jpg 300w, https:\/\/wp.pop-verlag.com\/wp-content\/uploads\/2021\/05\/IMG_20210413_220858-768x752.jpg 768w, https:\/\/wp.pop-verlag.com\/wp-content\/uploads\/2021\/05\/IMG_20210413_220858-1024x1003.jpg 1024w, https:\/\/wp.pop-verlag.com\/wp-content\/uploads\/2021\/05\/IMG_20210413_220858-306x300.jpg 306w\" sizes=\"auto, (max-width: 300px) 100vw, 300px\" \/><a href=\"https:\/\/wp.pop-verlag.com\/?page_id=5672\"><strong>B\u00e9la B\u00fcchl<\/strong><\/a>, wurde 1938 in der Banater Ortschaft Detta (Rum\u00e4nien) in einer wohlhabenden b\u00fcrgerlichen Familie geboren. Als \u201eKlassenfeind\u201c wird er mit dreizehn Jahren mitsamt seiner Familie in den B\u0103r\u0103gan deportiert und f\u00fcr f\u00fcnf Jahre vom Schulunterricht ausgeschlossen. Den Gymnasialabschluss erwirbt er auf privatem Weg, danach absolviert er die Musikakademie in Bukarest. Er unterrichtet Musik in Temeswar, von wo aus er 1978 nach M\u00fcnchen \u00fcbersiedelt. In M\u00fcnchen ist er bis zu seiner Pensionierung als Musiklehrer am Nymphenburger Gymnasium t\u00e4tig. Nach dem Untergang der kommunistischen Diktaturen in Osteuropa kauft er im westungarischen Bakony ein Bauernhaus, wo er bis heute bem\u00fcht ist, eine durch die Erfahrungen seiner verschiedenen Lebensetappen gepr\u00e4gte Sommerresidenz zu erschaffen.<\/p>\n<p>Lieferbare Titel von <strong><a href=\"https:\/\/wp.pop-verlag.com\/?page_id=5672\">B\u00e9la B\u00fcchl<\/a>:<\/strong><\/p>\n<p><strong><a href=\"https:\/\/wp.pop-verlag.com\/?p=5668\">Vertrauliche Nachricht<\/a>. <\/strong>Biografische Erz\u00e4hlungen. Aus dem Ungarischen von Andrea Sch\u00e4ffer. Reihe Epik Bd.123, Kartoniert mit Schutzumschlag, 353 Seiten<br \/>\nISBN 978-3-86356-331-8, \u20ac[D]24,50<\/p>\n","protected":false},"excerpt":{"rendered":"<p>B\u00e9la B\u00fcchl, wurde 1938 in der Banater Ortschaft Detta (Rum\u00e4nien) in einer wohlhabenden b\u00fcrgerlichen Familie geboren. Als \u201eKlassenfeind\u201c wird er mit dreizehn Jahren mitsamt seiner Familie in den B\u0103r\u0103gan deportiert und f\u00fcr f\u00fcnf Jahre vom Schulunterricht ausgeschlossen. Den Gymnasialabschluss erwirbt &hellip; <a class=\"more-link\" href=\"https:\/\/wp.pop-verlag.com\/?page_id=5672\">Weiterlesen <span class=\"meta-nav\">&rarr;<\/span><\/a><\/p>\n","protected":false},"author":2,"featured_media":0,"parent":660,"menu_order":15,"comment_status":"closed","ping_status":"closed","template":"","meta":{"footnotes":""},"class_list":["post-5672","page","type-page","status-publish","hentry"],"jetpack_sharing_enabled":true,"_links":{"self":[{"href":"https:\/\/wp.pop-verlag.com\/index.php?rest_route=\/wp\/v2\/pages\/5672","targetHints":{"allow":["GET"]}}],"collection":[{"href":"https:\/\/wp.pop-verlag.com\/index.php?rest_route=\/wp\/v2\/pages"}],"about":[{"href":"https:\/\/wp.pop-verlag.com\/index.php?rest_route=\/wp\/v2\/types\/page"}],"author":[{"embeddable":true,"href":"https:\/\/wp.pop-verlag.com\/index.php?rest_route=\/wp\/v2\/users\/2"}],"replies":[{"embeddable":true,"href":"https:\/\/wp.pop-verlag.com\/index.php?rest_route=%2Fwp%2Fv2%2Fcomments&post=5672"}],"version-history":[{"count":3,"href":"https:\/\/wp.pop-verlag.com\/index.php?rest_route=\/wp\/v2\/pages\/5672\/revisions"}],"predecessor-version":[{"id":5676,"href":"https:\/\/wp.pop-verlag.com\/index.php?rest_route=\/wp\/v2\/pages\/5672\/revisions\/5676"}],"up":[{"embeddable":true,"href":"https:\/\/wp.pop-verlag.com\/index.php?rest_route=\/wp\/v2\/pages\/660"}],"wp:attachment":[{"href":"https:\/\/wp.pop-verlag.com\/index.php?rest_route=%2Fwp%2Fv2%2Fmedia&parent=5672"}],"curies":[{"name":"wp","href":"https:\/\/api.w.org\/{rel}","templated":true}]}}

Béla Büchl

<p><img loading="lazy" decoding="async" class="alignleft wp-image-5673 size-medium" src="https://wp.pop-verlag.com/wp-content/uploads/2021/05/IMG_20210413_220858-300x294.jpg" alt="" width="300" height="294" srcset="https://wp.pop-verlag.com/wp-content/uploads/2021/05/IMG_20210413_220858-300x294.jpg 300w, https://wp.pop-verlag.com/wp-content/uploads/2021/05/IMG_20210413_220858-768x752.jpg 768w, https://wp.pop-verlag.com/wp-content/uploads/2021/05/IMG_20210413_220858-1024x1003.jpg 1024w, https://wp.pop-verlag.com/wp-content/uploads/2021/05/IMG_20210413_220858-306x300.jpg 306w" sizes="auto, (max-width: 300px) 100vw, 300px" /><a href="https://wp.pop-verlag.com/?page_id=5672"><strong>Béla Büchl</strong></a>, wurde 1938 in der Banater Ortschaft Detta (Rumänien) in einer wohlhabenden bürgerlichen Familie geboren. Als „Klassenfeind“ wird er mit dreizehn Jahren mitsamt seiner Familie in den Bărăgan deportiert und für fünf Jahre vom Schulunterricht ausgeschlossen. Den Gymnasialabschluss erwirbt er auf privatem Weg, danach absolviert er die Musikakademie in Bukarest. Er unterrichtet Musik in Temeswar, von wo aus er 1978 nach München übersiedelt. In München ist er bis zu seiner Pensionierung als Musiklehrer am Nymphenburger Gymnasium tätig. Nach dem Untergang der kommunistischen Diktaturen in Osteuropa kauft er im westungarischen Bakony ein Bauernhaus, wo er bis heute bemüht ist, eine durch die Erfahrungen seiner verschiedenen Lebensetappen geprägte Sommerresidenz zu erschaffen.</p>
<p>Lieferbare Titel von <strong><a href="https://wp.pop-verlag.com/?page_id=5672">Béla Büchl</a>:</strong></p>
<p><strong><a href="https://wp.pop-verlag.com/?p=5668">Vertrauliche Nachricht</a>. </strong>Biografische Erzählungen. Aus dem Ungarischen von Andrea Schäffer. Reihe Epik Bd.123, Kartoniert mit Schutzumschlag, 353 Seiten<br />
ISBN 978-3-86356-331-8, €[D]24,50</p>

<p>Béla Büchl, wurde 1938 in der Banater Ortschaft Detta (Rumänien) in einer wohlhabenden bürgerlichen Familie geboren. Als „Klassenfeind“ wird er mit dreizehn Jahren mitsamt seiner Familie in den Bărăgan deportiert und für fünf Jahre vom Schulunterricht ausgeschlossen. Den Gymnasialabschluss erwirbt &hellip; <a class="more-link" href="https://wp.pop-verlag.com/?page_id=5672">Weiterlesen <span class="meta-nav">&rarr;</span></a></p>
