{"id":5422,"date":"2020-10-29T18:23:03","date_gmt":"2020-10-29T18:23:03","guid":{"rendered":"https:\/\/wp.pop-verlag.com\/?page_id=5422"},"modified":"2020-12-24T14:12:39","modified_gmt":"2020-12-24T14:12:39","slug":"achim-amme","status":"publish","type":"page","link":"https:\/\/wp.pop-verlag.com\/?page_id=5422","title":{"rendered":"Achim Amme"},"content":{"rendered":"<p><strong><img loading=\"lazy\" decoding=\"async\" class=\"alignleft wp-image-5426 size-medium\" src=\"https:\/\/wp.pop-verlag.com\/wp-content\/uploads\/2020\/10\/portrait-200x300.jpg\" alt=\"\" width=\"200\" height=\"300\" srcset=\"https:\/\/wp.pop-verlag.com\/wp-content\/uploads\/2020\/10\/portrait-200x300.jpg 200w, https:\/\/wp.pop-verlag.com\/wp-content\/uploads\/2020\/10\/portrait-768x1154.jpg 768w, https:\/\/wp.pop-verlag.com\/wp-content\/uploads\/2020\/10\/portrait-682x1024.jpg 682w\" sizes=\"auto, (max-width: 200px) 100vw, 200px\" \/><a href=\"https:\/\/wp.pop-verlag.com\/?page_id=5422\">\u00a0Achim Amme<\/a><\/strong>, studierte Theaterwissenschaft, Philosophie und Germanistik in K\u00f6ln. 1972 erhielt er das Zeugnis der B\u00fchnenreife an der Max-Reinhardt-Schule, Berlin. Es folgten mehrere Stationen als Schauspieler bei George Tabori, in \u201efreien Gruppen\u201c sowie an Stadt- und Landestheatern. Seit 1997 tritt er nur noch in Film und Fernsehen auf (Tatort, Bella Block, Stubbe, Gro\u00dfstadtrevier u.v.a). Er lebt in Hamburg und ver\u00f6ffentlichte mehrere Lyrik-B\u00e4nde, Satiren f\u00fcr die S\u00fcddeutsche Zeitung (1997 \u2013 2001) und eine Biografie: \u201eDer kleine Adolf \u2013 Die Geschichte(n) meines Gro\u00dfvaters\u201c im Wehrhahn Verlag 2016. Zwischenzeitlich (1995 -2008) arbeitete er als freier Lektor f\u00fcr die Hauptredaktion Fernsehspiel, ZDF. Neben Auftritten als Kabarettist mit eigenen Texten und als Rezitator mit Lebensdarstellungen von Hans Christian Andersen, John Lennon und Joachim Ringelnatz, ver\u00f6ffentlichte er seit 2002 mehrere CDs mit eigenen Songs und Chansons (zuletzt \u201eAMMERICA\u201c, CD+LP, 2018\/19). Er erhielt verschiedene Auszeichnungen als Autor und ist Mitglied im VS.<\/p>\n<p>Autorenfoto: \u00a9 Rosa-Frank.com<\/p>\n<p>Lieferbare Titel von <strong><a href=\"https:\/\/wp.pop-verlag.com\/?page_id=5422\">\u00a0Achim Amme:<\/a><\/strong><\/p>\n<ul>\n<li><strong><a href=\"https:\/\/wp.pop-verlag.com\/?p=5419\">Der Amme. Poet.\u00a0<\/a><\/strong><strong>Fr\u00fche Verse und Tagebuchaufzeichnungen. <\/strong>Lyrik Bd. 150, 357 Seiten, ISBN: 978-3-86356-314-1, \u20ac[D]19,90<\/li>\n<\/ul>\n<p>&nbsp;<\/p>\n","protected":false},"excerpt":{"rendered":"<p>\u00a0Achim Amme, studierte Theaterwissenschaft, Philosophie und Germanistik in K\u00f6ln. 1972 erhielt er das Zeugnis der B\u00fchnenreife an der Max-Reinhardt-Schule, Berlin. Es folgten mehrere Stationen als Schauspieler bei George Tabori, in \u201efreien Gruppen\u201c sowie an Stadt- und Landestheatern. Seit 1997 tritt &hellip; <a class=\"more-link\" href=\"https:\/\/wp.pop-verlag.com\/?page_id=5422\">Weiterlesen <span class=\"meta-nav\">&rarr;<\/span><\/a><\/p>\n","protected":false},"author":2,"featured_media":0,"parent":658,"menu_order":4,"comment_status":"closed","ping_status":"closed","template":"","meta":{"footnotes":""},"class_list":["post-5422","page","type-page","status-publish","hentry"],"jetpack_sharing_enabled":true,"_links":{"self":[{"href":"https:\/\/wp.pop-verlag.com\/index.php?rest_route=\/wp\/v2\/pages\/5422","targetHints":{"allow":["GET"]}}],"collection":[{"href":"https:\/\/wp.pop-verlag.com\/index.php?rest_route=\/wp\/v2\/pages"}],"about":[{"href":"https:\/\/wp.pop-verlag.com\/index.php?rest_route=\/wp\/v2\/types\/page"}],"author":[{"embeddable":true,"href":"https:\/\/wp.pop-verlag.com\/index.php?rest_route=\/wp\/v2\/users\/2"}],"replies":[{"embeddable":true,"href":"https:\/\/wp.pop-verlag.com\/index.php?rest_route=%2Fwp%2Fv2%2Fcomments&post=5422"}],"version-history":[{"count":6,"href":"https:\/\/wp.pop-verlag.com\/index.php?rest_route=\/wp\/v2\/pages\/5422\/revisions"}],"predecessor-version":[{"id":5594,"href":"https:\/\/wp.pop-verlag.com\/index.php?rest_route=\/wp\/v2\/pages\/5422\/revisions\/5594"}],"up":[{"embeddable":true,"href":"https:\/\/wp.pop-verlag.com\/index.php?rest_route=\/wp\/v2\/pages\/658"}],"wp:attachment":[{"href":"https:\/\/wp.pop-verlag.com\/index.php?rest_route=%2Fwp%2Fv2%2Fmedia&parent=5422"}],"curies":[{"name":"wp","href":"https:\/\/api.w.org\/{rel}","templated":true}]}}