{"id":5331,"date":"2020-07-25T04:50:01","date_gmt":"2020-07-25T04:50:01","guid":{"rendered":"https:\/\/wp.pop-verlag.com\/?page_id=5331"},"modified":"2020-07-25T04:55:08","modified_gmt":"2020-07-25T04:55:08","slug":"ioan-flora","status":"publish","type":"page","link":"https:\/\/wp.pop-verlag.com\/?page_id=5331","title":{"rendered":"Ioan Flora"},"content":{"rendered":"<p align=\"JUSTIFY\"><span style=\"font-family: AGaramond; font-size: medium;\"><strong>Ioan Flora<\/strong>, *1950 in Sat Nou, Jugoslawien, \u2020 2005, Bucure\u0219ti, absolvierte die Bukarester Universit\u00e4t (1975), Abteilung Rum\u00e4nisch-Franz\u00f6sisch und arbeitete als Redakteur bei der Wochenzeitung Libertatea, Panciova Novi Sad. Neben Slavco Alm\u00e4jan bedeutendster Vertreter der rum\u00e4nischen Literatur aus Jugoslawien. Ver\u00f6ffentlichte bisher viele eigene Gedichtb\u00e4nde, die zum Teil ins Deutsche, Englische, Franz\u00f6sische, Italienische, Serbokroatische, Ungarische, Makedonische und Slowakische \u00fcbersetzt wurden.<\/p>\n<p><\/span><\/p>\n<p align=\"JUSTIFY\"><span style=\"font-family: Times New Roman; font-size: medium;\">Zahlreiche \u00dcbersetzungen aus dem Serbokroatischen ins Rum\u00e4nische, darunter: Vasko Popa: <i>Poezii I, II <\/i>(<i>Gedichte I, II<\/i>), 1983, <i>C\u00e2mpia neodihnei<\/i> (<i>Heide der Unausgeruhten<\/i>), 1995; <i>Inel celest<\/i> (<i>Erhabener Ring<\/i>), 2000, und Adam Puslojic: <i>Nu-mi amintesc prea bine, bunul meu prieten<\/i> (<i>Mein lieber Freund, ich erinnere mich nicht besonders gut daran<\/i>) 1986; (mit Nichita St\u0103nescu): <i>Ap\u0103 de b\u0103ut<\/i> (<i>Trinkwasser<\/i>), 1986. Herausgeber und \u00dcbersetzer der Anthologie: <i>Antologia poeziei s\u00e2rbe<\/i> <i>&#8211; sec. XIII-sec. XX<\/i> (<i>Anthologie der serbischen Dichtung vom 13. zum 20. Jahrhundert<\/i>) 1999 und 2004.<\/span><\/p>\n<p align=\"JUSTIFY\"><span style=\"font-family: Times New Roman; font-size: medium;\">Wichtigste Gedichtb\u00e4nde: <i>Valsuri <\/i>(<i>Walzer<\/i>), 1970; <i>Iedera<\/i> (<i>Efeu<\/i>); <i>File poetice <\/i>(<i>Poetische Notizzettel<\/i>), 1977; <i>Lumea fizic\u0103 <\/i>(<i>Die physische Welt<\/i>), 1979 (mit dem Struga-Preis in Makedonien ausgezeichnet); <i>Starea de fapt <\/i>(<i>Zustandslage<\/i>), 1984 und 1986; <i>O bufni\u0163\u0103 t\u00een\u0103r\u0103 pe patul mor\u0163ii <\/i>(<i>Eine junge Eule auf dem Totenbett<\/i>), 1988 (Nolit-Preis, Belgrad, Serbien), <i>Memoria asasin\u0103<\/i> (<i>Die m\u00f6rderische Erinnerung<\/i>), 1989 (Preis des Schriftstellerverbandes der Vojvodina), <i>T\u0103lpile violete<\/i> (<i>Violette Sohlen<\/i>) 1990 und 1998, <i>Poeme<\/i> &#8211; antologie (<i>Gedichte<\/i> &#8211; Anthologie) 1993, <i>Discurs asupra Stru\u0163oc\u0103milei<\/i> (<i>Diskurs \u00fcber den Kamelstrau\u00df<\/i>) 1995 und 1998(Preis des Rumn\u00e4nischen Schriftstellerverbandes Bukarest und des Schriftstellerverbandes der Republik Moldova), <i>Iepurele suedez<\/i> (<i>Der schwedische Hase<\/i>) 1997 und 1998(Preis des Rum\u00e4nischen Schriftstellerverbandes und ASPRO-Preis), <i>Medeea si ma\u015finile ei de r\u0103zboi<\/i> (<i>Medea und ihre Kriegsmaschinen<\/i>) 1999 und 2002, <i>Scriptor<\/i> &#8211; antologie, (<i>Der Schreiber<\/i> &#8211; Anthologie ), 2001, <i>Iapa Dun\u0103rea<\/i> &#8211; antologie (<i>Die Stute Donau<\/i> &#8211; Anthologie) 2003.<\/span><\/p>\n<p><span style=\"font-family: AGaramond; font-size: medium;\">\u00dcbersetzungen von Floras Werken: <i>Rembo ili neko drugi<\/i> (serbisch), 1975, <i>Fizicki svet<\/i> (serbisch), 1977, <i>Fizicki svet<\/i> (mazedonisch), 1979, <i>Rana jezic<\/i> (serbisch) 1980, <i>Terapia radna<\/i> (serbisch) 1981, <i>Telesny svet<\/i> (slowakisch) 1982, <i>Az anyagi vil\u00e1g<\/i> (ungarisch) 1984, <i>Cijenicno stanje<\/i> (serbisch) 1985, <i>Izdaja metafore<\/i> (serbisch) 1985 und 1989, <i>Mlada sova na samrtnoj postelji<\/i> (serbisch) 1989, <i>Cincizeci de romane si alte utopii\/Fifty Novels and Other Utopias<\/i> (rum\u00e4nisch\/englisch) 1996, <i>Obliehana skutocnost<\/i> (slowakisch) 2002, <i>Po\u00e8ms<\/i> (franz\u00f6sisch) 2002, <i>Medea and her war machines <\/i>(englisch), 2002, <i>Tradarea metaforei\/La M\u00e9taphore trahie<\/i> (rum\u00e4nisch\/franz\u00f6sisch),2004, <i>Medea e le sue macchine da guerra<\/i> (italienisch), 2004.<\/span><\/p>\n","protected":false},"excerpt":{"rendered":"<p>Ioan Flora, *1950 in Sat Nou, Jugoslawien, \u2020 2005, Bucure\u0219ti, absolvierte die Bukarester Universit\u00e4t (1975), Abteilung Rum\u00e4nisch-Franz\u00f6sisch und arbeitete als Redakteur bei der Wochenzeitung Libertatea, Panciova Novi Sad. Neben Slavco Alm\u00e4jan bedeutendster Vertreter der rum\u00e4nischen Literatur aus Jugoslawien. Ver\u00f6ffentlichte bisher &hellip; <a class=\"more-link\" href=\"https:\/\/wp.pop-verlag.com\/?page_id=5331\">Weiterlesen <span class=\"meta-nav\">&rarr;<\/span><\/a><\/p>\n","protected":false},"author":2,"featured_media":0,"parent":687,"menu_order":4,"comment_status":"closed","ping_status":"closed","template":"","meta":{"footnotes":""},"class_list":["post-5331","page","type-page","status-publish","hentry"],"jetpack_sharing_enabled":true,"_links":{"self":[{"href":"https:\/\/wp.pop-verlag.com\/index.php?rest_route=\/wp\/v2\/pages\/5331","targetHints":{"allow":["GET"]}}],"collection":[{"href":"https:\/\/wp.pop-verlag.com\/index.php?rest_route=\/wp\/v2\/pages"}],"about":[{"href":"https:\/\/wp.pop-verlag.com\/index.php?rest_route=\/wp\/v2\/types\/page"}],"author":[{"embeddable":true,"href":"https:\/\/wp.pop-verlag.com\/index.php?rest_route=\/wp\/v2\/users\/2"}],"replies":[{"embeddable":true,"href":"https:\/\/wp.pop-verlag.com\/index.php?rest_route=%2Fwp%2Fv2%2Fcomments&post=5331"}],"version-history":[{"count":2,"href":"https:\/\/wp.pop-verlag.com\/index.php?rest_route=\/wp\/v2\/pages\/5331\/revisions"}],"predecessor-version":[{"id":5333,"href":"https:\/\/wp.pop-verlag.com\/index.php?rest_route=\/wp\/v2\/pages\/5331\/revisions\/5333"}],"up":[{"embeddable":true,"href":"https:\/\/wp.pop-verlag.com\/index.php?rest_route=\/wp\/v2\/pages\/687"}],"wp:attachment":[{"href":"https:\/\/wp.pop-verlag.com\/index.php?rest_route=%2Fwp%2Fv2%2Fmedia&parent=5331"}],"curies":[{"name":"wp","href":"https:\/\/api.w.org\/{rel}","templated":true}]}}

<p align="JUSTIFY"><span style="font-family: AGaramond; font-size: medium;"><strong>Ioan Flora</strong>, *1950 in Sat Nou, Jugoslawien, † 2005, București, absolvierte die Bukarester Universität (1975), Abteilung Rumänisch-Französisch und arbeitete als Redakteur bei der Wochenzeitung Libertatea, Panciova Novi Sad. Neben Slavco Almäjan bedeutendster Vertreter der rumänischen Literatur aus Jugoslawien. Veröffentlichte bisher viele eigene Gedichtbände, die zum Teil ins Deutsche, Englische, Französische, Italienische, Serbokroatische, Ungarische, Makedonische und Slowakische übersetzt wurden.</p>
<p></span></p>
<p align="JUSTIFY"><span style="font-family: Times New Roman; font-size: medium;">Zahlreiche Übersetzungen aus dem Serbokroatischen ins Rumänische, darunter: Vasko Popa: <i>Poezii I, II </i>(<i>Gedichte I, II</i>), 1983, <i>Câmpia neodihnei</i> (<i>Heide der Unausgeruhten</i>), 1995; <i>Inel celest</i> (<i>Erhabener Ring</i>), 2000, und Adam Puslojic: <i>Nu-mi amintesc prea bine, bunul meu prieten</i> (<i>Mein lieber Freund, ich erinnere mich nicht besonders gut daran</i>) 1986; (mit Nichita Stănescu): <i>Apă de băut</i> (<i>Trinkwasser</i>), 1986. Herausgeber und Übersetzer der Anthologie: <i>Antologia poeziei sârbe</i> <i>&#8211; sec. XIII-sec. XX</i> (<i>Anthologie der serbischen Dichtung vom 13. zum 20. Jahrhundert</i>) 1999 und 2004.</span></p>
<p align="JUSTIFY"><span style="font-family: Times New Roman; font-size: medium;">Wichtigste Gedichtbände: <i>Valsuri </i>(<i>Walzer</i>), 1970; <i>Iedera</i> (<i>Efeu</i>); <i>File poetice </i>(<i>Poetische Notizzettel</i>), 1977; <i>Lumea fizică </i>(<i>Die physische Welt</i>), 1979 (mit dem Struga-Preis in Makedonien ausgezeichnet); <i>Starea de fapt </i>(<i>Zustandslage</i>), 1984 und 1986; <i>O bufniţă tînără pe patul morţii </i>(<i>Eine junge Eule auf dem Totenbett</i>), 1988 (Nolit-Preis, Belgrad, Serbien), <i>Memoria asasină</i> (<i>Die mörderische Erinnerung</i>), 1989 (Preis des Schriftstellerverbandes der Vojvodina), <i>Tălpile violete</i> (<i>Violette Sohlen</i>) 1990 und 1998, <i>Poeme</i> &#8211; antologie (<i>Gedichte</i> &#8211; Anthologie) 1993, <i>Discurs asupra Struţocămilei</i> (<i>Diskurs über den Kamelstrauß</i>) 1995 und 1998(Preis des Rumnänischen Schriftstellerverbandes Bukarest und des Schriftstellerverbandes der Republik Moldova), <i>Iepurele suedez</i> (<i>Der schwedische Hase</i>) 1997 und 1998(Preis des Rumänischen Schriftstellerverbandes und ASPRO-Preis), <i>Medeea si maşinile ei de război</i> (<i>Medea und ihre Kriegsmaschinen</i>) 1999 und 2002, <i>Scriptor</i> &#8211; antologie, (<i>Der Schreiber</i> &#8211; Anthologie ), 2001, <i>Iapa Dunărea</i> &#8211; antologie (<i>Die Stute Donau</i> &#8211; Anthologie) 2003.</span></p>
<p><span style="font-family: AGaramond; font-size: medium;">Übersetzungen von Floras Werken: <i>Rembo ili neko drugi</i> (serbisch), 1975, <i>Fizicki svet</i> (serbisch), 1977, <i>Fizicki svet</i> (mazedonisch), 1979, <i>Rana jezic</i> (serbisch) 1980, <i>Terapia radna</i> (serbisch) 1981, <i>Telesny svet</i> (slowakisch) 1982, <i>Az anyagi világ</i> (ungarisch) 1984, <i>Cijenicno stanje</i> (serbisch) 1985, <i>Izdaja metafore</i> (serbisch) 1985 und 1989, <i>Mlada sova na samrtnoj postelji</i> (serbisch) 1989, <i>Cincizeci de romane si alte utopii/Fifty Novels and Other Utopias</i> (rumänisch/englisch) 1996, <i>Obliehana skutocnost</i> (slowakisch) 2002, <i>Poèms</i> (französisch) 2002, <i>Medea and her war machines </i>(englisch), 2002, <i>Tradarea metaforei/La Métaphore trahie</i> (rumänisch/französisch),2004, <i>Medea e le sue macchine da guerra</i> (italienisch), 2004.</span></p>

<p>Ioan Flora, *1950 in Sat Nou, Jugoslawien, † 2005, București, absolvierte die Bukarester Universität (1975), Abteilung Rumänisch-Französisch und arbeitete als Redakteur bei der Wochenzeitung Libertatea, Panciova Novi Sad. Neben Slavco Almäjan bedeutendster Vertreter der rumänischen Literatur aus Jugoslawien. Veröffentlichte bisher &hellip; <a class="more-link" href="https://wp.pop-verlag.com/?page_id=5331">Weiterlesen <span class="meta-nav">&rarr;</span></a></p>
