{"id":5010,"date":"2020-04-12T05:07:47","date_gmt":"2020-04-12T05:07:47","guid":{"rendered":"https:\/\/wp.pop-verlag.com\/?page_id=5010"},"modified":"2020-04-14T12:35:27","modified_gmt":"2020-04-14T12:35:27","slug":"gezim-hajdari","status":"publish","type":"page","link":"https:\/\/wp.pop-verlag.com\/?page_id=5010","title":{"rendered":"G\u00ebzim Hajdari"},"content":{"rendered":"<p><span style=\"font-size: medium;\"><strong><img loading=\"lazy\" decoding=\"async\" class=\"alignleft wp-image-5012 size-medium\" src=\"https:\/\/wp.pop-verlag.com\/wp-content\/uploads\/2020\/04\/Gezim_Hajdari-300x274.jpg\" alt=\"\" width=\"300\" height=\"274\" srcset=\"https:\/\/wp.pop-verlag.com\/wp-content\/uploads\/2020\/04\/Gezim_Hajdari-300x274.jpg 300w, https:\/\/wp.pop-verlag.com\/wp-content\/uploads\/2020\/04\/Gezim_Hajdari-768x702.jpg 768w, https:\/\/wp.pop-verlag.com\/wp-content\/uploads\/2020\/04\/Gezim_Hajdari-1024x936.jpg 1024w, https:\/\/wp.pop-verlag.com\/wp-content\/uploads\/2020\/04\/Gezim_Hajdari-328x300.jpg 328w\" sizes=\"auto, (max-width: 300px) 100vw, 300px\" \/><a href=\"https:\/\/wp.pop-verlag.com\/?page_id=5010\">G\u00ebzim Hajdari<\/a><\/strong><b>,<\/b> geb. 1957 in Albanien, ist Lyriker, \u00dcbersetzer und Autor von Reisereportagen. Seit 1992 lebt er im Exil in Italien. Er schreibt auf Albanisch und Italienisch. Mit zahlreichen Preisen bedacht, gilt Hajdari als eine der signifikantesten Stimmen der zeitgen\u00f6ssischen italienischen Lyrik. Seine Werke sind : <i>Erbamara, Antologia della pioggia,Ombra di<\/i> <i>Cani, Sassi controvento, Corpo presente, Stigmate, Spine nere, San Pedro Cutud:Viaggio negli inferi del tropico, Maldiluna, Poema del esilio, Muzungu: Diario in nero. Pelig\u00f2rga<\/i>. Im Pop Verlag: <i>Mondkrank,\u00a0<\/i> Aus dem Italienischen und mit einem Nachwort: \u201eIch suche ein unschuldiges Land&#8220;, von Stefanie Golisch. <b>Reihe LYRIK, Bd. 26,<\/b> 80 Seiten,\u00a0ISBN:\u00a0 <b>978-3-937139-55-5<\/b>. \u20ac[D] 13,10.<\/span><\/p>\n<p>Erstmals auf Deutsch erschienen soeben im Pop Verlag die Gedichte des albanischen Lyrikers G\u00ebzim Hajdari in der \u00dcbersetzung von Stefanie Golisch.<\/p>\n<p>Hajdari wurde 1957 in Albanien geboren und lebt seit 1992 im italienischen Exil, wo er innerhalb weniger Jahre zu einer markanten Stimme des literarischen Lebens avancierte und mit namhaften Literaturpreisen ausgezeichnet wurde. In mehrfacher Hinsicht haben Hajdaris \u00a0 \u00a0 \u00a0 besonderen Lebensumst\u00e4nde sein Schaffen der vergangenen Jahre gepr\u00e4gt. Mit einigem Recht k\u00f6nnte man das Thema des <em>fremden Blicks<\/em> als das Herzst\u00fcck seines rasch wachsenden Werkes bezeichnen, das neben Lyrik auch kritische Reisereportagen aus Afrika und Asien umfasst.<\/p>\n<p>Bewusst erf\u00e4hrt der Autor seine Existenz in der Fremde als menschliche und k\u00fcnstlerische \u00a0 \u00a0 \u00a0 Herausforderung. Keinesfalls identifiziert er sich mit der Rolle des Opfers, im Gegenteil wird ihm sein pers\u00f6nliches Schicksal zum Sinnbild der existentiellen Kondition des Menschen als Fremder im eigenen Haus. Seine Ursprungskultur und die seiner &#8211; wie er es nennt &#8211; \u00a0 \u00a0 \u00a0 <em>zweiten Heimat<\/em>, treten in ein ebenso konfliktreiches wie dynamisch-produktives Verh\u00e4ltnis zueinander. Dies kommt auch in der ungew\u00f6hnlichen Tatsache zum Ausdruck, dass seine Gedichte stets zweisprachig entstehen, in seiner Muttersprache und auf Italienisch. Der Autor begreift beide Versionen als gleichberechtigt; die vorliegende \u00dcbersetzung basiert auf dem italienischen Text.<\/p>\n<p>In offener Konfrontation zu den zeitgen\u00f6ssischen Str\u00f6mungen in der europ\u00e4ischen Lyrik, geht es Hajdari um die alten Fragen der Menschheit, um das Verh\u00e4ltnis von Zivilisation und Natur, von westlicher und \u00f6stlicher Hemisph\u00e4re, um Mythen und Archetypen, die auch im Unterbewusstsein \u00a0 \u00a0 \u00a0 des modernen Menschen als Kraftquellen <em>und <\/em>Verst\u00f6rungen weiterwirken. Gepr\u00e4gt von den balkanischen Epen seiner Kindheit und Jugend, beeindrucken seine Gedichte durch die F\u00fclle der Sinnes &#8211; und Natureindr\u00fccke, welche die Lekt\u00fcre im wahrsten Sinne des Wortes zu einem Erlebnis werden lassen.<\/p>\n<p>Lieferbare Titel von <strong><a href=\"https:\/\/wp.pop-verlag.com\/?page_id=5010\">G\u00ebzim Hajdari<\/a><\/strong><b>: <\/b><\/p>\n<p><b><i><a href=\"https:\/\/wp.pop-verlag.com\/?p=312\">&#8211; Mondkrank<\/a>,\u00a0<\/i> Aus dem Italienischen und mit einem Nachwort: \u201eIch suche ein unschuldiges Land&#8220;, von Stefanie Golisch.Reihe LYRIK, Bd. 26, 80 Seiten,\u00a0ISBN:\u00a0 978-3-937139-55-5. \u20ac[D] 13,10.<\/b><\/p>\n<ul>\n<li><a href=\"http:\/\/www.edition-matrix.com\/matrix-1-2009-15\/\" target=\"_blank\" rel=\"noopener\">MATRIX 1\/2009 (15),\u00a0<b> \u20ac[D] 10,00.<\/b><\/a><\/li>\n<\/ul>\n","protected":false},"excerpt":{"rendered":"<p>G\u00ebzim Hajdari, geb. 1957 in Albanien, ist Lyriker, \u00dcbersetzer und Autor von Reisereportagen. Seit 1992 lebt er im Exil in Italien. Er schreibt auf Albanisch und Italienisch. Mit zahlreichen Preisen bedacht, gilt Hajdari als eine der signifikantesten Stimmen der zeitgen\u00f6ssischen &hellip; <a class=\"more-link\" href=\"https:\/\/wp.pop-verlag.com\/?page_id=5010\">Weiterlesen <span class=\"meta-nav\">&rarr;<\/span><\/a><\/p>\n","protected":false},"author":2,"featured_media":0,"parent":674,"menu_order":1,"comment_status":"closed","ping_status":"closed","template":"","meta":{"footnotes":""},"class_list":["post-5010","page","type-page","status-publish","hentry"],"jetpack_sharing_enabled":true,"_links":{"self":[{"href":"https:\/\/wp.pop-verlag.com\/index.php?rest_route=\/wp\/v2\/pages\/5010","targetHints":{"allow":["GET"]}}],"collection":[{"href":"https:\/\/wp.pop-verlag.com\/index.php?rest_route=\/wp\/v2\/pages"}],"about":[{"href":"https:\/\/wp.pop-verlag.com\/index.php?rest_route=\/wp\/v2\/types\/page"}],"author":[{"embeddable":true,"href":"https:\/\/wp.pop-verlag.com\/index.php?rest_route=\/wp\/v2\/users\/2"}],"replies":[{"embeddable":true,"href":"https:\/\/wp.pop-verlag.com\/index.php?rest_route=%2Fwp%2Fv2%2Fcomments&post=5010"}],"version-history":[{"count":8,"href":"https:\/\/wp.pop-verlag.com\/index.php?rest_route=\/wp\/v2\/pages\/5010\/revisions"}],"predecessor-version":[{"id":5045,"href":"https:\/\/wp.pop-verlag.com\/index.php?rest_route=\/wp\/v2\/pages\/5010\/revisions\/5045"}],"up":[{"embeddable":true,"href":"https:\/\/wp.pop-verlag.com\/index.php?rest_route=\/wp\/v2\/pages\/674"}],"wp:attachment":[{"href":"https:\/\/wp.pop-verlag.com\/index.php?rest_route=%2Fwp%2Fv2%2Fmedia&parent=5010"}],"curies":[{"name":"wp","href":"https:\/\/api.w.org\/{rel}","templated":true}]}}