{"id":4939,"date":"2020-05-05T05:18:42","date_gmt":"2020-05-05T05:18:42","guid":{"rendered":"https:\/\/wp.pop-verlag.com\/?page_id=4939"},"modified":"2025-09-26T14:04:17","modified_gmt":"2025-09-26T14:04:17","slug":"dinu-flamand","status":"publish","type":"page","link":"https:\/\/wp.pop-verlag.com\/?page_id=4939","title":{"rendered":"Dinu Flamand"},"content":{"rendered":"<p><strong><img loading=\"lazy\" decoding=\"async\" class=\"alignleft wp-image-5081 size-medium\" src=\"https:\/\/wp.pop-verlag.com\/wp-content\/uploads\/2020\/05\/IMG_2432-300x225.jpg\" alt=\"\" width=\"300\" height=\"225\" srcset=\"https:\/\/wp.pop-verlag.com\/wp-content\/uploads\/2020\/05\/IMG_2432-300x225.jpg 300w, https:\/\/wp.pop-verlag.com\/wp-content\/uploads\/2020\/05\/IMG_2432-768x576.jpg 768w, https:\/\/wp.pop-verlag.com\/wp-content\/uploads\/2020\/05\/IMG_2432-1024x768.jpg 1024w, https:\/\/wp.pop-verlag.com\/wp-content\/uploads\/2020\/05\/IMG_2432-400x300.jpg 400w\" sizes=\"auto, (max-width: 300px) 100vw, 300px\" \/><\/strong><\/p>\n<p><strong><a href=\"https:\/\/wp.pop-verlag.com\/?page_id=4939\">Dinu Flamand<\/a>,<\/strong> geboren am 24. Juni 1947 in Susenii B\u00e2rg\u0103ului, einem kleinen Dorf im Norden Transsilvaniens\/Rum\u00e4nien. Philologie-Studium an der Universit\u00e4t in Cluj-Napoca und Mitbegr\u00fcnder der literarischen Zeitschrift <em>Echinox<\/em>. Danach in Bukarest als Journalist und Literaturkritiker f\u00fcr verschiedene Zeitschriften und Verlage t\u00e4tig, ab Anfang der 70er-Jahre publiziert er die Lyrikb\u00e4nde <em>Apeiron <\/em>(1971), <em>Poezii<\/em> (<em>Gedichte,<\/em> 1974), <em>Altoiuri <\/em>(<em>Pfr\u00f6pflinge,<\/em> 1976), <em>Stare de asediu<\/em> (<em>Belagerungszustand,<\/em> 1983),<em> Via\u021b\u0103 de prob\u0103<\/em> (<em>Leben auf Probe,<\/em> 1998),<em> Dincolo\/De l\u2019autre c\u00f4t\u00e9 <\/em>(<em>Auf der anderen Seite,<\/em> zweisprachige Ausgabe, 2000), <em>Migra\u021bia pietrelor <\/em>(<em>Die Migration der Steine,<\/em> Anthologie, 2000),<em> Tags<\/em> (2002),<em> Gr\u0103dini\/Jardins <\/em>(<em>G\u00e4rten,<\/em> zweisprachige Ausgabe, 2005),<em> Frigul intermediar <\/em>(<em>Zwischenfrost,<\/em> 2006),<em> Opera poetic\u0103 <\/em>(<em>Das lyrische Werk,<\/em> zwei B\u00e4nde, 2007),<em> Umbre \u0219i faleze <\/em>(<em>Schatten und Klippen,<\/em> 2010),<em> Biopoeme <\/em>(Anthologie, 1970\u20132010, 2010),<em> Stive de t\u0103cere <\/em>(<em>Gestapeltes Schweigen,<\/em> 2011),<em> Veghea \u0219i somnul<\/em>, <em>un an de sonete <\/em>(<em>Wachen und schlafen, ein Sonett-Jahr,<\/em> 2016),<em> Prim\u0103vara la Praga <\/em>(<em>Fr\u00fchling in Prag,<\/em> 2017),<em> Descos \u0219i \u021bes <\/em>(<em>Aufgetrennt und verwebt,<\/em> Anthologie, 1971\u20132017, zwei B\u00e4nde, 2018), <em>Om cu v\u00e2sl\u0103 pe um\u0103r <\/em>(<em>Mensch mit geschultertem Ruder,<\/em> 2020), <em>Scaun la fereastr\u0103. Jurnal de carantin\u0103 \u2013 Lisabona (Sessel am <br \/>Fenster. Lockdown-Tagebuch \u2013 Lissabon, <\/em>2022). Ab Anfang der 80er-Jahre ist Dinu Flamand staatlichen Repressalien ausgesetzt, seine Gedichte werden zensiert bzw. verboten, sodass er sich auf das \u00dcbersetzen \u2013 vor allem aus romanischen Sprachen \u2013 konzentriert, das er bis heute konsequent weitergef\u00fchrt hat. Zu den ins Rum\u00e4nische \u00fcbertragenen Autoren z\u00e4hlen Omar Lara, Fernando Pessoa, Miguel Torga, Sophia de Mello Breyner Andresen, Jorge de Sena, Herberto Helder, Fernando Assis Pacheco, Al Berto, Carlos Drummond de Andrade, Umberto Saba, Samuel Beckett, Lautr\u00e9amont, C\u00e9sar Vallejo, Pablo Neruda oder Antonio Gamoneda. Ende der 80er-Jahre, vor dem Sturz der kommunistischen Diktatur, emigrierte er nach Frankreich und arbeitete von Mai 1989 bis April 2010 bei Radio France Internationale in Paris. 2011 kehrte er nach Rum\u00e4nien zur\u00fcck, war 2013 bis 2014 als Diplomat t\u00e4tig und gegenw\u00e4rtig als freier Schriftsteller. Seine Gedichte und Anthologien sind \u00fcbersetzt in Frankreich, Spanien, Portugal, Italien, Deutschland, Mexiko, Griechenland, Brasilien, Tschechien, Israel, Kolumbien und Honduras erschienen. Neben zahlreichen Stipendien erhielt er als Auszeichnung f\u00fcr sein poetisches Werk u. a. 2011 den Mihai-Eminescu-Nationalpreis, 2019 den Nichita-St\u0103nescu-Preis, 2021 den Lucian-Blaga-Preis, 2022 den Lyrikpreis der Rum\u00e4nischen Akademie, 2023 den bedeutenden mexikanischen Preis Nuevo Siglo de Oro und 2025 den Tudor-Arghezi-Preis.<\/p>\n<p>\u00a0<\/p>\n<p>Lieferbare Titel von <a href=\"https:\/\/wp.pop-verlag.com\/?page_id=4939\">Dinu Flamand<\/a>:<\/p>\n<p><a href=\"https:\/\/wp.pop-verlag.com\/?p=5084\">Zwischenfrost \/ Frigul intermediar<\/a>. Gedichte. Deutsch \/ Rum\u00e4nisch. Aus dem Rum\u00e4nischen von <a href=\"https:\/\/wp.pop-verlag.com\/?page_id=2620\">Edith Konradt<\/a>. Reihe Lyrik Bd. 144, 273 S., ISBN 978-3-86356-299-1, \u20ac[D]19,50\u00a0<\/p>\n<p><em><a href=\"https:\/\/wp.pop-verlag.com\/?p=7225\">Mensch mit geschultertem Ruder<\/a>.<\/em> Gedichte.\u00a0Aus dem Rum\u00e4nischen von <a href=\"https:\/\/wp.pop-verlag.com\/?page_id=2620\">Edith Konradt<\/a>. Mit Illustrationen von Mircia Dumitrescu. Reihe Lyrik Bd. 191, ISBN: 978-3-86356-426-1, 198 S., \u20ac[D]21,50<\/p>\n\n\n<p><\/p>\n","protected":false},"excerpt":{"rendered":"<p>Dinu Flamand, geboren am 24. Juni 1947 in Susenii B\u00e2rg\u0103ului, einem kleinen Dorf im Norden Transsilvaniens\/Rum\u00e4nien. Philologie-Studium an der Universit\u00e4t in Cluj-Napoca und Mitbegr\u00fcnder der literarischen Zeitschrift Echinox. Danach in Bukarest als Journalist und Literaturkritiker f\u00fcr verschiedene Zeitschriften und Verlage &hellip; <a class=\"more-link\" href=\"https:\/\/wp.pop-verlag.com\/?page_id=4939\">Weiterlesen <span class=\"meta-nav\">&rarr;<\/span><\/a><\/p>\n","protected":false},"author":2,"featured_media":0,"parent":687,"menu_order":3,"comment_status":"closed","ping_status":"closed","template":"","meta":{"footnotes":""},"class_list":["post-4939","page","type-page","status-publish","hentry"],"jetpack_sharing_enabled":true,"_links":{"self":[{"href":"https:\/\/wp.pop-verlag.com\/index.php?rest_route=\/wp\/v2\/pages\/4939","targetHints":{"allow":["GET"]}}],"collection":[{"href":"https:\/\/wp.pop-verlag.com\/index.php?rest_route=\/wp\/v2\/pages"}],"about":[{"href":"https:\/\/wp.pop-verlag.com\/index.php?rest_route=\/wp\/v2\/types\/page"}],"author":[{"embeddable":true,"href":"https:\/\/wp.pop-verlag.com\/index.php?rest_route=\/wp\/v2\/users\/2"}],"replies":[{"embeddable":true,"href":"https:\/\/wp.pop-verlag.com\/index.php?rest_route=%2Fwp%2Fv2%2Fcomments&post=4939"}],"version-history":[{"count":8,"href":"https:\/\/wp.pop-verlag.com\/index.php?rest_route=\/wp\/v2\/pages\/4939\/revisions"}],"predecessor-version":[{"id":7257,"href":"https:\/\/wp.pop-verlag.com\/index.php?rest_route=\/wp\/v2\/pages\/4939\/revisions\/7257"}],"up":[{"embeddable":true,"href":"https:\/\/wp.pop-verlag.com\/index.php?rest_route=\/wp\/v2\/pages\/687"}],"wp:attachment":[{"href":"https:\/\/wp.pop-verlag.com\/index.php?rest_route=%2Fwp%2Fv2%2Fmedia&parent=4939"}],"curies":[{"name":"wp","href":"https:\/\/api.w.org\/{rel}","templated":true}]}}

<p><strong><img loading="lazy" decoding="async" class="alignleft wp-image-5081 size-medium" src="https://wp.pop-verlag.com/wp-content/uploads/2020/05/IMG_2432-300x225.jpg" alt="" width="300" height="225" srcset="https://wp.pop-verlag.com/wp-content/uploads/2020/05/IMG_2432-300x225.jpg 300w, https://wp.pop-verlag.com/wp-content/uploads/2020/05/IMG_2432-768x576.jpg 768w, https://wp.pop-verlag.com/wp-content/uploads/2020/05/IMG_2432-1024x768.jpg 1024w, https://wp.pop-verlag.com/wp-content/uploads/2020/05/IMG_2432-400x300.jpg 400w" sizes="auto, (max-width: 300px) 100vw, 300px" /></strong></p>
<p><strong><a href="https://wp.pop-verlag.com/?page_id=4939">Dinu Flamand</a>,</strong> geboren am 24. Juni 1947 in Susenii Bârgăului, einem kleinen Dorf im Norden Transsilvaniens/Rumänien. Philologie-Studium an der Universität in Cluj-Napoca und Mitbegründer der literarischen Zeitschrift <em>Echinox</em>. Danach in Bukarest als Journalist und Literaturkritiker für verschiedene Zeitschriften und Verlage tätig, ab Anfang der 70er-Jahre publiziert er die Lyrikbände <em>Apeiron </em>(1971), <em>Poezii</em> (<em>Gedichte,</em> 1974), <em>Altoiuri </em>(<em>Pfröpflinge,</em> 1976), <em>Stare de asediu</em> (<em>Belagerungszustand,</em> 1983),<em> Viață de probă</em> (<em>Leben auf Probe,</em> 1998),<em> Dincolo/De l’autre côté </em>(<em>Auf der anderen Seite,</em> zweisprachige Ausgabe, 2000), <em>Migrația pietrelor </em>(<em>Die Migration der Steine,</em> Anthologie, 2000),<em> Tags</em> (2002),<em> Grădini/Jardins </em>(<em>Gärten,</em> zweisprachige Ausgabe, 2005),<em> Frigul intermediar </em>(<em>Zwischenfrost,</em> 2006),<em> Opera poetică </em>(<em>Das lyrische Werk,</em> zwei Bände, 2007),<em> Umbre și faleze </em>(<em>Schatten und Klippen,</em> 2010),<em> Biopoeme </em>(Anthologie, 1970–2010, 2010),<em> Stive de tăcere </em>(<em>Gestapeltes Schweigen,</em> 2011),<em> Veghea și somnul</em>, <em>un an de sonete </em>(<em>Wachen und schlafen, ein Sonett-Jahr,</em> 2016),<em> Primăvara la Praga </em>(<em>Frühling in Prag,</em> 2017),<em> Descos și țes </em>(<em>Aufgetrennt und verwebt,</em> Anthologie, 1971–2017, zwei Bände, 2018), <em>Om cu vâslă pe umăr </em>(<em>Mensch mit geschultertem Ruder,</em> 2020), <em>Scaun la fereastră. Jurnal de carantină – Lisabona (Sessel am <br />Fenster. Lockdown-Tagebuch – Lissabon, </em>2022). Ab Anfang der 80er-Jahre ist Dinu Flamand staatlichen Repressalien ausgesetzt, seine Gedichte werden zensiert bzw. verboten, sodass er sich auf das Übersetzen – vor allem aus romanischen Sprachen – konzentriert, das er bis heute konsequent weitergeführt hat. Zu den ins Rumänische übertragenen Autoren zählen Omar Lara, Fernando Pessoa, Miguel Torga, Sophia de Mello Breyner Andresen, Jorge de Sena, Herberto Helder, Fernando Assis Pacheco, Al Berto, Carlos Drummond de Andrade, Umberto Saba, Samuel Beckett, Lautréamont, César Vallejo, Pablo Neruda oder Antonio Gamoneda. Ende der 80er-Jahre, vor dem Sturz der kommunistischen Diktatur, emigrierte er nach Frankreich und arbeitete von Mai 1989 bis April 2010 bei Radio France Internationale in Paris. 2011 kehrte er nach Rumänien zurück, war 2013 bis 2014 als Diplomat tätig und gegenwärtig als freier Schriftsteller. Seine Gedichte und Anthologien sind übersetzt in Frankreich, Spanien, Portugal, Italien, Deutschland, Mexiko, Griechenland, Brasilien, Tschechien, Israel, Kolumbien und Honduras erschienen. Neben zahlreichen Stipendien erhielt er als Auszeichnung für sein poetisches Werk u. a. 2011 den Mihai-Eminescu-Nationalpreis, 2019 den Nichita-Stănescu-Preis, 2021 den Lucian-Blaga-Preis, 2022 den Lyrikpreis der Rumänischen Akademie, 2023 den bedeutenden mexikanischen Preis Nuevo Siglo de Oro und 2025 den Tudor-Arghezi-Preis.</p>
<p> </p>
<p>Lieferbare Titel von <a href="https://wp.pop-verlag.com/?page_id=4939">Dinu Flamand</a>:</p>
<p><a href="https://wp.pop-verlag.com/?p=5084">Zwischenfrost / Frigul intermediar</a>. Gedichte. Deutsch / Rumänisch. Aus dem Rumänischen von <a href="https://wp.pop-verlag.com/?page_id=2620">Edith Konradt</a>. Reihe Lyrik Bd. 144, 273 S., ISBN 978-3-86356-299-1, €[D]19,50 </p>
<p><em><a href="https://wp.pop-verlag.com/?p=7225">Mensch mit geschultertem Ruder</a>.</em> Gedichte. Aus dem Rumänischen von <a href="https://wp.pop-verlag.com/?page_id=2620">Edith Konradt</a>. Mit Illustrationen von Mircia Dumitrescu. Reihe Lyrik Bd. 191, ISBN: 978-3-86356-426-1, 198 S., €[D]21,50</p>


<p></p>

<p>Dinu Flamand, geboren am 24. Juni 1947 in Susenii Bârgăului, einem kleinen Dorf im Norden Transsilvaniens/Rumänien. Philologie-Studium an der Universität in Cluj-Napoca und Mitbegründer der literarischen Zeitschrift Echinox. Danach in Bukarest als Journalist und Literaturkritiker für verschiedene Zeitschriften und Verlage &hellip; <a class="more-link" href="https://wp.pop-verlag.com/?page_id=4939">Weiterlesen <span class="meta-nav">&rarr;</span></a></p>
