{"id":4860,"date":"2020-03-05T06:49:24","date_gmt":"2020-03-05T06:49:24","guid":{"rendered":"https:\/\/wp.pop-verlag.com\/?page_id=4860"},"modified":"2020-09-21T09:34:08","modified_gmt":"2020-09-21T09:34:08","slug":"carl-von-buelow","status":"publish","type":"page","link":"https:\/\/wp.pop-verlag.com\/?page_id=4860","title":{"rendered":"Carl von B\u00fclow"},"content":{"rendered":"<p><strong><a href=\"https:\/\/wp.pop-verlag.com\/?page_id=4860\">Carl von B\u00fclow<\/a><\/strong> wurde am 22. Mai 1841 zu Toddin bei Hagenow geboren. Er besuchte das Gymnasium in Schwerin und trat 1859 in den mecklenburgisch-schwerinschen Milit\u00e4rdienst. 1860 wurde er Sekondeleutnant, nahm 1866 am Feldzug in S\u00fcddeutschland teil und wurde 1867 zum Premierleutnant bef\u00f6rdert. 1871 erfolgte seine Bef\u00f6rderung zum Hauptmann. 1870\u20131871 beteiligte er sich am deutsch-franz\u00f6sischen Krieg. Er wurde mit dem Eisernen Kreuz zweiter Klasse und dem mecklenburgischen Verdienstkreuz sowie dem Roten Adlerorden vierter Klasse ausgezeichnet. Carl von B\u00fclow verstarb am 4. Januar 1883 in Schwerin.<\/p>\n<p>&nbsp;<\/p>\n<p>Lieferbare Titel von<strong><a href=\"https:\/\/wp.pop-verlag.com\/?page_id=4860\"> Carl von B\u00fclow<\/a>:<br \/>\n<\/strong><\/p>\n<p><strong>&#8211; Kriegsbriefe aus den Jahren 1870\u201371<\/strong>. Gefunden, herausgegeben<br \/>\nund mit einem Nachwort versehen von <a href=\"https:\/\/wp.pop-verlag.com\/?page_id=4857\"><strong>Manfred Wolff<\/strong><\/a>. Reihe Historiae Bd.2, Kartoniert, mit Schutzumschlag (bedrukt), 4 Bilder, 231 Seiten, ISBN 978-3-86356-297-7, \u20ac[D]19,50<\/p>\n","protected":false},"excerpt":{"rendered":"<p>Carl von B\u00fclow wurde am 22. Mai 1841 zu Toddin bei Hagenow geboren. Er besuchte das Gymnasium in Schwerin und trat 1859 in den mecklenburgisch-schwerinschen Milit\u00e4rdienst. 1860 wurde er Sekondeleutnant, nahm 1866 am Feldzug in S\u00fcddeutschland teil und wurde 1867 &hellip; <a class=\"more-link\" href=\"https:\/\/wp.pop-verlag.com\/?page_id=4860\">Weiterlesen <span class=\"meta-nav\">&rarr;<\/span><\/a><\/p>\n","protected":false},"author":2,"featured_media":0,"parent":660,"menu_order":23,"comment_status":"closed","ping_status":"closed","template":"","meta":{"footnotes":""},"class_list":["post-4860","page","type-page","status-publish","hentry"],"jetpack_sharing_enabled":true,"_links":{"self":[{"href":"https:\/\/wp.pop-verlag.com\/index.php?rest_route=\/wp\/v2\/pages\/4860","targetHints":{"allow":["GET"]}}],"collection":[{"href":"https:\/\/wp.pop-verlag.com\/index.php?rest_route=\/wp\/v2\/pages"}],"about":[{"href":"https:\/\/wp.pop-verlag.com\/index.php?rest_route=\/wp\/v2\/types\/page"}],"author":[{"embeddable":true,"href":"https:\/\/wp.pop-verlag.com\/index.php?rest_route=\/wp\/v2\/users\/2"}],"replies":[{"embeddable":true,"href":"https:\/\/wp.pop-verlag.com\/index.php?rest_route=%2Fwp%2Fv2%2Fcomments&post=4860"}],"version-history":[{"count":8,"href":"https:\/\/wp.pop-verlag.com\/index.php?rest_route=\/wp\/v2\/pages\/4860\/revisions"}],"predecessor-version":[{"id":5417,"href":"https:\/\/wp.pop-verlag.com\/index.php?rest_route=\/wp\/v2\/pages\/4860\/revisions\/5417"}],"up":[{"embeddable":true,"href":"https:\/\/wp.pop-verlag.com\/index.php?rest_route=\/wp\/v2\/pages\/660"}],"wp:attachment":[{"href":"https:\/\/wp.pop-verlag.com\/index.php?rest_route=%2Fwp%2Fv2%2Fmedia&parent=4860"}],"curies":[{"name":"wp","href":"https:\/\/api.w.org\/{rel}","templated":true}]}}