{"id":4831,"date":"2020-03-05T05:05:06","date_gmt":"2020-03-05T05:05:06","guid":{"rendered":"https:\/\/wp.pop-verlag.com\/?page_id=4831"},"modified":"2020-03-05T05:08:34","modified_gmt":"2020-03-05T05:08:34","slug":"carsten-sternberg","status":"publish","type":"page","link":"https:\/\/wp.pop-verlag.com\/?page_id=4831","title":{"rendered":"Carsten Sternberg"},"content":{"rendered":"<p><strong><img loading=\"lazy\" decoding=\"async\" class=\"alignleft wp-image-4832 size-medium\" src=\"https:\/\/wp.pop-verlag.com\/wp-content\/uploads\/2020\/03\/Carsten-Sternberg-256x300.jpg\" alt=\"\" width=\"256\" height=\"300\" srcset=\"https:\/\/wp.pop-verlag.com\/wp-content\/uploads\/2020\/03\/Carsten-Sternberg-256x300.jpg 256w, https:\/\/wp.pop-verlag.com\/wp-content\/uploads\/2020\/03\/Carsten-Sternberg-768x901.jpg 768w, https:\/\/wp.pop-verlag.com\/wp-content\/uploads\/2020\/03\/Carsten-Sternberg-873x1024.jpg 873w\" sizes=\"auto, (max-width: 256px) 100vw, 256px\" \/><a href=\"https:\/\/wp.pop-verlag.com\/?page_id=4831\">Carsten Sternberg<\/a><\/strong>, * 1942 in Hamburg, Kindheit und Schulzeit in Karlsruhe. Studium der Kunstgeschichte in Heidelberg, Hamburg und Karlsruhe, Promotion.<br \/>\nGesch\u00e4ftsf\u00fchrer des Mannheimer Kunstvereins, Leiter der St\u00e4dtischen Galerie Wolfsburg, Kustos der Pfalzgalerie Kaiserslautern, Direktor des St\u00e4dtischen Kramer-Museums Kempen, zugleich Leiter des Kultur-und Denkmalamtes der Stadt Kempen, Direktor des St\u00e4dtischen Museums Schloss Rheydt und Leiter des Fachbereichs Museen der Stadt M\u00f6nchengladbach.<br \/>\nAb dem 6. Lebensjahr Mitarbeit in der v\u00e4terlichen Dunkelkammer. Danach autodidaktische Weiterbildung, sp\u00e4ter Unterricht in Dunkelkammertechnik bei Andreas Weidner, Abstatt.<br \/>\nEinzelausstellungen: Schwarzwald-Landschaften. Kirnbach-Museum, Niefern, 2007, T\u00fcrkische Nachbarn. Foyerausstellung im Landtag NRW, D\u00fcsseldorf, 2008<br \/>\nFrankfurter Rundgang. Schaufensterausstellung in der Leica-Galerie, Frankfurt, 2008<br \/>\nBali &#8211; beyond paradise. Goethe-Institut, Frankfurt, 2010<\/p>\n<p>Lieferbare Titel von <a href=\"https:\/\/wp.pop-verlag.com\/?page_id=4831\"><strong>Carsten Sternberg<\/strong><\/a>:<\/p>\n<p><strong>&#8211; Rainer Wedler: <a href=\"https:\/\/wp.pop-verlag.com\/?p=4801\">vor dem Fenster tanzt ein frecher Gedanke<\/a><\/strong>. Gedichte. Mit 22 Bildern von <strong>Carsten Sternberg<\/strong>. Reihe Lyrik Bd. 143.\u00a0 145 Seiten, ISBN 978-3-86356-298-4. \u20ac[D]16,50<\/p>\n","protected":false},"excerpt":{"rendered":"<p>Carsten Sternberg, * 1942 in Hamburg, Kindheit und Schulzeit in Karlsruhe. Studium der Kunstgeschichte in Heidelberg, Hamburg und Karlsruhe, Promotion. Gesch\u00e4ftsf\u00fchrer des Mannheimer Kunstvereins, Leiter der St\u00e4dtischen Galerie Wolfsburg, Kustos der Pfalzgalerie Kaiserslautern, Direktor des St\u00e4dtischen Kramer-Museums Kempen, zugleich Leiter &hellip; <a class=\"more-link\" href=\"https:\/\/wp.pop-verlag.com\/?page_id=4831\">Weiterlesen <span class=\"meta-nav\">&rarr;<\/span><\/a><\/p>\n","protected":false},"author":2,"featured_media":0,"parent":712,"menu_order":23,"comment_status":"closed","ping_status":"closed","template":"","meta":{"footnotes":""},"class_list":["post-4831","page","type-page","status-publish","hentry"],"jetpack_sharing_enabled":true,"_links":{"self":[{"href":"https:\/\/wp.pop-verlag.com\/index.php?rest_route=\/wp\/v2\/pages\/4831","targetHints":{"allow":["GET"]}}],"collection":[{"href":"https:\/\/wp.pop-verlag.com\/index.php?rest_route=\/wp\/v2\/pages"}],"about":[{"href":"https:\/\/wp.pop-verlag.com\/index.php?rest_route=\/wp\/v2\/types\/page"}],"author":[{"embeddable":true,"href":"https:\/\/wp.pop-verlag.com\/index.php?rest_route=\/wp\/v2\/users\/2"}],"replies":[{"embeddable":true,"href":"https:\/\/wp.pop-verlag.com\/index.php?rest_route=%2Fwp%2Fv2%2Fcomments&post=4831"}],"version-history":[{"count":3,"href":"https:\/\/wp.pop-verlag.com\/index.php?rest_route=\/wp\/v2\/pages\/4831\/revisions"}],"predecessor-version":[{"id":4835,"href":"https:\/\/wp.pop-verlag.com\/index.php?rest_route=\/wp\/v2\/pages\/4831\/revisions\/4835"}],"up":[{"embeddable":true,"href":"https:\/\/wp.pop-verlag.com\/index.php?rest_route=\/wp\/v2\/pages\/712"}],"wp:attachment":[{"href":"https:\/\/wp.pop-verlag.com\/index.php?rest_route=%2Fwp%2Fv2%2Fmedia&parent=4831"}],"curies":[{"name":"wp","href":"https:\/\/api.w.org\/{rel}","templated":true}]}}

<p><strong><img loading="lazy" decoding="async" class="alignleft wp-image-4832 size-medium" src="https://wp.pop-verlag.com/wp-content/uploads/2020/03/Carsten-Sternberg-256x300.jpg" alt="" width="256" height="300" srcset="https://wp.pop-verlag.com/wp-content/uploads/2020/03/Carsten-Sternberg-256x300.jpg 256w, https://wp.pop-verlag.com/wp-content/uploads/2020/03/Carsten-Sternberg-768x901.jpg 768w, https://wp.pop-verlag.com/wp-content/uploads/2020/03/Carsten-Sternberg-873x1024.jpg 873w" sizes="auto, (max-width: 256px) 100vw, 256px" /><a href="https://wp.pop-verlag.com/?page_id=4831">Carsten Sternberg</a></strong>, * 1942 in Hamburg, Kindheit und Schulzeit in Karlsruhe. Studium der Kunstgeschichte in Heidelberg, Hamburg und Karlsruhe, Promotion.<br />
Geschäftsführer des Mannheimer Kunstvereins, Leiter der Städtischen Galerie Wolfsburg, Kustos der Pfalzgalerie Kaiserslautern, Direktor des Städtischen Kramer-Museums Kempen, zugleich Leiter des Kultur-und Denkmalamtes der Stadt Kempen, Direktor des Städtischen Museums Schloss Rheydt und Leiter des Fachbereichs Museen der Stadt Mönchengladbach.<br />
Ab dem 6. Lebensjahr Mitarbeit in der väterlichen Dunkelkammer. Danach autodidaktische Weiterbildung, später Unterricht in Dunkelkammertechnik bei Andreas Weidner, Abstatt.<br />
Einzelausstellungen: Schwarzwald-Landschaften. Kirnbach-Museum, Niefern, 2007, Türkische Nachbarn. Foyerausstellung im Landtag NRW, Düsseldorf, 2008<br />
Frankfurter Rundgang. Schaufensterausstellung in der Leica-Galerie, Frankfurt, 2008<br />
Bali &#8211; beyond paradise. Goethe-Institut, Frankfurt, 2010</p>
<p>Lieferbare Titel von <a href="https://wp.pop-verlag.com/?page_id=4831"><strong>Carsten Sternberg</strong></a>:</p>
<p><strong>&#8211; Rainer Wedler: <a href="https://wp.pop-verlag.com/?p=4801">vor dem Fenster tanzt ein frecher Gedanke</a></strong>. Gedichte. Mit 22 Bildern von <strong>Carsten Sternberg</strong>. Reihe Lyrik Bd. 143.  145 Seiten, ISBN 978-3-86356-298-4. €[D]16,50</p>

<p>Carsten Sternberg, * 1942 in Hamburg, Kindheit und Schulzeit in Karlsruhe. Studium der Kunstgeschichte in Heidelberg, Hamburg und Karlsruhe, Promotion. Geschäftsführer des Mannheimer Kunstvereins, Leiter der Städtischen Galerie Wolfsburg, Kustos der Pfalzgalerie Kaiserslautern, Direktor des Städtischen Kramer-Museums Kempen, zugleich Leiter &hellip; <a class="more-link" href="https://wp.pop-verlag.com/?page_id=4831">Weiterlesen <span class="meta-nav">&rarr;</span></a></p>
