{"id":4793,"date":"2020-02-06T14:30:02","date_gmt":"2020-02-06T14:30:02","guid":{"rendered":"https:\/\/wp.pop-verlag.com\/?page_id=4793"},"modified":"2020-02-06T14:31:25","modified_gmt":"2020-02-06T14:31:25","slug":"ioan-bolovan","status":"publish","type":"page","link":"https:\/\/wp.pop-verlag.com\/?page_id=4793","title":{"rendered":"Ioan Bolovan"},"content":{"rendered":"<p><img loading=\"lazy\" decoding=\"async\" class=\"alignleft wp-image-4790 size-medium\" src=\"https:\/\/wp.pop-verlag.com\/wp-content\/uploads\/2020\/02\/ioan-bolovan-251x300.jpg\" alt=\"\" width=\"251\" height=\"300\" srcset=\"https:\/\/wp.pop-verlag.com\/wp-content\/uploads\/2020\/02\/ioan-bolovan-251x300.jpg 251w, https:\/\/wp.pop-verlag.com\/wp-content\/uploads\/2020\/02\/ioan-bolovan-768x917.jpg 768w, https:\/\/wp.pop-verlag.com\/wp-content\/uploads\/2020\/02\/ioan-bolovan-858x1024.jpg 858w, https:\/\/wp.pop-verlag.com\/wp-content\/uploads\/2020\/02\/ioan-bolovan.jpg 989w\" sizes=\"auto, (max-width: 251px) 100vw, 251px\" \/>\u00a0<a href=\"https:\/\/wp.pop-verlag.com\/?page_id=4793\"><strong>Ioan Bolovan<\/strong><\/a> ist Hochschullehrer, Doktorvater, seit 2012 Prorektor der \u201eBabe\u015f-B\u00f3lyai\u201c-Universit\u00e4t Klausenburg\/Cluj-Napoca sowie wissenschaftlicher Forscher I am Zentrum f\u00fcr Siebenb\u00fcrgische Studien der Rum\u00e4nischen Akademie. Seit 1999 Doktor der Geschichts-wissenschaft. Laureatus des \u201eMihail Kog\u0103lniceanu\u201c-Preises (2002) f\u00fcr Geschichtsforschung der Rum\u00e4nischen Akademie. Sein Fachgebiet ist die moderne Geschichte Rum\u00e4niens sowie historische Demographie. Seit 2015 ist er Pr\u00e4sident der International Commission for Historical Demography in Genf. Er ver\u00f6ffentlichte zahlreiche B\u00fccher, als Einzelautor oder als Mitglied von Autorenkollektiven, in Verlagen in Rum\u00e4nien, Frankreich, Deutschland, den Niederlanden, Russland, Tschechien, Argentinien, Italien usw., au\u00dferdem rund 150 Studien in Zeitschriften und Sammelb\u00e4nden im In- und Ausland. Seine Themen sind die Geschichte siebenb\u00fcrgischer Bev\u00f6lkerungsgruppen, die \u00f6sterreichische Milit\u00e4rgrenze, die Revolution von 1848\u201349, Ge-schichte diverser Kulturinstitutionen, der Erste Weltkrieg u.\u2009a.<\/p>\n<p><strong>Lieferbare Titel von \u00a0<a href=\"https:\/\/wp.pop-verlag.com\/?page_id=4793\">Ioan Bolovan<\/a>:<br \/>\n<\/strong><\/p>\n<p><strong><a href=\"https:\/\/wp.pop-verlag.com\/?page_id=4787\">Ioan\u2011Aurel Pop<\/a>, \u00a0<a href=\"https:\/\/wp.pop-verlag.com\/?page_id=4793\">Ioan Bolovan<\/a>: <a href=\"https:\/\/wp.pop-verlag.com\/?p=4778\">Geschichte Siebenb\u00fcrgens.\u00a0<\/a><\/strong>Reihe Historiae Bd.1. Kartoniert, mit Schutzumschlag (bedrukt), 333 Bilder, 521 Seiten, ISBN 978-3-86356-293-9, \u20ac[D]33,50<\/p>\n","protected":false},"excerpt":{"rendered":"<p>\u00a0Ioan Bolovan ist Hochschullehrer, Doktorvater, seit 2012 Prorektor der \u201eBabe\u015f-B\u00f3lyai\u201c-Universit\u00e4t Klausenburg\/Cluj-Napoca sowie wissenschaftlicher Forscher I am Zentrum f\u00fcr Siebenb\u00fcrgische Studien der Rum\u00e4nischen Akademie. Seit 1999 Doktor der Geschichts-wissenschaft. Laureatus des \u201eMihail Kog\u0103lniceanu\u201c-Preises (2002) f\u00fcr Geschichtsforschung der Rum\u00e4nischen Akademie. Sein Fachgebiet &hellip; <a class=\"more-link\" href=\"https:\/\/wp.pop-verlag.com\/?page_id=4793\">Weiterlesen <span class=\"meta-nav\">&rarr;<\/span><\/a><\/p>\n","protected":false},"author":2,"featured_media":0,"parent":660,"menu_order":10,"comment_status":"closed","ping_status":"closed","template":"","meta":{"footnotes":""},"class_list":["post-4793","page","type-page","status-publish","hentry"],"jetpack_sharing_enabled":true,"_links":{"self":[{"href":"https:\/\/wp.pop-verlag.com\/index.php?rest_route=\/wp\/v2\/pages\/4793","targetHints":{"allow":["GET"]}}],"collection":[{"href":"https:\/\/wp.pop-verlag.com\/index.php?rest_route=\/wp\/v2\/pages"}],"about":[{"href":"https:\/\/wp.pop-verlag.com\/index.php?rest_route=\/wp\/v2\/types\/page"}],"author":[{"embeddable":true,"href":"https:\/\/wp.pop-verlag.com\/index.php?rest_route=\/wp\/v2\/users\/2"}],"replies":[{"embeddable":true,"href":"https:\/\/wp.pop-verlag.com\/index.php?rest_route=%2Fwp%2Fv2%2Fcomments&post=4793"}],"version-history":[{"count":4,"href":"https:\/\/wp.pop-verlag.com\/index.php?rest_route=\/wp\/v2\/pages\/4793\/revisions"}],"predecessor-version":[{"id":4797,"href":"https:\/\/wp.pop-verlag.com\/index.php?rest_route=\/wp\/v2\/pages\/4793\/revisions\/4797"}],"up":[{"embeddable":true,"href":"https:\/\/wp.pop-verlag.com\/index.php?rest_route=\/wp\/v2\/pages\/660"}],"wp:attachment":[{"href":"https:\/\/wp.pop-verlag.com\/index.php?rest_route=%2Fwp%2Fv2%2Fmedia&parent=4793"}],"curies":[{"name":"wp","href":"https:\/\/api.w.org\/{rel}","templated":true}]}}

<p><img loading="lazy" decoding="async" class="alignleft wp-image-4790 size-medium" src="https://wp.pop-verlag.com/wp-content/uploads/2020/02/ioan-bolovan-251x300.jpg" alt="" width="251" height="300" srcset="https://wp.pop-verlag.com/wp-content/uploads/2020/02/ioan-bolovan-251x300.jpg 251w, https://wp.pop-verlag.com/wp-content/uploads/2020/02/ioan-bolovan-768x917.jpg 768w, https://wp.pop-verlag.com/wp-content/uploads/2020/02/ioan-bolovan-858x1024.jpg 858w, https://wp.pop-verlag.com/wp-content/uploads/2020/02/ioan-bolovan.jpg 989w" sizes="auto, (max-width: 251px) 100vw, 251px" /> <a href="https://wp.pop-verlag.com/?page_id=4793"><strong>Ioan Bolovan</strong></a> ist Hochschullehrer, Doktorvater, seit 2012 Prorektor der „Babeş-Bólyai“-Universität Klausenburg/Cluj-Napoca sowie wissenschaftlicher Forscher I am Zentrum für Siebenbürgische Studien der Rumänischen Akademie. Seit 1999 Doktor der Geschichts-wissenschaft. Laureatus des „Mihail Kogălniceanu“-Preises (2002) für Geschichtsforschung der Rumänischen Akademie. Sein Fachgebiet ist die moderne Geschichte Rumäniens sowie historische Demographie. Seit 2015 ist er Präsident der International Commission for Historical Demography in Genf. Er veröffentlichte zahlreiche Bücher, als Einzelautor oder als Mitglied von Autorenkollektiven, in Verlagen in Rumänien, Frankreich, Deutschland, den Niederlanden, Russland, Tschechien, Argentinien, Italien usw., außerdem rund 150 Studien in Zeitschriften und Sammelbänden im In- und Ausland. Seine Themen sind die Geschichte siebenbürgischer Bevölkerungsgruppen, die österreichische Militärgrenze, die Revolution von 1848–49, Ge-schichte diverser Kulturinstitutionen, der Erste Weltkrieg u. a.</p>
<p><strong>Lieferbare Titel von  <a href="https://wp.pop-verlag.com/?page_id=4793">Ioan Bolovan</a>:<br />
</strong></p>
<p><strong><a href="https://wp.pop-verlag.com/?page_id=4787">Ioan‑Aurel Pop</a>,  <a href="https://wp.pop-verlag.com/?page_id=4793">Ioan Bolovan</a>: <a href="https://wp.pop-verlag.com/?p=4778">Geschichte Siebenbürgens. </a></strong>Reihe Historiae Bd.1. Kartoniert, mit Schutzumschlag (bedrukt), 333 Bilder, 521 Seiten, ISBN 978-3-86356-293-9, €[D]33,50</p>

<p> Ioan Bolovan ist Hochschullehrer, Doktorvater, seit 2012 Prorektor der „Babeş-Bólyai“-Universität Klausenburg/Cluj-Napoca sowie wissenschaftlicher Forscher I am Zentrum für Siebenbürgische Studien der Rumänischen Akademie. Seit 1999 Doktor der Geschichts-wissenschaft. Laureatus des „Mihail Kogălniceanu“-Preises (2002) für Geschichtsforschung der Rumänischen Akademie. Sein Fachgebiet &hellip; <a class="more-link" href="https://wp.pop-verlag.com/?page_id=4793">Weiterlesen <span class="meta-nav">&rarr;</span></a></p>
