{"id":4613,"date":"2019-10-13T04:13:16","date_gmt":"2019-10-13T04:13:16","guid":{"rendered":"https:\/\/wp.pop-verlag.com\/?page_id=4613"},"modified":"2019-10-13T04:25:07","modified_gmt":"2019-10-13T04:25:07","slug":"widmar-puhl","status":"publish","type":"page","link":"https:\/\/wp.pop-verlag.com\/?page_id=4613","title":{"rendered":"Widmar Puhl"},"content":{"rendered":"<p><strong><img loading=\"lazy\" decoding=\"async\" class=\"alignleft wp-image-4614 size-medium\" src=\"https:\/\/wp.pop-verlag.com\/wp-content\/uploads\/2019\/10\/Widmar-Puhl-2014-205x300.jpg\" alt=\"\" width=\"205\" height=\"300\" srcset=\"https:\/\/wp.pop-verlag.com\/wp-content\/uploads\/2019\/10\/Widmar-Puhl-2014-205x300.jpg 205w, https:\/\/wp.pop-verlag.com\/wp-content\/uploads\/2019\/10\/Widmar-Puhl-2014-768x1121.jpg 768w, https:\/\/wp.pop-verlag.com\/wp-content\/uploads\/2019\/10\/Widmar-Puhl-2014-701x1024.jpg 701w, https:\/\/wp.pop-verlag.com\/wp-content\/uploads\/2019\/10\/Widmar-Puhl-2014.jpg 1165w\" sizes=\"auto, (max-width: 205px) 100vw, 205px\" \/><a href=\"https:\/\/wp.pop-verlag.com\/?page_id=4613\">Widmar Puhl<\/a><\/strong>, *1951 in Zell an der Mosel. Aufgewachsen ist er im Rheinland und in Salzburg. Nach dem Studium von Hispanistik und Germanistik, Philosophie und Geschichte in K\u00f6ln arbeitete er bis 2017 als Autor, Kritiker und Redakteur beim SWR. Seit 1978 lebt er im Raum Stuttgart. Er liebt Katzen, weil sie nie ganz z\u00e4hmbar sind, und Reisen, weil sie ihm helfen, die Heimat in der Fremde und das Fremde in der Heimat zu finden.<br \/>\nEr ver\u00f6ffentlichte neben zahllosen Texten in Zeitungen und Zeitschriften viele Sachb\u00fccher &#8211; medizinische, aber auch Biographien (\u201eManfred Rommel\u201c 1990, \u201eHermann Gundert\u201c 1993) und Essays (\u201eDichter f\u00fcr die Freiheit\u201c 1993, \u201eHandfeste Luftschl\u00f6sser \u2013 Vom praktischen Nutzen der Utopie\u201c 2004, \u201eDie Quellen des Zorns. Gefahr f\u00fcr Rechtsstaat und Demokratie\u201c, 2015). Einen besonderen Schwerpunkt seiner Arbeit bildete das Radio: H\u00f6rspiele, Autorenportr\u00e4ts, Reiseberichte, Reportagen aus der Wissenschaft, philosophische Betrachtungen und Features \u00fcber soziale Themen sowie das schwierige Verh\u00e4ltnis zwischen dem christlichen und dem islamischen Kulturkreis. Dazu kamen Dokumentarfilme wie \u201eDie T\u00e4nzer von El Hierro\u201c oder der \u201eWeltpark Antarktis\u201c und Kinder-Sachb\u00fccher (\u201eErdbeben und Vulkane\u201c, \u201eWie funktioniert das?\u201c).<br \/>\nDas Best\u00e4ndigste in seinem Leben aber ist, abseits des Broterwerbs, die Poesie. Seit \u00fcber 40 Jahren ver\u00f6ffentlichen Zeitungen, Zeitschriften Anthologien und H\u00f6rfunksendungen Gedichte von Widmar Puhl. 1978 erschien sein erster Gedichtband \u201eEiswein\u201c beim Verlag Jungen Pegasus in Osterode, 1996 folgte der Band \u201eWo der Regenbaum stand\u201c beim ALKYON Verlag (Weissach im Tal).<br \/>\nDer Autor \u00fcber sich selbst: \u201eMeine Katzen haben mich gelehrt, einem Zuviel an Sesshaftigkeit zu mi\u00dftrauen. Manchmal mu\u00df ich einfach raus, um die Welt besser zu verstehen. Manchmal werde ich auch vertrieben. Aber bis jetzt bin ich immer zur\u00fcckgekommen. Meine Frau, meine Katzen und meine Freunde wissen das.\u201c<\/p>\n<p><span class=\"readonlyText multiple\">Lieferbare Titel von <strong><a href=\"https:\/\/wp.pop-verlag.com\/?page_id=4613\">Widmar Puhl<\/a><\/strong><a href=\"https:\/\/wp.pop-verlag.com\/?page_id=4613\">:<\/a><br \/>\n<\/span><\/p>\n<p><span class=\"readonlyText multiple\"><strong><a href=\"https:\/\/wp.pop-verlag.com\/?p=4617\">&#8211; Suleikas rebellische Kinder \u2013 Gedichte.\u00a0<\/a>(200 Jahre West-\u00f6stlicher Divan). <\/strong>Lyrikreihe Bd. 133; ISBN 978-3-86356-275-5; 235 Seiten, \u20ac[D]16,50<\/span><\/p>\n","protected":false},"excerpt":{"rendered":"<p>Widmar Puhl, *1951 in Zell an der Mosel. Aufgewachsen ist er im Rheinland und in Salzburg. Nach dem Studium von Hispanistik und Germanistik, Philosophie und Geschichte in K\u00f6ln arbeitete er bis 2017 als Autor, Kritiker und Redakteur beim SWR. Seit &hellip; <a class=\"more-link\" href=\"https:\/\/wp.pop-verlag.com\/?page_id=4613\">Weiterlesen <span class=\"meta-nav\">&rarr;<\/span><\/a><\/p>\n","protected":false},"author":2,"featured_media":0,"parent":706,"menu_order":7,"comment_status":"closed","ping_status":"closed","template":"","meta":{"footnotes":""},"class_list":["post-4613","page","type-page","status-publish","hentry"],"jetpack_sharing_enabled":true,"_links":{"self":[{"href":"https:\/\/wp.pop-verlag.com\/index.php?rest_route=\/wp\/v2\/pages\/4613","targetHints":{"allow":["GET"]}}],"collection":[{"href":"https:\/\/wp.pop-verlag.com\/index.php?rest_route=\/wp\/v2\/pages"}],"about":[{"href":"https:\/\/wp.pop-verlag.com\/index.php?rest_route=\/wp\/v2\/types\/page"}],"author":[{"embeddable":true,"href":"https:\/\/wp.pop-verlag.com\/index.php?rest_route=\/wp\/v2\/users\/2"}],"replies":[{"embeddable":true,"href":"https:\/\/wp.pop-verlag.com\/index.php?rest_route=%2Fwp%2Fv2%2Fcomments&post=4613"}],"version-history":[{"count":3,"href":"https:\/\/wp.pop-verlag.com\/index.php?rest_route=\/wp\/v2\/pages\/4613\/revisions"}],"predecessor-version":[{"id":4623,"href":"https:\/\/wp.pop-verlag.com\/index.php?rest_route=\/wp\/v2\/pages\/4613\/revisions\/4623"}],"up":[{"embeddable":true,"href":"https:\/\/wp.pop-verlag.com\/index.php?rest_route=\/wp\/v2\/pages\/706"}],"wp:attachment":[{"href":"https:\/\/wp.pop-verlag.com\/index.php?rest_route=%2Fwp%2Fv2%2Fmedia&parent=4613"}],"curies":[{"name":"wp","href":"https:\/\/api.w.org\/{rel}","templated":true}]}}

<p><strong><img loading="lazy" decoding="async" class="alignleft wp-image-4614 size-medium" src="https://wp.pop-verlag.com/wp-content/uploads/2019/10/Widmar-Puhl-2014-205x300.jpg" alt="" width="205" height="300" srcset="https://wp.pop-verlag.com/wp-content/uploads/2019/10/Widmar-Puhl-2014-205x300.jpg 205w, https://wp.pop-verlag.com/wp-content/uploads/2019/10/Widmar-Puhl-2014-768x1121.jpg 768w, https://wp.pop-verlag.com/wp-content/uploads/2019/10/Widmar-Puhl-2014-701x1024.jpg 701w, https://wp.pop-verlag.com/wp-content/uploads/2019/10/Widmar-Puhl-2014.jpg 1165w" sizes="auto, (max-width: 205px) 100vw, 205px" /><a href="https://wp.pop-verlag.com/?page_id=4613">Widmar Puhl</a></strong>, *1951 in Zell an der Mosel. Aufgewachsen ist er im Rheinland und in Salzburg. Nach dem Studium von Hispanistik und Germanistik, Philosophie und Geschichte in Köln arbeitete er bis 2017 als Autor, Kritiker und Redakteur beim SWR. Seit 1978 lebt er im Raum Stuttgart. Er liebt Katzen, weil sie nie ganz zähmbar sind, und Reisen, weil sie ihm helfen, die Heimat in der Fremde und das Fremde in der Heimat zu finden.<br />
Er veröffentlichte neben zahllosen Texten in Zeitungen und Zeitschriften viele Sachbücher &#8211; medizinische, aber auch Biographien („Manfred Rommel“ 1990, „Hermann Gundert“ 1993) und Essays („Dichter für die Freiheit“ 1993, „Handfeste Luftschlösser – Vom praktischen Nutzen der Utopie“ 2004, „Die Quellen des Zorns. Gefahr für Rechtsstaat und Demokratie“, 2015). Einen besonderen Schwerpunkt seiner Arbeit bildete das Radio: Hörspiele, Autorenporträts, Reiseberichte, Reportagen aus der Wissenschaft, philosophische Betrachtungen und Features über soziale Themen sowie das schwierige Verhältnis zwischen dem christlichen und dem islamischen Kulturkreis. Dazu kamen Dokumentarfilme wie „Die Tänzer von El Hierro“ oder der „Weltpark Antarktis“ und Kinder-Sachbücher („Erdbeben und Vulkane“, „Wie funktioniert das?“).<br />
Das Beständigste in seinem Leben aber ist, abseits des Broterwerbs, die Poesie. Seit über 40 Jahren veröffentlichen Zeitungen, Zeitschriften Anthologien und Hörfunksendungen Gedichte von Widmar Puhl. 1978 erschien sein erster Gedichtband „Eiswein“ beim Verlag Jungen Pegasus in Osterode, 1996 folgte der Band „Wo der Regenbaum stand“ beim ALKYON Verlag (Weissach im Tal).<br />
Der Autor über sich selbst: „Meine Katzen haben mich gelehrt, einem Zuviel an Sesshaftigkeit zu mißtrauen. Manchmal muß ich einfach raus, um die Welt besser zu verstehen. Manchmal werde ich auch vertrieben. Aber bis jetzt bin ich immer zurückgekommen. Meine Frau, meine Katzen und meine Freunde wissen das.“</p>
<p><span class="readonlyText multiple">Lieferbare Titel von <strong><a href="https://wp.pop-verlag.com/?page_id=4613">Widmar Puhl</a></strong><a href="https://wp.pop-verlag.com/?page_id=4613">:</a><br />
</span></p>
<p><span class="readonlyText multiple"><strong><a href="https://wp.pop-verlag.com/?p=4617">&#8211; Suleikas rebellische Kinder – Gedichte. </a>(200 Jahre West-östlicher Divan). </strong>Lyrikreihe Bd. 133; ISBN 978-3-86356-275-5; 235 Seiten, €[D]16,50</span></p>

<p>Widmar Puhl, *1951 in Zell an der Mosel. Aufgewachsen ist er im Rheinland und in Salzburg. Nach dem Studium von Hispanistik und Germanistik, Philosophie und Geschichte in Köln arbeitete er bis 2017 als Autor, Kritiker und Redakteur beim SWR. Seit &hellip; <a class="more-link" href="https://wp.pop-verlag.com/?page_id=4613">Weiterlesen <span class="meta-nav">&rarr;</span></a></p>
