{"id":4577,"date":"2019-10-11T04:27:21","date_gmt":"2019-10-11T04:27:21","guid":{"rendered":"https:\/\/wp.pop-verlag.com\/?page_id=4577"},"modified":"2019-10-11T05:02:19","modified_gmt":"2019-10-11T05:02:19","slug":"richard-wayne","status":"publish","type":"page","link":"https:\/\/wp.pop-verlag.com\/?page_id=4577","title":{"rendered":"Richard Wayne"},"content":{"rendered":"<p><strong><img loading=\"lazy\" decoding=\"async\" class=\"alignleft wp-image-4581 size-medium\" src=\"https:\/\/wp.pop-verlag.com\/wp-content\/uploads\/2019\/10\/Richard-Wayne-300x300.jpg\" alt=\"\" width=\"300\" height=\"300\" srcset=\"https:\/\/wp.pop-verlag.com\/wp-content\/uploads\/2019\/10\/Richard-Wayne-300x300.jpg 300w, https:\/\/wp.pop-verlag.com\/wp-content\/uploads\/2019\/10\/Richard-Wayne-150x150.jpg 150w, https:\/\/wp.pop-verlag.com\/wp-content\/uploads\/2019\/10\/Richard-Wayne-768x768.jpg 768w, https:\/\/wp.pop-verlag.com\/wp-content\/uploads\/2019\/10\/Richard-Wayne-1024x1024.jpg 1024w, https:\/\/wp.pop-verlag.com\/wp-content\/uploads\/2019\/10\/Richard-Wayne.jpg 1364w\" sizes=\"auto, (max-width: 300px) 100vw, 300px\" \/> <a href=\"https:\/\/wp.pop-verlag.com\/?page_id=4577\">Richard Wayne<\/a><\/strong> ist ein deutsch-amerikanischer Fotograf mit gro\u00dfz\u00fcgigem Themenspektrum, das von Makro- und Portr\u00e4tstudien \u00fcber Kunstfotografie bis hin zu Kulturjournalismus reicht und sich auf Jazz-Fotografie konzentriert. Wayne hat seine Werke im In- und Ausland gezeigt, in Einzelausstellungen bei IGST in Heidelberg (2002), im SAS Institute Heidelberg (2003), der Galeria Helios und der Galeria Triade in Timisoara (2006\/2008) oder im Rahmen von Jazz-Festivals wie dem Garana Jazz Festival (2012 und 2019). Seit 2007 arbeitet er als Fotojournalist und hat mit seinen Arbeiten viele Rezensionen und Interviews begleitet, die auf Ezine No Strings Attached E-News, den Jazz-Portalen All About Jazz, Jazz Compas, jazz.ro und in Kulturzeitschriften ver\u00f6ffentlicht wurden. W\u00e4hrend sich die fr\u00fchen Fotografien auf Naturdetails und Landschaften konzentrierten, begann Wayne sp\u00e4ter, auf die innere Struktur des Bildes zuzugreifen, die weit \u00fcber das Sichtbare hinausgeht. Erweitert durch einen ausgepr\u00e4gten Sinn f\u00fcr Komposition, erfassen Waynes Bilder die schwer fassbaren Intimit\u00e4ten des Augenblicks und betonen Spannung und innere Poesie der t\u00e4glichen Geste. Jede Fotografie erz\u00e4hlt eine Geschichte.<\/p>\n<p>Lieferbare Titel von <strong><a href=\"https:\/\/wp.pop-verlag.com\/?page_id=4577\">Richard Wayne<\/a><\/strong>:<\/p>\n<ul>\n<li><strong><a href=\"https:\/\/wp.pop-verlag.com\/?page_id=2968\">Adriana Carcu<\/a><\/strong>, <strong><a href=\"https:\/\/wp.pop-verlag.com\/?page_id=4577\">Richard Wayne<\/a><\/strong>: <a href=\"https:\/\/wp.pop-verlag.com\/?p=4575\"><strong>Das Lied aus dem Norden. Nordischer Jazz in Wort und Bild.<\/strong> <\/a>\u00dcbersetzungen aus dem Rum\u00e4nischen von Sigrid Kuhn [Interviews, Festivalchroniken] und Renate Sandu [Jazzweise]. Die POP-Verlag-Fragmentariumreihe, Bd. 16; ISBN: 978-3-86356-289-2; 226 Seiten, \u20ac[D]19,90<\/li>\n<\/ul>\n","protected":false},"excerpt":{"rendered":"<p>Richard Wayne ist ein deutsch-amerikanischer Fotograf mit gro\u00dfz\u00fcgigem Themenspektrum, das von Makro- und Portr\u00e4tstudien \u00fcber Kunstfotografie bis hin zu Kulturjournalismus reicht und sich auf Jazz-Fotografie konzentriert. Wayne hat seine Werke im In- und Ausland gezeigt, in Einzelausstellungen bei IGST in &hellip; <a class=\"more-link\" href=\"https:\/\/wp.pop-verlag.com\/?page_id=4577\">Weiterlesen <span class=\"meta-nav\">&rarr;<\/span><\/a><\/p>\n","protected":false},"author":2,"featured_media":0,"parent":719,"menu_order":1,"comment_status":"closed","ping_status":"closed","template":"","meta":{"footnotes":""},"class_list":["post-4577","page","type-page","status-publish","hentry"],"jetpack_sharing_enabled":true,"_links":{"self":[{"href":"https:\/\/wp.pop-verlag.com\/index.php?rest_route=\/wp\/v2\/pages\/4577","targetHints":{"allow":["GET"]}}],"collection":[{"href":"https:\/\/wp.pop-verlag.com\/index.php?rest_route=\/wp\/v2\/pages"}],"about":[{"href":"https:\/\/wp.pop-verlag.com\/index.php?rest_route=\/wp\/v2\/types\/page"}],"author":[{"embeddable":true,"href":"https:\/\/wp.pop-verlag.com\/index.php?rest_route=\/wp\/v2\/users\/2"}],"replies":[{"embeddable":true,"href":"https:\/\/wp.pop-verlag.com\/index.php?rest_route=%2Fwp%2Fv2%2Fcomments&post=4577"}],"version-history":[{"count":6,"href":"https:\/\/wp.pop-verlag.com\/index.php?rest_route=\/wp\/v2\/pages\/4577\/revisions"}],"predecessor-version":[{"id":4594,"href":"https:\/\/wp.pop-verlag.com\/index.php?rest_route=\/wp\/v2\/pages\/4577\/revisions\/4594"}],"up":[{"embeddable":true,"href":"https:\/\/wp.pop-verlag.com\/index.php?rest_route=\/wp\/v2\/pages\/719"}],"wp:attachment":[{"href":"https:\/\/wp.pop-verlag.com\/index.php?rest_route=%2Fwp%2Fv2%2Fmedia&parent=4577"}],"curies":[{"name":"wp","href":"https:\/\/api.w.org\/{rel}","templated":true}]}}

<p><strong><img loading="lazy" decoding="async" class="alignleft wp-image-4581 size-medium" src="https://wp.pop-verlag.com/wp-content/uploads/2019/10/Richard-Wayne-300x300.jpg" alt="" width="300" height="300" srcset="https://wp.pop-verlag.com/wp-content/uploads/2019/10/Richard-Wayne-300x300.jpg 300w, https://wp.pop-verlag.com/wp-content/uploads/2019/10/Richard-Wayne-150x150.jpg 150w, https://wp.pop-verlag.com/wp-content/uploads/2019/10/Richard-Wayne-768x768.jpg 768w, https://wp.pop-verlag.com/wp-content/uploads/2019/10/Richard-Wayne-1024x1024.jpg 1024w, https://wp.pop-verlag.com/wp-content/uploads/2019/10/Richard-Wayne.jpg 1364w" sizes="auto, (max-width: 300px) 100vw, 300px" /> <a href="https://wp.pop-verlag.com/?page_id=4577">Richard Wayne</a></strong> ist ein deutsch-amerikanischer Fotograf mit großzügigem Themenspektrum, das von Makro- und Porträtstudien über Kunstfotografie bis hin zu Kulturjournalismus reicht und sich auf Jazz-Fotografie konzentriert. Wayne hat seine Werke im In- und Ausland gezeigt, in Einzelausstellungen bei IGST in Heidelberg (2002), im SAS Institute Heidelberg (2003), der Galeria Helios und der Galeria Triade in Timisoara (2006/2008) oder im Rahmen von Jazz-Festivals wie dem Garana Jazz Festival (2012 und 2019). Seit 2007 arbeitet er als Fotojournalist und hat mit seinen Arbeiten viele Rezensionen und Interviews begleitet, die auf Ezine No Strings Attached E-News, den Jazz-Portalen All About Jazz, Jazz Compas, jazz.ro und in Kulturzeitschriften veröffentlicht wurden. Während sich die frühen Fotografien auf Naturdetails und Landschaften konzentrierten, begann Wayne später, auf die innere Struktur des Bildes zuzugreifen, die weit über das Sichtbare hinausgeht. Erweitert durch einen ausgeprägten Sinn für Komposition, erfassen Waynes Bilder die schwer fassbaren Intimitäten des Augenblicks und betonen Spannung und innere Poesie der täglichen Geste. Jede Fotografie erzählt eine Geschichte.</p>
<p>Lieferbare Titel von <strong><a href="https://wp.pop-verlag.com/?page_id=4577">Richard Wayne</a></strong>:</p>
<ul>
<li><strong><a href="https://wp.pop-verlag.com/?page_id=2968">Adriana Carcu</a></strong>, <strong><a href="https://wp.pop-verlag.com/?page_id=4577">Richard Wayne</a></strong>: <a href="https://wp.pop-verlag.com/?p=4575"><strong>Das Lied aus dem Norden. Nordischer Jazz in Wort und Bild.</strong> </a>Übersetzungen aus dem Rumänischen von Sigrid Kuhn [Interviews, Festivalchroniken] und Renate Sandu [Jazzweise]. Die POP-Verlag-Fragmentariumreihe, Bd. 16; ISBN: 978-3-86356-289-2; 226 Seiten, €[D]19,90</li>
</ul>

<p>Richard Wayne ist ein deutsch-amerikanischer Fotograf mit großzügigem Themenspektrum, das von Makro- und Porträtstudien über Kunstfotografie bis hin zu Kulturjournalismus reicht und sich auf Jazz-Fotografie konzentriert. Wayne hat seine Werke im In- und Ausland gezeigt, in Einzelausstellungen bei IGST in &hellip; <a class="more-link" href="https://wp.pop-verlag.com/?page_id=4577">Weiterlesen <span class="meta-nav">&rarr;</span></a></p>
