{"id":4554,"date":"2019-10-11T03:13:41","date_gmt":"2019-10-11T03:13:41","guid":{"rendered":"https:\/\/wp.pop-verlag.com\/?page_id=4554"},"modified":"2019-10-11T03:27:29","modified_gmt":"2019-10-11T03:27:29","slug":"juergen-jankofsky","status":"publish","type":"page","link":"https:\/\/wp.pop-verlag.com\/?page_id=4554","title":{"rendered":"J\u00fcrgen Jankofsky"},"content":{"rendered":"<p><a href=\"https:\/\/wp.pop-verlag.com\/?page_id=4554\"><strong>J\u00fcrgen Jankofsky<\/strong><\/a> wurde\u00a0am 19. Juni 1953 in Merseburg (Saale) geboren, besuchte dort die Volksschule, legte das Abitur ab und studierte Chemie. Dann absolvierte er am Konservatorium Halle\/Saale jedoch eine Ausbildung zum Berufsmusiker und war Bassist in verschiedenen ostdeutschen (Rock)Bands. Er studierte (fern) am Literaturinstitut Leipzig, arbeitete im Literaturzentrum Halle (Saale) mit und war zeitweise freischaffend. Von 1990-93 wirkte er als Stadtschreiber in Merseburg, von 1994-99\u00a0im halleschen K\u00fcnstlerhaus 188. Er leitete\u00a0Projekte u.a. f\u00fcr die Robert Bosch Stiftung Stuttgart und arbeitete von 2000 &#8211; 2018 als Gesch\u00e4ftsf\u00fchrer des Friedrich-B\u00f6decker-Kreises Sachsen-Anhalt, gab auch die Literaturzeitschrift \u201eoda &#8211; Ort der Augen\u201c heraus. Er ist Mitglied der Europ\u00e4ischen Autorenvereinigung KOGGE und des P.E.N. sowie Ehrenmitglied des armenischen Schriftstellerverbandes (WUA). Kuratoriumsvorsitzer der Siegfried-Berger-Stiftung und Nachlassverwalter f\u00fcr das Werk Walter Bauers. Von 2006- 2018 fungierte er als stellvertretender Bundesvorsitzender der Friedrich-B\u00f6decker-Kreise, 2017-18 als Schatzmeister des deutschen P.E.N. Er ver\u00f6ffentlichte bislang mehr als 50 B\u00fccher und gab mehr als 120 heraus.<\/p>\n<p><span class=\"readonlyText multiple\"><strong>Lieferbare Titel<\/strong> von <a href=\"https:\/\/wp.pop-verlag.com\/?page_id=4554\"><strong>J\u00fcrgen Jankofsky<\/strong><\/a>:<br \/>\n<\/span><\/p>\n<ul>\n<li><a href=\"https:\/\/wp.pop-verlag.com\/?page_id=3490\"><strong>Hadaa Sendoo<\/strong><\/a>: <a href=\"https:\/\/wp.pop-verlag.com\/?p=4550\"><strong>Mongolischer blauer Fleck. <\/strong><\/a>Gedichte und Bilder.Aus englischen Fassungen ins Deutsche \u00fcbertragen und mit einem Nachwort versehen von <a href=\"https:\/\/wp.pop-verlag.com\/?page_id=4554\">J\u00fcrgen Jankofsky<\/a>. Lyrikreihe Bd. 141; ISBN 978-3-86356-286-1; 90 Seiten, \u20ac[D]18,50<\/li>\n<\/ul>\n<p>&nbsp;<\/p>\n","protected":false},"excerpt":{"rendered":"<p>J\u00fcrgen Jankofsky wurde\u00a0am 19. Juni 1953 in Merseburg (Saale) geboren, besuchte dort die Volksschule, legte das Abitur ab und studierte Chemie. Dann absolvierte er am Konservatorium Halle\/Saale jedoch eine Ausbildung zum Berufsmusiker und war Bassist in verschiedenen ostdeutschen (Rock)Bands. Er &hellip; <a class=\"more-link\" href=\"https:\/\/wp.pop-verlag.com\/?page_id=4554\">Weiterlesen <span class=\"meta-nav\">&rarr;<\/span><\/a><\/p>\n","protected":false},"author":2,"featured_media":0,"parent":693,"menu_order":3,"comment_status":"closed","ping_status":"closed","template":"","meta":{"footnotes":""},"class_list":["post-4554","page","type-page","status-publish","hentry"],"jetpack_sharing_enabled":true,"_links":{"self":[{"href":"https:\/\/wp.pop-verlag.com\/index.php?rest_route=\/wp\/v2\/pages\/4554","targetHints":{"allow":["GET"]}}],"collection":[{"href":"https:\/\/wp.pop-verlag.com\/index.php?rest_route=\/wp\/v2\/pages"}],"about":[{"href":"https:\/\/wp.pop-verlag.com\/index.php?rest_route=\/wp\/v2\/types\/page"}],"author":[{"embeddable":true,"href":"https:\/\/wp.pop-verlag.com\/index.php?rest_route=\/wp\/v2\/users\/2"}],"replies":[{"embeddable":true,"href":"https:\/\/wp.pop-verlag.com\/index.php?rest_route=%2Fwp%2Fv2%2Fcomments&post=4554"}],"version-history":[{"count":5,"href":"https:\/\/wp.pop-verlag.com\/index.php?rest_route=\/wp\/v2\/pages\/4554\/revisions"}],"predecessor-version":[{"id":4562,"href":"https:\/\/wp.pop-verlag.com\/index.php?rest_route=\/wp\/v2\/pages\/4554\/revisions\/4562"}],"up":[{"embeddable":true,"href":"https:\/\/wp.pop-verlag.com\/index.php?rest_route=\/wp\/v2\/pages\/693"}],"wp:attachment":[{"href":"https:\/\/wp.pop-verlag.com\/index.php?rest_route=%2Fwp%2Fv2%2Fmedia&parent=4554"}],"curies":[{"name":"wp","href":"https:\/\/api.w.org\/{rel}","templated":true}]}}