{"id":4353,"date":"2019-06-17T06:27:52","date_gmt":"2019-06-17T06:27:52","guid":{"rendered":"https:\/\/wp.pop-verlag.com\/?page_id=4353"},"modified":"2019-06-17T07:00:39","modified_gmt":"2019-06-17T07:00:39","slug":"lucian-dan-teodorovici","status":"publish","type":"page","link":"https:\/\/wp.pop-verlag.com\/?page_id=4353","title":{"rendered":"Lucian Dan Teodorovici"},"content":{"rendered":"<p><span style=\"font-size: medium;\"><img loading=\"lazy\" decoding=\"async\" class=\"alignleft wp-image-4354 size-medium\" src=\"https:\/\/wp.pop-verlag.com\/wp-content\/uploads\/2019\/06\/Lucian_Dan_Teodorovici_1_2017-188x300.jpg\" alt=\"\" width=\"188\" height=\"300\" srcset=\"https:\/\/wp.pop-verlag.com\/wp-content\/uploads\/2019\/06\/Lucian_Dan_Teodorovici_1_2017-188x300.jpg 188w, https:\/\/wp.pop-verlag.com\/wp-content\/uploads\/2019\/06\/Lucian_Dan_Teodorovici_1_2017-768x1227.jpg 768w, https:\/\/wp.pop-verlag.com\/wp-content\/uploads\/2019\/06\/Lucian_Dan_Teodorovici_1_2017-641x1024.jpg 641w, https:\/\/wp.pop-verlag.com\/wp-content\/uploads\/2019\/06\/Lucian_Dan_Teodorovici_1_2017.jpg 1772w\" sizes=\"auto, (max-width: 188px) 100vw, 188px\" \/><a href=\"https:\/\/wp.pop-verlag.com\/?page_id=4353\"><strong>Lucian Dan Teodorovici<\/strong><\/a> wurde am 17. Juni 1975 in R\u0103d\u0103u\u0163i\/Radautz im rum\u00e4nischen Teil der Bukowina geboren. Von 2000 bis 2003 geh\u00f6rte er der Redaktionsleitung der Jassyer Kulturzeitschrift \u201eTimpul\u201c an, von 2001 bis 2003 war er Kolumnist der Tageszeitungen \u201eObiectiv\u201c und \u201eMonitorul de Ia\u015fi\u201c, von 2003 bis 2006 leitete er den Verlag Polirom in Ia\u015fi\/Jassy, zog sich dann aber zur\u00fcck, um mehr Zeit f\u00fcrs Schreiben zu haben. In den Jahren 2005 bis 2008 verfasste er mehrere Drehb\u00fccher f\u00fcr Film und Fernsehen und produzierte eine eigene Radiosendung. Gegenw\u00e4rtig betreut er beim Polirom Verlag die Reihe \u201eEgo. Proz\u0103\u201c, die landesweit f\u00fcr Furore gesorgt hat, und ist Herausgeber sowie Kolumnist der Wochenzeitung \u201eSuplimentul de cultur\u0103\u201c. Seine Prosatexte und Essays sind in zahlreichen Kulturzeitschriften erschienen, u.a. \u201eArtPanorama\u201c, \u201eDiscobolul\u201c, \u201eHyperion\u201c, \u201eAntiteze\u201c, \u201eOrizont\u201c, \u201eContemporanul\u201c, \u201eObservator cultural\u201c, \u201eCultura\u201c und in der \u00f6sterreichischen \u201eWienzeile\u201c. Buchpublikationen: \u201eCu pu\u0163in timp \u00eenaintea cobor\u00eerii extratere\u015ftrilor printre noi\u201c (\u201eW\u00e4nde aus Pappe\u201c, Roman, 1999, 2., \u00fcberarbeitete Auflage 2005), \u201eLumea v\u0103zut\u0103 printr-o gaur\u0103 de m\u0103rimea unei \u0163ig\u0103ri marijuana\u201c (\u201eDie Welt, durch ein Loch von der Gr\u00f6\u00dfe einer Marijuana-Zigarette betrachtet\u201c, Kurzprosa, 2000), \u201eCircul nostru v\u0103 prezint\u0103\u201c (\u201eUnser Zirkus pr\u00e4sentiert\u201c, Roman, 2002, 2., durchgesehene Auflage 2007), \u201eCelelalte pove\u015fti de dragoste\u201c (\u201eDie anderen Liebesgeschichten\u201c, Roman, 2009). Internet-Ver\u00f6ffentlichungen: \u201e96-00. Povestiri\u201c (\u201e96-00. Erz\u00e4hlungen\u201c, Kurzprosa, LiterNet 2002), \u201eAudien\u0163a 0\u201c (\u201eAudienz 0\u201c, Theaterst\u00fcck, LiterNet, 2003). In Frankreich ist 2007 der Prosaband \u201ePas question de Dracula\u201c (gemeinsam mit Florin L\u0103z\u0103rescu und Dan Lungu) erschienen, in den USA und Ungarn wird gerade der Roman \u201eUnser Zirkus pr\u00e4sentiert\u201c \u00fcbersetzt. Au\u00dferdem sind seine Texte in zahlreichen Anthologien vertreten, u.a. \u201eDes soleils diff\u00e9rents\u201c (2009)<i>.<\/i><\/span><\/p>\n<p>Lieferbare Titel von <a href=\"https:\/\/wp.pop-verlag.com\/?page_id=4353\"><strong>Lucian Dan Teodorovici<\/strong><\/a>:<\/p>\n<ul>\n<li>&#8222;<a href=\"https:\/\/wp.pop-verlag.com\/?p=300\"><strong>Dann ist mir die Hand ausgerutscht<\/strong><\/a>&#8222;. Aus dem Rum\u00e4nischen \u00fcbertragen von Edith Konradt. Die POP-Verlag-Epikreihe Bd. 17.\u00a0206 Seiten, ISBN 978-3-937139-80-7, \u20ac[D] 15,00<\/li>\n<\/ul>\n<p>&nbsp;<\/p>\n","protected":false},"excerpt":{"rendered":"<p>Lucian Dan Teodorovici wurde am 17. Juni 1975 in R\u0103d\u0103u\u0163i\/Radautz im rum\u00e4nischen Teil der Bukowina geboren. Von 2000 bis 2003 geh\u00f6rte er der Redaktionsleitung der Jassyer Kulturzeitschrift \u201eTimpul\u201c an, von 2001 bis 2003 war er Kolumnist der Tageszeitungen \u201eObiectiv\u201c und &hellip; <a class=\"more-link\" href=\"https:\/\/wp.pop-verlag.com\/?page_id=4353\">Weiterlesen <span class=\"meta-nav\">&rarr;<\/span><\/a><\/p>\n","protected":false},"author":2,"featured_media":0,"parent":679,"menu_order":2,"comment_status":"closed","ping_status":"closed","template":"","meta":{"footnotes":""},"class_list":["post-4353","page","type-page","status-publish","hentry"],"jetpack_sharing_enabled":true,"_links":{"self":[{"href":"https:\/\/wp.pop-verlag.com\/index.php?rest_route=\/wp\/v2\/pages\/4353","targetHints":{"allow":["GET"]}}],"collection":[{"href":"https:\/\/wp.pop-verlag.com\/index.php?rest_route=\/wp\/v2\/pages"}],"about":[{"href":"https:\/\/wp.pop-verlag.com\/index.php?rest_route=\/wp\/v2\/types\/page"}],"author":[{"embeddable":true,"href":"https:\/\/wp.pop-verlag.com\/index.php?rest_route=\/wp\/v2\/users\/2"}],"replies":[{"embeddable":true,"href":"https:\/\/wp.pop-verlag.com\/index.php?rest_route=%2Fwp%2Fv2%2Fcomments&post=4353"}],"version-history":[{"count":4,"href":"https:\/\/wp.pop-verlag.com\/index.php?rest_route=\/wp\/v2\/pages\/4353\/revisions"}],"predecessor-version":[{"id":4361,"href":"https:\/\/wp.pop-verlag.com\/index.php?rest_route=\/wp\/v2\/pages\/4353\/revisions\/4361"}],"up":[{"embeddable":true,"href":"https:\/\/wp.pop-verlag.com\/index.php?rest_route=\/wp\/v2\/pages\/679"}],"wp:attachment":[{"href":"https:\/\/wp.pop-verlag.com\/index.php?rest_route=%2Fwp%2Fv2%2Fmedia&parent=4353"}],"curies":[{"name":"wp","href":"https:\/\/api.w.org\/{rel}","templated":true}]}}

<p><span style="font-size: medium;"><img loading="lazy" decoding="async" class="alignleft wp-image-4354 size-medium" src="https://wp.pop-verlag.com/wp-content/uploads/2019/06/Lucian_Dan_Teodorovici_1_2017-188x300.jpg" alt="" width="188" height="300" srcset="https://wp.pop-verlag.com/wp-content/uploads/2019/06/Lucian_Dan_Teodorovici_1_2017-188x300.jpg 188w, https://wp.pop-verlag.com/wp-content/uploads/2019/06/Lucian_Dan_Teodorovici_1_2017-768x1227.jpg 768w, https://wp.pop-verlag.com/wp-content/uploads/2019/06/Lucian_Dan_Teodorovici_1_2017-641x1024.jpg 641w, https://wp.pop-verlag.com/wp-content/uploads/2019/06/Lucian_Dan_Teodorovici_1_2017.jpg 1772w" sizes="auto, (max-width: 188px) 100vw, 188px" /><a href="https://wp.pop-verlag.com/?page_id=4353"><strong>Lucian Dan Teodorovici</strong></a> wurde am 17. Juni 1975 in Rădăuţi/Radautz im rumänischen Teil der Bukowina geboren. Von 2000 bis 2003 gehörte er der Redaktionsleitung der Jassyer Kulturzeitschrift „Timpul“ an, von 2001 bis 2003 war er Kolumnist der Tageszeitungen „Obiectiv“ und „Monitorul de Iaşi“, von 2003 bis 2006 leitete er den Verlag Polirom in Iaşi/Jassy, zog sich dann aber zurück, um mehr Zeit fürs Schreiben zu haben. In den Jahren 2005 bis 2008 verfasste er mehrere Drehbücher für Film und Fernsehen und produzierte eine eigene Radiosendung. Gegenwärtig betreut er beim Polirom Verlag die Reihe „Ego. Proză“, die landesweit für Furore gesorgt hat, und ist Herausgeber sowie Kolumnist der Wochenzeitung „Suplimentul de cultură“. Seine Prosatexte und Essays sind in zahlreichen Kulturzeitschriften erschienen, u.a. „ArtPanorama“, „Discobolul“, „Hyperion“, „Antiteze“, „Orizont“, „Contemporanul“, „Observator cultural“, „Cultura“ und in der österreichischen „Wienzeile“. Buchpublikationen: „Cu puţin timp înaintea coborîrii extratereştrilor printre noi“ („Wände aus Pappe“, Roman, 1999, 2., überarbeitete Auflage 2005), „Lumea văzută printr-o gaură de mărimea unei ţigări marijuana“ („Die Welt, durch ein Loch von der Größe einer Marijuana-Zigarette betrachtet“, Kurzprosa, 2000), „Circul nostru vă prezintă“ („Unser Zirkus präsentiert“, Roman, 2002, 2., durchgesehene Auflage 2007), „Celelalte poveşti de dragoste“ („Die anderen Liebesgeschichten“, Roman, 2009). Internet-Veröffentlichungen: „96-00. Povestiri“ („96-00. Erzählungen“, Kurzprosa, LiterNet 2002), „Audienţa 0“ („Audienz 0“, Theaterstück, LiterNet, 2003). In Frankreich ist 2007 der Prosaband „Pas question de Dracula“ (gemeinsam mit Florin Lăzărescu und Dan Lungu) erschienen, in den USA und Ungarn wird gerade der Roman „Unser Zirkus präsentiert“ übersetzt. Außerdem sind seine Texte in zahlreichen Anthologien vertreten, u.a. „Des soleils différents“ (2009)<i>.</i></span></p>
<p>Lieferbare Titel von <a href="https://wp.pop-verlag.com/?page_id=4353"><strong>Lucian Dan Teodorovici</strong></a>:</p>
<ul>
<li>&#8222;<a href="https://wp.pop-verlag.com/?p=300"><strong>Dann ist mir die Hand ausgerutscht</strong></a>&#8222;. Aus dem Rumänischen übertragen von Edith Konradt. Die POP-Verlag-Epikreihe Bd. 17. 206 Seiten, ISBN 978-3-937139-80-7, €[D] 15,00</li>
</ul>
<p>&nbsp;</p>

<p>Lucian Dan Teodorovici wurde am 17. Juni 1975 in Rădăuţi/Radautz im rumänischen Teil der Bukowina geboren. Von 2000 bis 2003 gehörte er der Redaktionsleitung der Jassyer Kulturzeitschrift „Timpul“ an, von 2001 bis 2003 war er Kolumnist der Tageszeitungen „Obiectiv“ und &hellip; <a class="more-link" href="https://wp.pop-verlag.com/?page_id=4353">Weiterlesen <span class="meta-nav">&rarr;</span></a></p>
