{"id":43,"date":"2015-04-27T08:51:13","date_gmt":"2015-04-27T08:51:13","guid":{"rendered":"http:\/\/wp.pop-verlag.com\/?page_id=43"},"modified":"2016-04-27T05:58:16","modified_gmt":"2016-04-27T05:58:16","slug":"rezensionen","status":"publish","type":"page","link":"https:\/\/wp.pop-verlag.com\/?page_id=43","title":{"rendered":"Rezensionen"},"content":{"rendered":"<p>Rezensionen zu den im Pop Verlag erschienenen B\u00fcchern sind als Beitr\u00e4ge in den jeweiligen Kategorien zu finden.<\/p>\n<p>W\u00e4hlen Sie aus der Liste der Kategorien <a href=\"http:\/\/wp.pop-verlag.com\/?cat=2\">&#8222;<strong>Rezensionen<\/strong>&#8222;<\/a>, werden alle Rezensionen aufgelistet. Bei <a href=\"http:\/\/wp.pop-verlag.com\/?cat=12\">&#8222;<strong>Rezensionen Lyrik<\/strong>&#8222;<\/a> bzw. <a href=\"http:\/\/wp.pop-verlag.com\/?cat=13\">&#8222;<strong>Rezensionen Epik<\/strong>&#8222;<\/a> erhalten Sie eine entsprechende Einschr\u00e4nkung der Auswahl.<\/p>\n<p>Rezensionen sind auch fester Bestandteil der beiden im Pop Verlag herausgegebenen Literaturzeitschriften <a href=\"http:\/\/www.edition-matrix.com\" target=\"_blank\">Matrix <\/a>und <a href=\"https:\/\/www.bawuelon.com\" target=\"_blank\">Baw\u00fclon<\/a>.<\/p>\n","protected":false},"excerpt":{"rendered":"<p>Rezensionen zu den im Pop Verlag erschienenen B\u00fcchern sind als Beitr\u00e4ge in den jeweiligen Kategorien zu finden. W\u00e4hlen Sie aus der Liste der Kategorien &#8222;Rezensionen&#8222;, werden alle Rezensionen aufgelistet. Bei &#8222;Rezensionen Lyrik&#8222; bzw. &#8222;Rezensionen Epik&#8222; erhalten Sie eine entsprechende Einschr\u00e4nkung &hellip; <a class=\"more-link\" href=\"https:\/\/wp.pop-verlag.com\/?page_id=43\">Weiterlesen <span class=\"meta-nav\">&rarr;<\/span><\/a><\/p>\n","protected":false},"author":1,"featured_media":0,"parent":0,"menu_order":4,"comment_status":"closed","ping_status":"closed","template":"","meta":{"footnotes":""},"class_list":["post-43","page","type-page","status-publish","hentry"],"jetpack_sharing_enabled":true,"_links":{"self":[{"href":"https:\/\/wp.pop-verlag.com\/index.php?rest_route=\/wp\/v2\/pages\/43","targetHints":{"allow":["GET"]}}],"collection":[{"href":"https:\/\/wp.pop-verlag.com\/index.php?rest_route=\/wp\/v2\/pages"}],"about":[{"href":"https:\/\/wp.pop-verlag.com\/index.php?rest_route=\/wp\/v2\/types\/page"}],"author":[{"embeddable":true,"href":"https:\/\/wp.pop-verlag.com\/index.php?rest_route=\/wp\/v2\/users\/1"}],"replies":[{"embeddable":true,"href":"https:\/\/wp.pop-verlag.com\/index.php?rest_route=%2Fwp%2Fv2%2Fcomments&post=43"}],"version-history":[{"count":11,"href":"https:\/\/wp.pop-verlag.com\/index.php?rest_route=\/wp\/v2\/pages\/43\/revisions"}],"predecessor-version":[{"id":6474,"href":"https:\/\/wp.pop-verlag.com\/index.php?rest_route=\/wp\/v2\/pages\/43\/revisions\/6474"}],"wp:attachment":[{"href":"https:\/\/wp.pop-verlag.com\/index.php?rest_route=%2Fwp%2Fv2%2Fmedia&parent=43"}],"curies":[{"name":"wp","href":"https:\/\/api.w.org\/{rel}","templated":true}]}}