{"id":4121,"date":"2019-03-17T14:34:48","date_gmt":"2019-03-17T14:34:48","guid":{"rendered":"https:\/\/wp.pop-verlag.com\/?page_id=4121"},"modified":"2019-03-17T14:44:02","modified_gmt":"2019-03-17T14:44:02","slug":"mico-cvijetic","status":"publish","type":"page","link":"https:\/\/wp.pop-verlag.com\/?page_id=4121","title":{"rendered":"Mi\u0107o Cvijeti\u0107"},"content":{"rendered":"<p><img loading=\"lazy\" decoding=\"async\" class=\"alignleft wp-image-4101 size-medium\" src=\"https:\/\/wp.pop-verlag.com\/wp-content\/uploads\/2019\/03\/Mico-Cvetic-188x300.jpg\" alt=\"\" width=\"188\" height=\"300\" srcset=\"https:\/\/wp.pop-verlag.com\/wp-content\/uploads\/2019\/03\/Mico-Cvetic-188x300.jpg 188w, https:\/\/wp.pop-verlag.com\/wp-content\/uploads\/2019\/03\/Mico-Cvetic-768x1225.jpg 768w, https:\/\/wp.pop-verlag.com\/wp-content\/uploads\/2019\/03\/Mico-Cvetic-642x1024.jpg 642w, https:\/\/wp.pop-verlag.com\/wp-content\/uploads\/2019\/03\/Mico-Cvetic.jpg 1181w\" sizes=\"auto, (max-width: 188px) 100vw, 188px\" \/><a href=\"https:\/\/wp.pop-verlag.com\/?page_id=4121\"><strong>Mi\u0107o Cvijeti\u0107<\/strong><\/a>, *1946 in Ku\u0161lat bei Fo\u010da, in der heutigen Republika Srpska (Bosnien-Herzegowina). Er studierte jugoslawische Literaturgeschichte und Serbokroatisch an der Philosophischen Fakult\u00e4t der Universit\u00e4t Sarajevo, wo er auch das Magister-Studium abschloss. 1978-1982 war er Gastlektor f\u00fcr Serbisch und Kroatisch an der Universit\u00e4t Leipzig. Seine Doktorarbeit \u00fcber die literarischen Beziehungen zwischen den Lausitzer Sorben und den S\u00fcdslawen (von den Anf\u00e4ngen bis 1918) verteidigte er 1989 an der Universit\u00e4t Belgrad (publiziert in Novi Sad 1995). Er war danach als Dozent sowie als Journalist und Kulturredakteur bei Radio Sarajevo t\u00e4tig. Seit Ausbruch des Krieges in Bosnien 1992 lebt der Serbe in Belgrad. Er arbeitete bei Radio Beograd und bei der Tageszeitung \u201eBorba\u201c (Kampf), wo er \u2013 1995-2005 \u2013 f\u00fcr die Literaturbeilage \u201eSvet knjige\u201c (Welt der B\u00fccher) verantwortlich war. Seitdem ist er Chefredakteur des Periodikums \u201eKnji\u017eevne novine\u201c (Literarische Zeitung), das der Schriftstellerverband Serbiens herausgibt. Neben der Mitgliedschaft in diesem Verband geh\u00f6rt er der Vereinigung serbischer Journalisten und der Matica srpska sowie der Slawischen literarischen und k\u00fcnstlerischen Akademie in Varna (Bulgarien) an.<\/p>\n<p>Lieferbare Titel von <a href=\"https:\/\/wp.pop-verlag.com\/?page_id=4121\"><strong>Mi\u0107o Cvijeti\u0107<\/strong><\/a>:<\/p>\n<p><strong>&#8211; Donjebjessp\u011b\u0107e \/ Himmelfahrt.<\/strong> Basnje \/ serbsce-n\u011bmsce. Gedichte \/ sorbisch-deutsch. Lyrikreihe Bd. 126; ISBN 978-3-86356-260-1; 96 Seiten, \u20ac[D]14,50<\/p>\n<p>&nbsp;<\/p>\n","protected":false},"excerpt":{"rendered":"<p>Mi\u0107o Cvijeti\u0107, *1946 in Ku\u0161lat bei Fo\u010da, in der heutigen Republika Srpska (Bosnien-Herzegowina). Er studierte jugoslawische Literaturgeschichte und Serbokroatisch an der Philosophischen Fakult\u00e4t der Universit\u00e4t Sarajevo, wo er auch das Magister-Studium abschloss. 1978-1982 war er Gastlektor f\u00fcr Serbisch und Kroatisch &hellip; <a class=\"more-link\" href=\"https:\/\/wp.pop-verlag.com\/?page_id=4121\">Weiterlesen <span class=\"meta-nav\">&rarr;<\/span><\/a><\/p>\n","protected":false},"author":2,"featured_media":0,"parent":662,"menu_order":17,"comment_status":"closed","ping_status":"closed","template":"","meta":{"footnotes":""},"class_list":["post-4121","page","type-page","status-publish","hentry"],"jetpack_sharing_enabled":true,"_links":{"self":[{"href":"https:\/\/wp.pop-verlag.com\/index.php?rest_route=\/wp\/v2\/pages\/4121","targetHints":{"allow":["GET"]}}],"collection":[{"href":"https:\/\/wp.pop-verlag.com\/index.php?rest_route=\/wp\/v2\/pages"}],"about":[{"href":"https:\/\/wp.pop-verlag.com\/index.php?rest_route=\/wp\/v2\/types\/page"}],"author":[{"embeddable":true,"href":"https:\/\/wp.pop-verlag.com\/index.php?rest_route=\/wp\/v2\/users\/2"}],"replies":[{"embeddable":true,"href":"https:\/\/wp.pop-verlag.com\/index.php?rest_route=%2Fwp%2Fv2%2Fcomments&post=4121"}],"version-history":[{"count":4,"href":"https:\/\/wp.pop-verlag.com\/index.php?rest_route=\/wp\/v2\/pages\/4121\/revisions"}],"predecessor-version":[{"id":4130,"href":"https:\/\/wp.pop-verlag.com\/index.php?rest_route=\/wp\/v2\/pages\/4121\/revisions\/4130"}],"up":[{"embeddable":true,"href":"https:\/\/wp.pop-verlag.com\/index.php?rest_route=\/wp\/v2\/pages\/662"}],"wp:attachment":[{"href":"https:\/\/wp.pop-verlag.com\/index.php?rest_route=%2Fwp%2Fv2%2Fmedia&parent=4121"}],"curies":[{"name":"wp","href":"https:\/\/api.w.org\/{rel}","templated":true}]}}

Mićo Cvijetić

<p><img loading="lazy" decoding="async" class="alignleft wp-image-4101 size-medium" src="https://wp.pop-verlag.com/wp-content/uploads/2019/03/Mico-Cvetic-188x300.jpg" alt="" width="188" height="300" srcset="https://wp.pop-verlag.com/wp-content/uploads/2019/03/Mico-Cvetic-188x300.jpg 188w, https://wp.pop-verlag.com/wp-content/uploads/2019/03/Mico-Cvetic-768x1225.jpg 768w, https://wp.pop-verlag.com/wp-content/uploads/2019/03/Mico-Cvetic-642x1024.jpg 642w, https://wp.pop-verlag.com/wp-content/uploads/2019/03/Mico-Cvetic.jpg 1181w" sizes="auto, (max-width: 188px) 100vw, 188px" /><a href="https://wp.pop-verlag.com/?page_id=4121"><strong>Mićo Cvijetić</strong></a>, *1946 in Kušlat bei Foča, in der heutigen Republika Srpska (Bosnien-Herzegowina). Er studierte jugoslawische Literaturgeschichte und Serbokroatisch an der Philosophischen Fakultät der Universität Sarajevo, wo er auch das Magister-Studium abschloss. 1978-1982 war er Gastlektor für Serbisch und Kroatisch an der Universität Leipzig. Seine Doktorarbeit über die literarischen Beziehungen zwischen den Lausitzer Sorben und den Südslawen (von den Anfängen bis 1918) verteidigte er 1989 an der Universität Belgrad (publiziert in Novi Sad 1995). Er war danach als Dozent sowie als Journalist und Kulturredakteur bei Radio Sarajevo tätig. Seit Ausbruch des Krieges in Bosnien 1992 lebt der Serbe in Belgrad. Er arbeitete bei Radio Beograd und bei der Tageszeitung „Borba“ (Kampf), wo er – 1995-2005 – für die Literaturbeilage „Svet knjige“ (Welt der Bücher) verantwortlich war. Seitdem ist er Chefredakteur des Periodikums „Književne novine“ (Literarische Zeitung), das der Schriftstellerverband Serbiens herausgibt. Neben der Mitgliedschaft in diesem Verband gehört er der Vereinigung serbischer Journalisten und der Matica srpska sowie der Slawischen literarischen und künstlerischen Akademie in Varna (Bulgarien) an.</p>
<p>Lieferbare Titel von <a href="https://wp.pop-verlag.com/?page_id=4121"><strong>Mićo Cvijetić</strong></a>:</p>
<p><strong>&#8211; Donjebjesspěće / Himmelfahrt.</strong> Basnje / serbsce-němsce. Gedichte / sorbisch-deutsch. Lyrikreihe Bd. 126; ISBN 978-3-86356-260-1; 96 Seiten, €[D]14,50</p>
<p>&nbsp;</p>

<p>Mićo Cvijetić, *1946 in Kušlat bei Foča, in der heutigen Republika Srpska (Bosnien-Herzegowina). Er studierte jugoslawische Literaturgeschichte und Serbokroatisch an der Philosophischen Fakultät der Universität Sarajevo, wo er auch das Magister-Studium abschloss. 1978-1982 war er Gastlektor für Serbisch und Kroatisch &hellip; <a class="more-link" href="https://wp.pop-verlag.com/?page_id=4121">Weiterlesen <span class="meta-nav">&rarr;</span></a></p>
