{"id":4082,"date":"2019-03-17T08:06:56","date_gmt":"2019-03-17T08:06:56","guid":{"rendered":"https:\/\/wp.pop-verlag.com\/?page_id=4082"},"modified":"2019-03-17T11:39:55","modified_gmt":"2019-03-17T11:39:55","slug":"goderdsi-tschocheli","status":"publish","type":"page","link":"https:\/\/wp.pop-verlag.com\/?page_id=4082","title":{"rendered":"Goderdsi Tschocheli"},"content":{"rendered":"<p><strong><img loading=\"lazy\" decoding=\"async\" class=\"alignleft wp-image-4083 size-medium\" src=\"https:\/\/wp.pop-verlag.com\/wp-content\/uploads\/2019\/03\/Goderdzi-Tschocheli-2-300x185.jpg\" alt=\"\" width=\"300\" height=\"185\" srcset=\"https:\/\/wp.pop-verlag.com\/wp-content\/uploads\/2019\/03\/Goderdzi-Tschocheli-2-300x185.jpg 300w, https:\/\/wp.pop-verlag.com\/wp-content\/uploads\/2019\/03\/Goderdzi-Tschocheli-2-768x473.jpg 768w, https:\/\/wp.pop-verlag.com\/wp-content\/uploads\/2019\/03\/Goderdzi-Tschocheli-2-1024x630.jpg 1024w, https:\/\/wp.pop-verlag.com\/wp-content\/uploads\/2019\/03\/Goderdzi-Tschocheli-2-487x300.jpg 487w\" sizes=\"auto, (max-width: 300px) 100vw, 300px\" \/><a href=\"https:\/\/wp.pop-verlag.com\/?page_id=4082\">Goderdsi Tschocheli<\/a><\/strong> ist am 2. Oktober 1954 in Tschochi, Region Duscheti geboren. In diesem Dorf besuchte er die Grundschule und vier weitere Oberstufenjahre. Sein Abitur legte er in Pasanauri ab und 1972 die Aufnahmepr\u00fcfungen an der Staatlichen Schota-Rustaweli-Theaterhochschule.<br \/>\nDiese absolvierte er 1979 in der Fakult\u00e4t der Kinematografie und drehte um die zehn Kinofilme, von denen einige mit hoch angesehenen Preisen ausgezeichnet wurden. In dem gleichen Jahr wurde er im Filmstudio \u201eGeorgischer Film\u201c als Regisseur engagiert. Nach 1980 war er Mitglied im Verein der Filmregisseure und nach 1981 im Schriftstellerverband. Nachdem 1980 sein Erz\u00e4hlband \u201eBriefwechsel mit einem Fisch\u201c ver\u00f6ffentlicht worden war, wurde Goderdsi Tschocheli ber\u00fchmt sowohl als Schriftsteller als auch als Regisseur. Das Buch wurde gleich 1981 ins Russische \u00fcbersetzt. 1982 bekam er auf dem internationalen Filmfestival in Oberhausen den ersten Preis f\u00fcr seinen Kurzfilm. Seine Romane \u201eDer Kummer der Menschheit\u201c (1984), \u201eDas Gebet des Pfarrers\u201c (1990), \u201eDer Wolf\u201c (1988), Gedichte und kurze Prosast\u00fccke setzen die Traditionen der klassischen georgischen Literatur fort. Seine Werke sind in mehrere Sprachen \u00fcbersetzt. In den letzten Jahren seines Lebens litt der Autor stark unter Depressionen. Goserdsi Tschicheli starb 2007 und ist in Mzcheta im Hof des Nonnenklosters beerdigt.<\/p>\n<p>Lieferbare Titel von<strong><a href=\"https:\/\/wp.pop-verlag.com\/?page_id=4082\">\u00a0Goderdsi Tschocheli:<\/a><\/strong><\/p>\n<ul>\n<li><a href=\"https:\/\/wp.pop-verlag.com\/?p=4077\"><strong>Eine Kr\u00e4he f\u00fcr zwei<\/strong>.<\/a> Erz\u00e4hlungen. Ausgew\u00e4hlt von Dato Barbakadse. Aus dem Georgischen \u00fcbersetzt von Maja Lisowski. Kaukasische Bibliothek.\u00a0Hrsg. <a href=\"http:\/\/wp.pop-verlag.com\/?page_id=1216\">Uli Rothfuss<\/a> und <a href=\"http:\/\/wp.pop-verlag.com\/?page_id=2088\">Traian Pop<\/a>. Band 25(Georgien); Die POP-Verlag-Epikreihe, Bd. 98, 176 Seiten, 978-3-86356-232-8; \u20ac [D]16,50<\/li>\n<\/ul>\n","protected":false},"excerpt":{"rendered":"<p>Goderdsi Tschocheli ist am 2. Oktober 1954 in Tschochi, Region Duscheti geboren. In diesem Dorf besuchte er die Grundschule und vier weitere Oberstufenjahre. Sein Abitur legte er in Pasanauri ab und 1972 die Aufnahmepr\u00fcfungen an der Staatlichen Schota-Rustaweli-Theaterhochschule. Diese absolvierte &hellip; <a class=\"more-link\" href=\"https:\/\/wp.pop-verlag.com\/?page_id=4082\">Weiterlesen <span class=\"meta-nav\">&rarr;<\/span><\/a><\/p>\n","protected":false},"author":2,"featured_media":0,"parent":679,"menu_order":9,"comment_status":"closed","ping_status":"closed","template":"","meta":{"footnotes":""},"class_list":["post-4082","page","type-page","status-publish","hentry"],"jetpack_sharing_enabled":true,"_links":{"self":[{"href":"https:\/\/wp.pop-verlag.com\/index.php?rest_route=\/wp\/v2\/pages\/4082","targetHints":{"allow":["GET"]}}],"collection":[{"href":"https:\/\/wp.pop-verlag.com\/index.php?rest_route=\/wp\/v2\/pages"}],"about":[{"href":"https:\/\/wp.pop-verlag.com\/index.php?rest_route=\/wp\/v2\/types\/page"}],"author":[{"embeddable":true,"href":"https:\/\/wp.pop-verlag.com\/index.php?rest_route=\/wp\/v2\/users\/2"}],"replies":[{"embeddable":true,"href":"https:\/\/wp.pop-verlag.com\/index.php?rest_route=%2Fwp%2Fv2%2Fcomments&post=4082"}],"version-history":[{"count":3,"href":"https:\/\/wp.pop-verlag.com\/index.php?rest_route=\/wp\/v2\/pages\/4082\/revisions"}],"predecessor-version":[{"id":4088,"href":"https:\/\/wp.pop-verlag.com\/index.php?rest_route=\/wp\/v2\/pages\/4082\/revisions\/4088"}],"up":[{"embeddable":true,"href":"https:\/\/wp.pop-verlag.com\/index.php?rest_route=\/wp\/v2\/pages\/679"}],"wp:attachment":[{"href":"https:\/\/wp.pop-verlag.com\/index.php?rest_route=%2Fwp%2Fv2%2Fmedia&parent=4082"}],"curies":[{"name":"wp","href":"https:\/\/api.w.org\/{rel}","templated":true}]}}