{"id":4060,"date":"2019-03-17T06:25:31","date_gmt":"2019-03-17T06:25:31","guid":{"rendered":"https:\/\/wp.pop-verlag.com\/?page_id=4060"},"modified":"2019-03-17T07:07:55","modified_gmt":"2019-03-17T07:07:55","slug":"hans-bender","status":"publish","type":"page","link":"https:\/\/wp.pop-verlag.com\/?page_id=4060","title":{"rendered":"Hans Bender"},"content":{"rendered":"<p><a href=\"https:\/\/wp.pop-verlag.com\/?page_id=4060\"><strong>\u00a0Hans Bender<\/strong><\/a> wurde am 1. Juli 1919 in M\u00fchlhausen (Kraichgau) geboren und lebte von<br \/>\n1959 bis 2015 in K\u00f6ln. Seit 1951 publizierte er zahlreiche B\u00fccher mit Gedichten, Kurzgeschichten<br \/>\nund Aufzeichnungen sowie zwei Romane. In den letzten beiden Lebensjahrzehnten<br \/>\nschrieb Bender in erster Linie Vierzeiler, ver\u00f6ffentlicht in Verweilen, gehen (Rimbaud<br \/>\nVerlag, Aachen 2003), Wie es kommen wird und Auf meine Art (Carl Hanser Verlag, M\u00fcnchen<br \/>\n2009 bzw. 2012). Zuletzt erschienen Briefwechsel (mit Elias Canetti), Anf\u00e4nge sind sch\u00f6n<br \/>\n(Briefwechsel mit Hermann Lenz), die autobiographische Prosa Vom Leben, Schreiben und<br \/>\nHerausgeben sowie der Erz\u00e4hlband Der Junge, der Asta Nielsen sah (Rimbaud 2016, 2018 und<br \/>\n2019). Hans Bender war Mitbegr\u00fcnder und langj\u00e4hriger (Mit-)Herausgeber der Literaturzeitschrift<br \/>\nAkzente und edierte wegweisende Anthologien, darunter Mein Gedicht ist mein<br \/>\nMesser (1955\/1961), Widerspiel (1961), In diesem Lande leben wir (1978) und Was sind das f\u00fcr<br \/>\nZeiten (1988). Bender war Mitglied der Akademie der K\u00fcnste in Berlin und der Akademie<br \/>\nder Wissenschaften und der Literatur in Mainz. Er erhielt zahlreiche Auszeichnungen,<br \/>\nzuletzt den Kulturpreis der Stadt K\u00f6ln (2000) sowie die Ehrengabe der Deutschen Schillerstiftung<br \/>\nin Weimar (2006). Hans Bender starb am 28. Mai 2015 in K\u00f6ln und wurde in<br \/>\neinem Ehrengrab auf dem Friedhof in M\u00fchlhausen beigesetzt.<\/p>\n<p>Lieferbare Titel von <strong><a href=\"https:\/\/wp.pop-verlag.com\/?page_id=4060\">Hans Bender<\/a>:<\/strong><\/p>\n<ul>\n<li>Matrix 29.<strong> Jeder auf seine Art f\u00fcr Hans Bender<\/strong> (2012). Herausgegeben von <a href=\"https:\/\/wp.pop-verlag.com\/?page_id=1087\"><strong>Theo Breuer<\/strong><\/a>.<\/li>\n<li>\u00a0<a href=\"https:\/\/wp.pop-verlag.com\/?p=4064\"><strong>Hinter die dunkle T\u00fcr<\/strong><\/a>. Vierzeiler 2013 \u2013 2015.\u00a0 mit Vorwort und <em>Gespr\u00e4ch mit Hans Bender<\/em> herausgegeben von <a href=\"https:\/\/wp.pop-verlag.com\/?page_id=1087\"><strong>Theo Breuer<\/strong><\/a>. Lyrikreihe Bd. 125; ISBN 978-3-86356-257-1; 137 Seiten, \u20ac[D]14,90<\/li>\n<\/ul>\n<p>&nbsp;<\/p>\n<p>&nbsp;<\/p>\n","protected":false},"excerpt":{"rendered":"<p>\u00a0Hans Bender wurde am 1. Juli 1919 in M\u00fchlhausen (Kraichgau) geboren und lebte von 1959 bis 2015 in K\u00f6ln. Seit 1951 publizierte er zahlreiche B\u00fccher mit Gedichten, Kurzgeschichten und Aufzeichnungen sowie zwei Romane. In den letzten beiden Lebensjahrzehnten schrieb Bender &hellip; <a class=\"more-link\" href=\"https:\/\/wp.pop-verlag.com\/?page_id=4060\">Weiterlesen <span class=\"meta-nav\">&rarr;<\/span><\/a><\/p>\n","protected":false},"author":2,"featured_media":0,"parent":660,"menu_order":3,"comment_status":"closed","ping_status":"closed","template":"","meta":{"footnotes":""},"class_list":["post-4060","page","type-page","status-publish","hentry"],"jetpack_sharing_enabled":true,"_links":{"self":[{"href":"https:\/\/wp.pop-verlag.com\/index.php?rest_route=\/wp\/v2\/pages\/4060","targetHints":{"allow":["GET"]}}],"collection":[{"href":"https:\/\/wp.pop-verlag.com\/index.php?rest_route=\/wp\/v2\/pages"}],"about":[{"href":"https:\/\/wp.pop-verlag.com\/index.php?rest_route=\/wp\/v2\/types\/page"}],"author":[{"embeddable":true,"href":"https:\/\/wp.pop-verlag.com\/index.php?rest_route=\/wp\/v2\/users\/2"}],"replies":[{"embeddable":true,"href":"https:\/\/wp.pop-verlag.com\/index.php?rest_route=%2Fwp%2Fv2%2Fcomments&post=4060"}],"version-history":[{"count":6,"href":"https:\/\/wp.pop-verlag.com\/index.php?rest_route=\/wp\/v2\/pages\/4060\/revisions"}],"predecessor-version":[{"id":4075,"href":"https:\/\/wp.pop-verlag.com\/index.php?rest_route=\/wp\/v2\/pages\/4060\/revisions\/4075"}],"up":[{"embeddable":true,"href":"https:\/\/wp.pop-verlag.com\/index.php?rest_route=\/wp\/v2\/pages\/660"}],"wp:attachment":[{"href":"https:\/\/wp.pop-verlag.com\/index.php?rest_route=%2Fwp%2Fv2%2Fmedia&parent=4060"}],"curies":[{"name":"wp","href":"https:\/\/api.w.org\/{rel}","templated":true}]}}

<p><a href="https://wp.pop-verlag.com/?page_id=4060"><strong> Hans Bender</strong></a> wurde am 1. Juli 1919 in Mühlhausen (Kraichgau) geboren und lebte von<br />
1959 bis 2015 in Köln. Seit 1951 publizierte er zahlreiche Bücher mit Gedichten, Kurzgeschichten<br />
und Aufzeichnungen sowie zwei Romane. In den letzten beiden Lebensjahrzehnten<br />
schrieb Bender in erster Linie Vierzeiler, veröffentlicht in Verweilen, gehen (Rimbaud<br />
Verlag, Aachen 2003), Wie es kommen wird und Auf meine Art (Carl Hanser Verlag, München<br />
2009 bzw. 2012). Zuletzt erschienen Briefwechsel (mit Elias Canetti), Anfänge sind schön<br />
(Briefwechsel mit Hermann Lenz), die autobiographische Prosa Vom Leben, Schreiben und<br />
Herausgeben sowie der Erzählband Der Junge, der Asta Nielsen sah (Rimbaud 2016, 2018 und<br />
2019). Hans Bender war Mitbegründer und langjähriger (Mit-)Herausgeber der Literaturzeitschrift<br />
Akzente und edierte wegweisende Anthologien, darunter Mein Gedicht ist mein<br />
Messer (1955/1961), Widerspiel (1961), In diesem Lande leben wir (1978) und Was sind das für<br />
Zeiten (1988). Bender war Mitglied der Akademie der Künste in Berlin und der Akademie<br />
der Wissenschaften und der Literatur in Mainz. Er erhielt zahlreiche Auszeichnungen,<br />
zuletzt den Kulturpreis der Stadt Köln (2000) sowie die Ehrengabe der Deutschen Schillerstiftung<br />
in Weimar (2006). Hans Bender starb am 28. Mai 2015 in Köln und wurde in<br />
einem Ehrengrab auf dem Friedhof in Mühlhausen beigesetzt.</p>
<p>Lieferbare Titel von <strong><a href="https://wp.pop-verlag.com/?page_id=4060">Hans Bender</a>:</strong></p>
<ul>
<li>Matrix 29.<strong> Jeder auf seine Art für Hans Bender</strong> (2012). Herausgegeben von <a href="https://wp.pop-verlag.com/?page_id=1087"><strong>Theo Breuer</strong></a>.</li>
<li> <a href="https://wp.pop-verlag.com/?p=4064"><strong>Hinter die dunkle Tür</strong></a>. Vierzeiler 2013 – 2015.  mit Vorwort und <em>Gespräch mit Hans Bender</em> herausgegeben von <a href="https://wp.pop-verlag.com/?page_id=1087"><strong>Theo Breuer</strong></a>. Lyrikreihe Bd. 125; ISBN 978-3-86356-257-1; 137 Seiten, €[D]14,90</li>
</ul>
<p>&nbsp;</p>
<p>&nbsp;</p>

<p> Hans Bender wurde am 1. Juli 1919 in Mühlhausen (Kraichgau) geboren und lebte von 1959 bis 2015 in Köln. Seit 1951 publizierte er zahlreiche Bücher mit Gedichten, Kurzgeschichten und Aufzeichnungen sowie zwei Romane. In den letzten beiden Lebensjahrzehnten schrieb Bender &hellip; <a class="more-link" href="https://wp.pop-verlag.com/?page_id=4060">Weiterlesen <span class="meta-nav">&rarr;</span></a></p>
