{"id":3775,"date":"2018-11-06T18:32:53","date_gmt":"2018-11-06T18:32:53","guid":{"rendered":"https:\/\/wp.pop-verlag.com\/?page_id=3775"},"modified":"2018-11-06T18:33:48","modified_gmt":"2018-11-06T18:33:48","slug":"markus-berger","status":"publish","type":"page","link":"https:\/\/wp.pop-verlag.com\/?page_id=3775","title":{"rendered":"Markus Berger"},"content":{"rendered":"<p><b><span style=\"font-size: medium;\"><img loading=\"lazy\" decoding=\"async\" class=\"alignleft wp-image-3776 size-medium\" src=\"https:\/\/wp.pop-verlag.com\/wp-content\/uploads\/2018\/11\/Berger_2_1-210x300.gif\" alt=\"\" width=\"210\" height=\"300\" \/><\/span><\/b><a href=\"https:\/\/wp.pop-verlag.com\/?page_id=3775\"><span style=\"font-size: medium;\">Markus Berger<\/span><\/a><span style=\"font-size: medium;\">, * 1974 in Kassel, lebt als freischaffender Sprachk\u00fcnstler, Schriftsteller, Journalist und Lektor im nordhessischen Felsberg. Seine sch\u00f6ngeistigen St\u00fccke finden sich in Literaturzeit-schriften, u.a. in \u201eL. &#8211; Literaturbote\u201c, \u201ePerspektive\u201c, \u201eDichtungsring\u201c, \u201eMATRiX\u201c, \u201eau\u00dfer.dem\u201c, \u201eFreitext\u201c, \u201eDUM\u201c, \u201eSterz\u201c und \u201eDas Dosierte Leben\u201c. Berger ist zudem Autor von zahlreichen B\u00fcchern, Buchbeitr\u00e4gen, Aufs\u00e4tzen, Artikeln, Rezensionen und Essays zu verschiedenen Themen, die im In- und Ausland verlegt und publiziert werden.<\/span><\/p>\n<p>&nbsp;<\/p>\n<p>Lieferbare Titel von <a href=\"https:\/\/wp.pop-verlag.com\/?page_id=3775\">Markus Berger<\/a><b>:<\/b><\/p>\n<p><b> &#8211; <\/b><strong><a href=\"https:\/\/wp.pop-verlag.com\/?p=3769\">Kopftornado. Oder: Tick, Stein! <\/a><\/strong> (EPIK- Sammlung); 64\u00a0Seiten, ISBN: 978-3-937139-51-7, Preis: \u20ac[D] 9,90<\/p>\n","protected":false},"excerpt":{"rendered":"<p>Markus Berger, * 1974 in Kassel, lebt als freischaffender Sprachk\u00fcnstler, Schriftsteller, Journalist und Lektor im nordhessischen Felsberg. Seine sch\u00f6ngeistigen St\u00fccke finden sich in Literaturzeit-schriften, u.a. in \u201eL. &#8211; Literaturbote\u201c, \u201ePerspektive\u201c, \u201eDichtungsring\u201c, \u201eMATRiX\u201c, \u201eau\u00dfer.dem\u201c, \u201eFreitext\u201c, \u201eDUM\u201c, \u201eSterz\u201c und \u201eDas Dosierte Leben\u201c. &hellip; <a class=\"more-link\" href=\"https:\/\/wp.pop-verlag.com\/?page_id=3775\">Weiterlesen <span class=\"meta-nav\">&rarr;<\/span><\/a><\/p>\n","protected":false},"author":2,"featured_media":0,"parent":660,"menu_order":3,"comment_status":"closed","ping_status":"closed","template":"","meta":{"footnotes":""},"class_list":["post-3775","page","type-page","status-publish","hentry"],"jetpack_sharing_enabled":true,"_links":{"self":[{"href":"https:\/\/wp.pop-verlag.com\/index.php?rest_route=\/wp\/v2\/pages\/3775","targetHints":{"allow":["GET"]}}],"collection":[{"href":"https:\/\/wp.pop-verlag.com\/index.php?rest_route=\/wp\/v2\/pages"}],"about":[{"href":"https:\/\/wp.pop-verlag.com\/index.php?rest_route=\/wp\/v2\/types\/page"}],"author":[{"embeddable":true,"href":"https:\/\/wp.pop-verlag.com\/index.php?rest_route=\/wp\/v2\/users\/2"}],"replies":[{"embeddable":true,"href":"https:\/\/wp.pop-verlag.com\/index.php?rest_route=%2Fwp%2Fv2%2Fcomments&post=3775"}],"version-history":[{"count":3,"href":"https:\/\/wp.pop-verlag.com\/index.php?rest_route=\/wp\/v2\/pages\/3775\/revisions"}],"predecessor-version":[{"id":3779,"href":"https:\/\/wp.pop-verlag.com\/index.php?rest_route=\/wp\/v2\/pages\/3775\/revisions\/3779"}],"up":[{"embeddable":true,"href":"https:\/\/wp.pop-verlag.com\/index.php?rest_route=\/wp\/v2\/pages\/660"}],"wp:attachment":[{"href":"https:\/\/wp.pop-verlag.com\/index.php?rest_route=%2Fwp%2Fv2%2Fmedia&parent=3775"}],"curies":[{"name":"wp","href":"https:\/\/api.w.org\/{rel}","templated":true}]}}

<p><b><span style="font-size: medium;"><img loading="lazy" decoding="async" class="alignleft wp-image-3776 size-medium" src="https://wp.pop-verlag.com/wp-content/uploads/2018/11/Berger_2_1-210x300.gif" alt="" width="210" height="300" /></span></b><a href="https://wp.pop-verlag.com/?page_id=3775"><span style="font-size: medium;">Markus Berger</span></a><span style="font-size: medium;">, * 1974 in Kassel, lebt als freischaffender Sprachkünstler, Schriftsteller, Journalist und Lektor im nordhessischen Felsberg. Seine schöngeistigen Stücke finden sich in Literaturzeit-schriften, u.a. in „L. &#8211; Literaturbote“, „Perspektive“, „Dichtungsring“, „MATRiX“, „außer.dem“, „Freitext“, „DUM“, „Sterz“ und „Das Dosierte Leben“. Berger ist zudem Autor von zahlreichen Büchern, Buchbeiträgen, Aufsätzen, Artikeln, Rezensionen und Essays zu verschiedenen Themen, die im In- und Ausland verlegt und publiziert werden.</span></p>
<p>&nbsp;</p>
<p>Lieferbare Titel von <a href="https://wp.pop-verlag.com/?page_id=3775">Markus Berger</a><b>:</b></p>
<p><b> &#8211; </b><strong><a href="https://wp.pop-verlag.com/?p=3769">Kopftornado. Oder: Tick, Stein! </a></strong> (EPIK- Sammlung); 64 Seiten, ISBN: 978-3-937139-51-7, Preis: €[D] 9,90</p>

<p>Markus Berger, * 1974 in Kassel, lebt als freischaffender Sprachkünstler, Schriftsteller, Journalist und Lektor im nordhessischen Felsberg. Seine schöngeistigen Stücke finden sich in Literaturzeit-schriften, u.a. in „L. &#8211; Literaturbote“, „Perspektive“, „Dichtungsring“, „MATRiX“, „außer.dem“, „Freitext“, „DUM“, „Sterz“ und „Das Dosierte Leben“. &hellip; <a class="more-link" href="https://wp.pop-verlag.com/?page_id=3775">Weiterlesen <span class="meta-nav">&rarr;</span></a></p>
