{"id":3597,"date":"2018-10-04T18:05:49","date_gmt":"2018-10-04T18:05:49","guid":{"rendered":"https:\/\/wp.pop-verlag.com\/?page_id=3597"},"modified":"2018-10-04T18:12:44","modified_gmt":"2018-10-04T18:12:44","slug":"mark-behrens","status":"publish","type":"page","link":"https:\/\/wp.pop-verlag.com\/?page_id=3597","title":{"rendered":"Mark Behrens"},"content":{"rendered":"<p><img loading=\"lazy\" decoding=\"async\" class=\"alignleft wp-image-3598 size-medium\" src=\"https:\/\/wp.pop-verlag.com\/wp-content\/uploads\/2018\/10\/Mark-Behrens-300x284.jpg\" alt=\"\" width=\"300\" height=\"284\" srcset=\"https:\/\/wp.pop-verlag.com\/wp-content\/uploads\/2018\/10\/Mark-Behrens-300x284.jpg 300w, https:\/\/wp.pop-verlag.com\/wp-content\/uploads\/2018\/10\/Mark-Behrens-317x300.jpg 317w, https:\/\/wp.pop-verlag.com\/wp-content\/uploads\/2018\/10\/Mark-Behrens.jpg 428w\" sizes=\"auto, (max-width: 300px) 100vw, 300px\" \/><a href=\"https:\/\/wp.pop-verlag.com\/?page_id=3597\"><strong>Mark Behrens<\/strong><\/a>, geboren 1973 in Minden, studierte Literaturwissenschaft an der Universit\u00e4t Bielefeld. Abschlie\u00dfend promovierte er \u00fcber die Baudelaire-\u00dcbersetzungen der Eheleute Bruns. Er ist Mitarbeiter bei der 3. Auflage des Kindler-Literaturlexikons und schreibt f\u00fcrs kritische Lexikon zur deutschsprachigen Gegenwartsliteratur (KLG). Seit 2009 ist er Mitglied der europ\u00e4ischen Autorenvereinigung Die Kogge, seit 2015 auch des VS und arbeitet als Schriftsteller, Kritiker und Dozent. Neben zahlreichen Beitr\u00e4gen f\u00fcr Literaturzeitschriften, Anthologien und Fachlexika erschien 2013 sein Deb\u00fctroman Zwei Seiten, 2014 das Sachbuch Charles Baudelaire bei Max und Margarete Bruns.<\/p>\n<p>Lieferbare Titel von <a href=\"https:\/\/wp.pop-verlag.com\/?page_id=3597\"><strong>Mark Behrens<\/strong><\/a>:<\/p>\n<p>&#8211; <strong>Zwei Seiten<\/strong>. Roman. Prima Verba Epik<br \/>\nAusgezeichnet mit dem Epik Deb\u00fctpreis 2013; ISBN 978-3-86356-071-3; 239 Seiten, \u20ac [D]15,99<\/p>\n<p>&#8211; <strong><a href=\"https:\/\/wp.pop-verlag.com\/?p=375\">Charles Baudelaire bei Max und Margarete Bruns<\/a><\/strong>. Pop Universitas. 262 Seiten,\u00a0ISBN 978-3-86356-084-3;\u00a0 \u20ac [D]18,20<\/p>\n<p>&#8211; <strong><a href=\"https:\/\/wp.pop-verlag.com\/?p=3582\">Chim\u00e4ren und andere Seltsamkeiten<\/a>.<\/strong> Gedichte und Geschichten. Pop Lyrik. ISBN: 978-3-86356-243-4, 102 Seiten, \u20ac [D]14,50<\/p>\n","protected":false},"excerpt":{"rendered":"<p>Mark Behrens, geboren 1973 in Minden, studierte Literaturwissenschaft an der Universit\u00e4t Bielefeld. Abschlie\u00dfend promovierte er \u00fcber die Baudelaire-\u00dcbersetzungen der Eheleute Bruns. Er ist Mitarbeiter bei der 3. Auflage des Kindler-Literaturlexikons und schreibt f\u00fcrs kritische Lexikon zur deutschsprachigen Gegenwartsliteratur (KLG). Seit &hellip; <a class=\"more-link\" href=\"https:\/\/wp.pop-verlag.com\/?page_id=3597\">Weiterlesen <span class=\"meta-nav\">&rarr;<\/span><\/a><\/p>\n","protected":false},"author":2,"featured_media":0,"parent":660,"menu_order":7,"comment_status":"closed","ping_status":"closed","template":"","meta":{"footnotes":""},"class_list":["post-3597","page","type-page","status-publish","hentry"],"jetpack_sharing_enabled":true,"_links":{"self":[{"href":"https:\/\/wp.pop-verlag.com\/index.php?rest_route=\/wp\/v2\/pages\/3597","targetHints":{"allow":["GET"]}}],"collection":[{"href":"https:\/\/wp.pop-verlag.com\/index.php?rest_route=\/wp\/v2\/pages"}],"about":[{"href":"https:\/\/wp.pop-verlag.com\/index.php?rest_route=\/wp\/v2\/types\/page"}],"author":[{"embeddable":true,"href":"https:\/\/wp.pop-verlag.com\/index.php?rest_route=\/wp\/v2\/users\/2"}],"replies":[{"embeddable":true,"href":"https:\/\/wp.pop-verlag.com\/index.php?rest_route=%2Fwp%2Fv2%2Fcomments&post=3597"}],"version-history":[{"count":3,"href":"https:\/\/wp.pop-verlag.com\/index.php?rest_route=\/wp\/v2\/pages\/3597\/revisions"}],"predecessor-version":[{"id":3601,"href":"https:\/\/wp.pop-verlag.com\/index.php?rest_route=\/wp\/v2\/pages\/3597\/revisions\/3601"}],"up":[{"embeddable":true,"href":"https:\/\/wp.pop-verlag.com\/index.php?rest_route=\/wp\/v2\/pages\/660"}],"wp:attachment":[{"href":"https:\/\/wp.pop-verlag.com\/index.php?rest_route=%2Fwp%2Fv2%2Fmedia&parent=3597"}],"curies":[{"name":"wp","href":"https:\/\/api.w.org\/{rel}","templated":true}]}}