{"id":3419,"date":"2018-07-26T05:14:03","date_gmt":"2018-07-26T05:14:03","guid":{"rendered":"https:\/\/wp.pop-verlag.com\/?page_id=3419"},"modified":"2018-07-26T05:21:32","modified_gmt":"2018-07-26T05:21:32","slug":"romanita-constantinescu","status":"publish","type":"page","link":"https:\/\/wp.pop-verlag.com\/?page_id=3419","title":{"rendered":"Romani\u0163a Constantinescu"},"content":{"rendered":"<p><a href=\"https:\/\/wp.pop-verlag.com\/?page_id=3419\"><strong>Romani\u0163a Constantinescu<\/strong><\/a>, Studium der Rum\u00e4nistik und Germanistik an der Philologischen Fakult\u00e4t der Universit\u00e4t Bukarest. Promotion an der Albert-Ludwigs-Universit\u00e4t Freiburg i. Brsg. (1998). Dozentin f\u00fcr allgemeine und vergleichende Literaturwissenschaft an der Philologischen Fakult\u00e4t der Universit\u00e4t Bukarest (1994-). Weitere Lehraufenhalte: Lektorin f\u00fcr Rum\u00e4nisch an der Universit\u00e4t zu K\u00f6ln (1998-2000), Gastprofessur f\u00fcr Rum\u00e4nische Literatur- und Medienwissenschaft an der Universit\u00e4t Wien (2004-2005), Seit 2008 Stiftungslektorin f\u00fcr Rum\u00e4nisch an der Ruprecht-Karls-Universit\u00e4t Heidelberg. Ver\u00f6ffentlichungen: &#8222;Selbstverm\u00f6glichungs-strategien des Erz\u00e4hlers im modernen Roman&#8220;, Frankfurt am Main: Peter Lang, 1998; &#8222;Pa\u015fi pe grani\u0163\u0103. Studii despre imaginarul rom\u00e2nesc al frontierei&#8220;, Ia\u015fi: Polirom, 2009; &#8222;Identitate de frontier\u0103 \u00een Europa l\u0103rgit\u0103. Perspective comparate&#8220; (Hg.), Ia\u015fi: Polirom, 2008.<\/p>\n<p>Lieferbare Titel von <strong><a href=\"https:\/\/wp.pop-verlag.com\/?page_id=3419\">Romanita Constantinescu<\/a>:<\/strong><\/p>\n<ul>\n<li><strong> <i><a href=\"https:\/\/wp.pop-verlag.com\/?p=3413\">Im kalten Schatten der Erinnerung<\/a><a href=\"https:\/\/traian.pop-verlag.com\/978-3-937139-76-0.htm\">.<\/a><\/i><\/strong> Eine Anthologie zeitgen\u00f6ssischer Prosa aus Rum\u00e4nien.\u00a0 (EPIK- Sammlung); 332\u00a0Seiten, ISBN: <b>978-3-937139-76-0<\/b>, \u20ac[D] 20,00<\/li>\n<\/ul>\n","protected":false},"excerpt":{"rendered":"<p>Romani\u0163a Constantinescu, Studium der Rum\u00e4nistik und Germanistik an der Philologischen Fakult\u00e4t der Universit\u00e4t Bukarest. Promotion an der Albert-Ludwigs-Universit\u00e4t Freiburg i. Brsg. (1998). Dozentin f\u00fcr allgemeine und vergleichende Literaturwissenschaft an der Philologischen Fakult\u00e4t der Universit\u00e4t Bukarest (1994-). Weitere Lehraufenhalte: Lektorin f\u00fcr &hellip; <a class=\"more-link\" href=\"https:\/\/wp.pop-verlag.com\/?page_id=3419\">Weiterlesen <span class=\"meta-nav\">&rarr;<\/span><\/a><\/p>\n","protected":false},"author":2,"featured_media":0,"parent":662,"menu_order":11,"comment_status":"closed","ping_status":"closed","template":"","meta":{"footnotes":""},"class_list":["post-3419","page","type-page","status-publish","hentry"],"jetpack_sharing_enabled":true,"_links":{"self":[{"href":"https:\/\/wp.pop-verlag.com\/index.php?rest_route=\/wp\/v2\/pages\/3419","targetHints":{"allow":["GET"]}}],"collection":[{"href":"https:\/\/wp.pop-verlag.com\/index.php?rest_route=\/wp\/v2\/pages"}],"about":[{"href":"https:\/\/wp.pop-verlag.com\/index.php?rest_route=\/wp\/v2\/types\/page"}],"author":[{"embeddable":true,"href":"https:\/\/wp.pop-verlag.com\/index.php?rest_route=\/wp\/v2\/users\/2"}],"replies":[{"embeddable":true,"href":"https:\/\/wp.pop-verlag.com\/index.php?rest_route=%2Fwp%2Fv2%2Fcomments&post=3419"}],"version-history":[{"count":3,"href":"https:\/\/wp.pop-verlag.com\/index.php?rest_route=\/wp\/v2\/pages\/3419\/revisions"}],"predecessor-version":[{"id":3423,"href":"https:\/\/wp.pop-verlag.com\/index.php?rest_route=\/wp\/v2\/pages\/3419\/revisions\/3423"}],"up":[{"embeddable":true,"href":"https:\/\/wp.pop-verlag.com\/index.php?rest_route=\/wp\/v2\/pages\/662"}],"wp:attachment":[{"href":"https:\/\/wp.pop-verlag.com\/index.php?rest_route=%2Fwp%2Fv2%2Fmedia&parent=3419"}],"curies":[{"name":"wp","href":"https:\/\/api.w.org\/{rel}","templated":true}]}}

Romaniţa Constantinescu

<p><a href="https://wp.pop-verlag.com/?page_id=3419"><strong>Romaniţa Constantinescu</strong></a>, Studium der Rumänistik und Germanistik an der Philologischen Fakultät der Universität Bukarest. Promotion an der Albert-Ludwigs-Universität Freiburg i. Brsg. (1998). Dozentin für allgemeine und vergleichende Literaturwissenschaft an der Philologischen Fakultät der Universität Bukarest (1994-). Weitere Lehraufenhalte: Lektorin für Rumänisch an der Universität zu Köln (1998-2000), Gastprofessur für Rumänische Literatur- und Medienwissenschaft an der Universität Wien (2004-2005), Seit 2008 Stiftungslektorin für Rumänisch an der Ruprecht-Karls-Universität Heidelberg. Veröffentlichungen: &#8222;Selbstvermöglichungs-strategien des Erzählers im modernen Roman&#8220;, Frankfurt am Main: Peter Lang, 1998; &#8222;Paşi pe graniţă. Studii despre imaginarul românesc al frontierei&#8220;, Iaşi: Polirom, 2009; &#8222;Identitate de frontieră în Europa lărgită. Perspective comparate&#8220; (Hg.), Iaşi: Polirom, 2008.</p>
<p>Lieferbare Titel von <strong><a href="https://wp.pop-verlag.com/?page_id=3419">Romanita Constantinescu</a>:</strong></p>
<ul>
<li><strong> <i><a href="https://wp.pop-verlag.com/?p=3413">Im kalten Schatten der Erinnerung</a><a href="https://traian.pop-verlag.com/978-3-937139-76-0.htm">.</a></i></strong> Eine Anthologie zeitgenössischer Prosa aus Rumänien.  (EPIK- Sammlung); 332 Seiten, ISBN: <b>978-3-937139-76-0</b>, €[D] 20,00</li>
</ul>

<p>Romaniţa Constantinescu, Studium der Rumänistik und Germanistik an der Philologischen Fakultät der Universität Bukarest. Promotion an der Albert-Ludwigs-Universität Freiburg i. Brsg. (1998). Dozentin für allgemeine und vergleichende Literaturwissenschaft an der Philologischen Fakultät der Universität Bukarest (1994-). Weitere Lehraufenhalte: Lektorin für &hellip; <a class="more-link" href="https://wp.pop-verlag.com/?page_id=3419">Weiterlesen <span class="meta-nav">&rarr;</span></a></p>
