{"id":3374,"date":"2018-06-27T06:52:08","date_gmt":"2018-06-27T06:52:08","guid":{"rendered":"https:\/\/wp.pop-verlag.com\/?page_id=3374"},"modified":"2020-04-05T05:36:20","modified_gmt":"2020-04-05T05:36:20","slug":"nika-jorjaneli","status":"publish","type":"page","link":"https:\/\/wp.pop-verlag.com\/?page_id=3374","title":{"rendered":"Nika Jorjaneli"},"content":{"rendered":"<p><strong><img loading=\"lazy\" decoding=\"async\" class=\"alignleft wp-image-4983 size-medium\" src=\"https:\/\/wp.pop-verlag.com\/wp-content\/uploads\/2020\/04\/Nika-Jorjaneli_1-300x182.jpg\" alt=\"\" width=\"300\" height=\"182\" srcset=\"https:\/\/wp.pop-verlag.com\/wp-content\/uploads\/2020\/04\/Nika-Jorjaneli_1-300x182.jpg 300w, https:\/\/wp.pop-verlag.com\/wp-content\/uploads\/2020\/04\/Nika-Jorjaneli_1-495x300.jpg 495w, https:\/\/wp.pop-verlag.com\/wp-content\/uploads\/2020\/04\/Nika-Jorjaneli_1.jpg 640w\" sizes=\"auto, (max-width: 300px) 100vw, 300px\" \/>\u00a0Nika Jorjaneli<\/strong>, *10.10.1978 in Tbilissi. Dichter. Er studierte an der Staatlichen Universit\u00e4t in Tbilissi Westeurop\u00e4ische Sprachen und Literatur. Er unterrichtete Deutsch an einer deutschen Schule und Georgisch an der Staatlichen Universit\u00e4t f\u00fcr Linguistik in Moskau. 2003, 2008, 2010 und 2014 kamen seine Gedichtb\u00e4nde heraus. Dschordschaneli ist Laureat (Preistr\u00e4ger) des Internationalen Preises \u201eSodruschestwo debiutow\u201c Moskau, 2008.<\/p>\n<p>Lieferbare Titel von <strong><a href=\"https:\/\/wp.pop-verlag.com\/?page_id=3374\">Nika Jorjaneli<\/a><\/strong>:<\/p>\n<ul>\n<li>\u201e<strong><a href=\"http:\/\/wp.pop-verlag.com\/?p=1075\">Ich aber will dem Kaukasos zu..<\/a><\/strong>.\u201c Eine Anthologie georgischer Lyrik. Nach einer Auswahl von Nino Popiaschwili. <span class=\"st\">Buch mit Audio-CD. <\/span>Kaukasische Bibliothek, Band 9. ISBN 978-3-86356-124-6, 578 Seiten, 35,50 \u20ac<\/li>\n<li><a href=\"https:\/\/wp.pop-verlag.com\/?p=3399\"><strong>Roter Schein<\/strong><\/a>. Nachgedichtet von <a href=\"http:\/\/wp.pop-verlag.com\/?page_id=2921\">Sabine Schiffner.<\/a> Kaukasische Bibliothek.\u00a0Hrsg. <a href=\"http:\/\/wp.pop-verlag.com\/?page_id=1216\">Uli Rothfuss<\/a> und <a href=\"http:\/\/wp.pop-verlag.com\/?page_id=2088\">Traian Pop<\/a>. Band 21. (Georgien); 84 Seiten,\u00a0ISBN 978-3-86356-224-3; \u20ac [D]16,50<\/li>\n<\/ul>\n","protected":false},"excerpt":{"rendered":"<p>\u00a0Nika Jorjaneli, *10.10.1978 in Tbilissi. Dichter. Er studierte an der Staatlichen Universit\u00e4t in Tbilissi Westeurop\u00e4ische Sprachen und Literatur. Er unterrichtete Deutsch an einer deutschen Schule und Georgisch an der Staatlichen Universit\u00e4t f\u00fcr Linguistik in Moskau. 2003, 2008, 2010 und 2014 &hellip; <a class=\"more-link\" href=\"https:\/\/wp.pop-verlag.com\/?page_id=3374\">Weiterlesen <span class=\"meta-nav\">&rarr;<\/span><\/a><\/p>\n","protected":false},"author":2,"featured_media":0,"parent":693,"menu_order":2,"comment_status":"closed","ping_status":"closed","template":"","meta":{"footnotes":""},"class_list":["post-3374","page","type-page","status-publish","hentry"],"jetpack_sharing_enabled":true,"_links":{"self":[{"href":"https:\/\/wp.pop-verlag.com\/index.php?rest_route=\/wp\/v2\/pages\/3374","targetHints":{"allow":["GET"]}}],"collection":[{"href":"https:\/\/wp.pop-verlag.com\/index.php?rest_route=\/wp\/v2\/pages"}],"about":[{"href":"https:\/\/wp.pop-verlag.com\/index.php?rest_route=\/wp\/v2\/types\/page"}],"author":[{"embeddable":true,"href":"https:\/\/wp.pop-verlag.com\/index.php?rest_route=\/wp\/v2\/users\/2"}],"replies":[{"embeddable":true,"href":"https:\/\/wp.pop-verlag.com\/index.php?rest_route=%2Fwp%2Fv2%2Fcomments&post=3374"}],"version-history":[{"count":3,"href":"https:\/\/wp.pop-verlag.com\/index.php?rest_route=\/wp\/v2\/pages\/3374\/revisions"}],"predecessor-version":[{"id":4984,"href":"https:\/\/wp.pop-verlag.com\/index.php?rest_route=\/wp\/v2\/pages\/3374\/revisions\/4984"}],"up":[{"embeddable":true,"href":"https:\/\/wp.pop-verlag.com\/index.php?rest_route=\/wp\/v2\/pages\/693"}],"wp:attachment":[{"href":"https:\/\/wp.pop-verlag.com\/index.php?rest_route=%2Fwp%2Fv2%2Fmedia&parent=3374"}],"curies":[{"name":"wp","href":"https:\/\/api.w.org\/{rel}","templated":true}]}}